{"id":24910,"date":"2025-08-01T18:25:32","date_gmt":"2025-08-01T16:25:32","guid":{"rendered":"https:\/\/uj.adatbank.ro\/lexikon\/termek\/wild-endre-wild-janos-endre\/"},"modified":"2025-08-01T18:25:32","modified_gmt":"2025-08-01T16:25:32","slug":"wild-endre-wild-janos-endre","status":"publish","type":"product","link":"https:\/\/uj.adatbank.ro\/lexikon\/termek\/wild-endre-wild-janos-endre\/","title":{"rendered":"WILD Endre, Wild J\u00e1nos Endre"},"content":{"rendered":"<p>Arad, 1882., \u2020 Rio de Janeiro: rendf\u0151n\u00f6k. \u2013 A mv.-i minorita rendf\u0151n\u00f6k. Egy\u00fctt Jaross B\u00e9la ap\u00e1tpl\u00e9b\u00e1nossal, Patrovits K\u00e1lm\u00e1n \u00e9s Lobenschuss J\u00f3zsef m\u00e9rn\u00f6k\u00f6kkel dolgoztak a rendh\u00e1z fennmarad\u00e1sa \u00e9s anyagi talpra\u00e1ll\u00edt\u00e1s\u00e1\u00e9rt. A New York sz\u00e1llod\u00e1t eladta Friedmann M\u00e1rtonnak (1923), akinek hal\u00e1la ut\u00e1n \u00f6r\u00f6k\u00f6sei a v\u00e9tel\u00e1rb\u00f3l m\u00e1sf\u00e9l milli\u00f3 lejt k\u00f6veteltek vissza. <br \/><strong>\u2013 Irod.:<\/strong> Maros megyei m. t\u00f6rt.5.<\/br><\/p>\n","protected":false},"excerpt":{"rendered":"<p>Arad, 1882., \u2020 Rio de Janeiro: rendf\u0151n\u00f6k. \u2013 A mv.-i minorita rendf\u0151n\u00f6k. Egy\u00fctt Jaross B\u00e9la ap\u00e1tpl\u00e9b\u00e1nossal, Patrovits K\u00e1lm\u00e1n \u00e9s Lobenschuss J\u00f3zsef m\u00e9rn\u00f6k\u00f6kkel dolgoztak a rendh\u00e1z fennmarad\u00e1sa \u00e9s anyagi talpra\u00e1ll\u00edt\u00e1s\u00e1\u00e9rt. A New York sz\u00e1llod\u00e1t eladta Friedmann M\u00e1rtonnak (1923), akinek hal\u00e1la ut\u00e1n \u00f6r\u00f6k\u00f6sei a v\u00e9tel\u00e1rb\u00f3l m\u00e1sf\u00e9l milli\u00f3 lejt k\u00f6veteltek vissza. \u2013 Irod.: Maros megyei m. t\u00f6rt.5.<\/p>\n","protected":false},"featured_media":0,"comment_status":"open","ping_status":"closed","template":"","meta":[],"product_brand":[],"product_cat":[137],"product_tag":[],"class_list":{"0":"post-24910","1":"product","2":"type-product","3":"status-publish","5":"product_cat-maros-megyei-eletrajzi-lexikon","7":"first","8":"instock","9":"shipping-taxable","10":"product-type-simple"},"_links":{"self":[{"href":"https:\/\/uj.adatbank.ro\/lexikon\/wp-json\/wp\/v2\/product\/24910","targetHints":{"allow":["GET"]}}],"collection":[{"href":"https:\/\/uj.adatbank.ro\/lexikon\/wp-json\/wp\/v2\/product"}],"about":[{"href":"https:\/\/uj.adatbank.ro\/lexikon\/wp-json\/wp\/v2\/types\/product"}],"replies":[{"embeddable":true,"href":"https:\/\/uj.adatbank.ro\/lexikon\/wp-json\/wp\/v2\/comments?post=24910"}],"wp:attachment":[{"href":"https:\/\/uj.adatbank.ro\/lexikon\/wp-json\/wp\/v2\/media?parent=24910"}],"wp:term":[{"taxonomy":"product_brand","embeddable":true,"href":"https:\/\/uj.adatbank.ro\/lexikon\/wp-json\/wp\/v2\/product_brand?post=24910"},{"taxonomy":"product_cat","embeddable":true,"href":"https:\/\/uj.adatbank.ro\/lexikon\/wp-json\/wp\/v2\/product_cat?post=24910"},{"taxonomy":"product_tag","embeddable":true,"href":"https:\/\/uj.adatbank.ro\/lexikon\/wp-json\/wp\/v2\/product_tag?post=24910"}],"curies":[{"name":"wp","href":"https:\/\/api.w.org\/{rel}","templated":true}]}}

WILD Endre, Wild János Endre

<p>Arad, 1882., † Rio de Janeiro: rendfőnök. – A mv.-i minorita rendfőnök. Együtt Jaross Béla apátplébánossal, Patrovits Kálmán és Lobenschuss József mérnökökkel dolgoztak a rendház fennmaradása és anyagi talpraállításáért. A New York szállodát eladta Friedmann Mártonnak (1923), akinek halála után örökösei a vételárból másfél millió lejt követeltek vissza. <br /><strong>– Irod.:</strong> Maros megyei m. tört.5.</br></p>

<p>Arad, 1882., † Rio de Janeiro: rendfőnök. – A mv.-i minorita rendfőnök. Együtt Jaross Béla apátplébánossal, Patrovits Kálmán és Lobenschuss József mérnökökkel dolgoztak a rendház fennmaradása és anyagi talpraállításáért. A New York szállodát eladta Friedmann Mártonnak (1923), akinek halála után örökösei a vételárból másfél millió lejt követeltek vissza. – Irod.: Maros megyei m. tört.5.</p>
