{"id":24911,"date":"2025-08-01T18:25:33","date_gmt":"2025-08-01T16:25:33","guid":{"rendered":"https:\/\/uj.adatbank.ro\/lexikon\/termek\/wild-frigyes\/"},"modified":"2025-08-01T18:25:33","modified_gmt":"2025-08-01T16:25:33","slug":"wild-frigyes","status":"publish","type":"product","link":"https:\/\/uj.adatbank.ro\/lexikon\/termek\/wild-frigyes\/","title":{"rendered":"WILD Frigyes"},"content":{"rendered":"<p>? \u2020\u00a0?: mv.-i tan\u00e1r. \u2013 Nyelv- \u00e9s irodalomtan\u00e1r volt a mv.-i R. K. Gimn\u00e1ziumban. <br \/><strong>\u2013 Irod.:<\/strong> H\u00e1bor\u00fas nevel\u00e9s: Besz\u00e9dek \u00e9s el\u0151ad\u00e1sok az Erd\u00e9lyi R\u00f3m. Kat. tan\u00e1rok 1943. j\u00fal. 4\u20135. napjain tartott mv.-i kongresszus\u00e1n; Kinizsi Istv\u00e1n: \u00dcnnepelt\u00fcnk \u00e9s eml\u00e9kezt\u00fcnk (N\u00fa., 2002. j\u00fal. 11.).<\/br><\/p>\n","protected":false},"excerpt":{"rendered":"<p>? \u2020\u00a0?: mv.-i tan\u00e1r. \u2013 Nyelv- \u00e9s irodalomtan\u00e1r volt a mv.-i R. K. Gimn\u00e1ziumban. \u2013 Irod.: H\u00e1bor\u00fas nevel\u00e9s: Besz\u00e9dek \u00e9s el\u0151ad\u00e1sok az Erd\u00e9lyi R\u00f3m. Kat. tan\u00e1rok 1943. j\u00fal. 4\u20135. napjain tartott mv.-i kongresszus\u00e1n; Kinizsi Istv\u00e1n: \u00dcnnepelt\u00fcnk \u00e9s eml\u00e9kezt\u00fcnk (N\u00fa., 2002. j\u00fal. 11.).<\/p>\n","protected":false},"featured_media":0,"comment_status":"open","ping_status":"closed","template":"","meta":[],"product_brand":[],"product_cat":[137],"product_tag":[],"class_list":{"0":"post-24911","1":"product","2":"type-product","3":"status-publish","5":"product_cat-maros-megyei-eletrajzi-lexikon","7":"first","8":"instock","9":"shipping-taxable","10":"product-type-simple"},"_links":{"self":[{"href":"https:\/\/uj.adatbank.ro\/lexikon\/wp-json\/wp\/v2\/product\/24911","targetHints":{"allow":["GET"]}}],"collection":[{"href":"https:\/\/uj.adatbank.ro\/lexikon\/wp-json\/wp\/v2\/product"}],"about":[{"href":"https:\/\/uj.adatbank.ro\/lexikon\/wp-json\/wp\/v2\/types\/product"}],"replies":[{"embeddable":true,"href":"https:\/\/uj.adatbank.ro\/lexikon\/wp-json\/wp\/v2\/comments?post=24911"}],"wp:attachment":[{"href":"https:\/\/uj.adatbank.ro\/lexikon\/wp-json\/wp\/v2\/media?parent=24911"}],"wp:term":[{"taxonomy":"product_brand","embeddable":true,"href":"https:\/\/uj.adatbank.ro\/lexikon\/wp-json\/wp\/v2\/product_brand?post=24911"},{"taxonomy":"product_cat","embeddable":true,"href":"https:\/\/uj.adatbank.ro\/lexikon\/wp-json\/wp\/v2\/product_cat?post=24911"},{"taxonomy":"product_tag","embeddable":true,"href":"https:\/\/uj.adatbank.ro\/lexikon\/wp-json\/wp\/v2\/product_tag?post=24911"}],"curies":[{"name":"wp","href":"https:\/\/api.w.org\/{rel}","templated":true}]}}

<p>? † ?: mv.-i tanár. – Nyelv- és irodalomtanár volt a mv.-i R. K. Gimnáziumban. <br /><strong>– Irod.:</strong> Háborús nevelés: Beszédek és előadások az Erdélyi Róm. Kat. tanárok 1943. júl. 4–5. napjain tartott mv.-i kongresszusán; Kinizsi István: Ünnepeltünk és emlékeztünk (Nú., 2002. júl. 11.).</br></p>

<p>? † ?: mv.-i tanár. – Nyelv- és irodalomtanár volt a mv.-i R. K. Gimnáziumban. – Irod.: Háborús nevelés: Beszédek és előadások az Erdélyi Róm. Kat. tanárok 1943. júl. 4–5. napjain tartott mv.-i kongresszusán; Kinizsi István: Ünnepeltünk és emlékeztünk (Nú., 2002. júl. 11.).</p>
