{"id":24914,"date":"2025-08-01T18:25:43","date_gmt":"2025-08-01T16:25:43","guid":{"rendered":"https:\/\/uj.adatbank.ro\/lexikon\/termek\/wilhelm-joachim-wilhelm-jakab\/"},"modified":"2025-08-01T18:25:43","modified_gmt":"2025-08-01T16:25:43","slug":"wilhelm-joachim-wilhelm-jakab","status":"publish","type":"product","link":"https:\/\/uj.adatbank.ro\/lexikon\/termek\/wilhelm-joachim-wilhelm-jakab\/","title":{"rendered":"WILHELM Joachim, Wilhelm Jakab"},"content":{"rendered":"<p>? \u2020\u00a0?: rabbi. \u2013 A bazini rabbi fia, a nyitrai K\u00f6nig rabbi veje. \u2013 A pozsonyi \u00e9s eisenstadti jesiv\u00e1kban tanult, majd a berlini rabbiszemin\u00e1riumban, dr. Mv-en a status-quo (konzervat\u00edv) hitk\u00f6zs\u00e9g \u00e9l\u00e9re h\u00edvt\u00e1k meg (1889. j\u00fal. 7). Besz\u00e9lt n\u00e9met\u00fcl \u00e9s magyarul. \u00c9rkez\u00e9sekor dr. Turnovszki M\u00f3r \u00fcdv\u00f6z\u00f6lte. Letett\u00e9k az \u00faj status-quo templom alapk\u00f6v\u00e9t (1889. febr. 2.), az \u00e9p\u00edt\u00e9s befejez\u0151d\u00f6tt (1900). A templom terveit Gartner Jakab b\u00e9csi \u00e9p\u00edt\u00e9sz k\u00e9sz\u00edtette \u00e9s kivitelezte So\u00f3s P\u00e1l helyi pall\u00e9rmester. Az avat\u00f3 \u00fcnneps\u00e9gek vezet\u0151je a status-quo hitk\u00f6zs\u00e9g eln\u00f6ke, B\u00fcrger Antal volt. Az \u00faj templomban helyezt\u00e9k el a templom-t\u00f3r\u00e1t, mely a zsid\u00f3 elemi iskola ut\u00e1n is folytatta tev\u00e9kenys\u00e9g\u00e9t (1907-ig). \u00daj iskol\u00e1t \u00e9p\u00edtettek (1890\u201391). <br \/><strong>\u2013 Irod.:<\/strong> Id\u0151t\u00e1r 2; K\u00e1d\u00e1r \u2013 P\u00e1l-Antal; Mv. zsid\u00f3s\u00e1ga; Vajda Gy\u00f6rgy: Templom\u00faj\u00edt\u00e1s eml\u00e9kez\u00e9sk\u00e9nt (N\u00fa., 1999. febr. 27.).<\/br><\/p>\n","protected":false},"excerpt":{"rendered":"<p>? \u2020\u00a0?: rabbi. \u2013 A bazini rabbi fia, a nyitrai K\u00f6nig rabbi veje. \u2013 A pozsonyi \u00e9s eisenstadti jesiv\u00e1kban tanult, majd a berlini rabbiszemin\u00e1riumban, dr. Mv-en a status-quo (konzervat\u00edv) hitk\u00f6zs\u00e9g \u00e9l\u00e9re h\u00edvt\u00e1k meg (1889. j\u00fal. 7). Besz\u00e9lt n\u00e9met\u00fcl \u00e9s magyarul. \u00c9rkez\u00e9sekor dr. Turnovszki M\u00f3r \u00fcdv\u00f6z\u00f6lte. Letett\u00e9k az \u00faj status-quo templom alapk\u00f6v\u00e9t (1889. febr. 2.), az [&hellip;]<\/p>\n","protected":false},"featured_media":0,"comment_status":"open","ping_status":"closed","template":"","meta":[],"product_brand":[],"product_cat":[137],"product_tag":[],"class_list":{"0":"post-24914","1":"product","2":"type-product","3":"status-publish","5":"product_cat-maros-megyei-eletrajzi-lexikon","7":"first","8":"instock","9":"shipping-taxable","10":"product-type-simple"},"_links":{"self":[{"href":"https:\/\/uj.adatbank.ro\/lexikon\/wp-json\/wp\/v2\/product\/24914","targetHints":{"allow":["GET"]}}],"collection":[{"href":"https:\/\/uj.adatbank.ro\/lexikon\/wp-json\/wp\/v2\/product"}],"about":[{"href":"https:\/\/uj.adatbank.ro\/lexikon\/wp-json\/wp\/v2\/types\/product"}],"replies":[{"embeddable":true,"href":"https:\/\/uj.adatbank.ro\/lexikon\/wp-json\/wp\/v2\/comments?post=24914"}],"wp:attachment":[{"href":"https:\/\/uj.adatbank.ro\/lexikon\/wp-json\/wp\/v2\/media?parent=24914"}],"wp:term":[{"taxonomy":"product_brand","embeddable":true,"href":"https:\/\/uj.adatbank.ro\/lexikon\/wp-json\/wp\/v2\/product_brand?post=24914"},{"taxonomy":"product_cat","embeddable":true,"href":"https:\/\/uj.adatbank.ro\/lexikon\/wp-json\/wp\/v2\/product_cat?post=24914"},{"taxonomy":"product_tag","embeddable":true,"href":"https:\/\/uj.adatbank.ro\/lexikon\/wp-json\/wp\/v2\/product_tag?post=24914"}],"curies":[{"name":"wp","href":"https:\/\/api.w.org\/{rel}","templated":true}]}}

<p>? † ?: rabbi. – A bazini rabbi fia, a nyitrai König rabbi veje. – A pozsonyi és eisenstadti jesivákban tanult, majd a berlini rabbiszemináriumban, dr. Mv-en a status-quo (konzervatív) hitközség élére hívták meg (1889. júl. 7). Beszélt németül és magyarul. Érkezésekor dr. Turnovszki Mór üdvözölte. Letették az új status-quo templom alapkövét (1889. febr. 2.), az építés befejeződött (1900). A templom terveit Gartner Jakab bécsi építész készítette és kivitelezte Soós Pál helyi pallérmester. Az avató ünnepségek vezetője a status-quo hitközség elnöke, Bürger Antal volt. Az új templomban helyezték el a templom-tórát, mely a zsidó elemi iskola után is folytatta tevékenységét (1907-ig). Új iskolát építettek (1890–91). <br /><strong>– Irod.:</strong> Időtár 2; Kádár – Pál-Antal; Mv. zsidósága; Vajda György: Templomújítás emlékezésként (Nú., 1999. febr. 27.).</br></p>

<p>? † ?: rabbi. – A bazini rabbi fia, a nyitrai König rabbi veje. – A pozsonyi és eisenstadti jesivákban tanult, majd a berlini rabbiszemináriumban, dr. Mv-en a status-quo (konzervatív) hitközség élére hívták meg (1889. júl. 7). Beszélt németül és magyarul. Érkezésekor dr. Turnovszki Mór üdvözölte. Letették az új status-quo templom alapkövét (1889. febr. 2.), az [&hellip;]</p>
