{"id":24916,"date":"2025-08-01T18:25:48","date_gmt":"2025-08-01T16:25:48","guid":{"rendered":"https:\/\/uj.adatbank.ro\/lexikon\/termek\/winkler-janos\/"},"modified":"2025-08-01T18:25:48","modified_gmt":"2025-08-01T16:25:48","slug":"winkler-janos","status":"publish","type":"product","link":"https:\/\/uj.adatbank.ro\/lexikon\/termek\/winkler-janos\/","title":{"rendered":"WINKLER J\u00e1nos"},"content":{"rendered":"<p>Szatm\u00e1rn\u00e9meti, 1855, \u2020 Mv., 1947. febr. 3.: banki vez\u00e9rigazgat\u00f3. \u2013A grazi kereskedelmi akad\u00e9mi\u00e1t v\u00e9gezte (1875), majd a Gratzer Eisenwaren Fabrikn\u00e1l tisztvisel\u0151 volt, k\u00e9s\u0151bb az Osztr\u00e1k\u2013Magyar Bank tisztvisel\u0151je B\u00e9csben, Pozsonyban, Gy\u0151r\u00f6tt, Kv.-on \u00e9s Temesv\u00e1ron, az ut\u00f3bbi h\u00e1rom helyen f\u0151n\u00f6k volt. Azut\u00e1n a kv.-i Takar\u00e9kp\u00e9nzt\u00e1r \u00e9s Hitelbank vez\u00e9rigazgat\u00f3ja lett (\u20131902), a mv.-i Takar\u00e9kp\u00e9nzt\u00e1r RT vez\u00e9rigazgat\u00f3ja (Nagytakar\u00e9k n\u00e9ven volt ismert) (1903\u201327). \u00c9rdemei\u00e9rt kir\u00e1lyi tan\u00e1csoss\u00e1 nevezt\u00e9k ki. A mv.-i Kereskedelmi \u00e9s Iparkamar\u00e1nak 6 \u00e9vig volt eln\u00f6ke, virilis (1910) jogon v\u00e1rosi bizotts\u00e1gi tag, ut\u00f3bb kamarai k\u00fcld\u00f6tt. A MP \u00e9s sz\u00e1mos t\u00e1rsadalmi \u00e9s kultur\u00e1lis egyes\u00fcletben vezet\u0151 szerepet j\u00e1tszott. A Mv.-i Kaszin\u00f3 v\u00e1lasztm\u00e1nyi tagja (1932). \u2013  <strong>F. m..:<\/strong> Bizony L\u00e1szl\u00f3: A keleti hat\u00e1rr\u00f3l (Bp., s.a.). <br \/><strong>\u2013 Irod.:<\/strong> Bi\u00e1s Istv\u00e1n; Id\u0151t\u00e1r 2; Ki kicsoda?; \u00d6kr\u00f6s.<\/br><\/p>\n","protected":false},"excerpt":{"rendered":"<p>Szatm\u00e1rn\u00e9meti, 1855, \u2020 Mv., 1947. febr. 3.: banki vez\u00e9rigazgat\u00f3. \u2013A grazi kereskedelmi akad\u00e9mi\u00e1t v\u00e9gezte (1875), majd a Gratzer Eisenwaren Fabrikn\u00e1l tisztvisel\u0151 volt, k\u00e9s\u0151bb az Osztr\u00e1k\u2013Magyar Bank tisztvisel\u0151je B\u00e9csben, Pozsonyban, Gy\u0151r\u00f6tt, Kv.-on \u00e9s Temesv\u00e1ron, az ut\u00f3bbi h\u00e1rom helyen f\u0151n\u00f6k volt. Azut\u00e1n a kv.-i Takar\u00e9kp\u00e9nzt\u00e1r \u00e9s Hitelbank vez\u00e9rigazgat\u00f3ja lett (\u20131902), a mv.-i Takar\u00e9kp\u00e9nzt\u00e1r RT vez\u00e9rigazgat\u00f3ja (Nagytakar\u00e9k n\u00e9ven [&hellip;]<\/p>\n","protected":false},"featured_media":0,"comment_status":"open","ping_status":"closed","template":"","meta":[],"product_brand":[],"product_cat":[137],"product_tag":[],"class_list":{"0":"post-24916","1":"product","2":"type-product","3":"status-publish","5":"product_cat-maros-megyei-eletrajzi-lexikon","7":"first","8":"instock","9":"shipping-taxable","10":"product-type-simple"},"_links":{"self":[{"href":"https:\/\/uj.adatbank.ro\/lexikon\/wp-json\/wp\/v2\/product\/24916","targetHints":{"allow":["GET"]}}],"collection":[{"href":"https:\/\/uj.adatbank.ro\/lexikon\/wp-json\/wp\/v2\/product"}],"about":[{"href":"https:\/\/uj.adatbank.ro\/lexikon\/wp-json\/wp\/v2\/types\/product"}],"replies":[{"embeddable":true,"href":"https:\/\/uj.adatbank.ro\/lexikon\/wp-json\/wp\/v2\/comments?post=24916"}],"wp:attachment":[{"href":"https:\/\/uj.adatbank.ro\/lexikon\/wp-json\/wp\/v2\/media?parent=24916"}],"wp:term":[{"taxonomy":"product_brand","embeddable":true,"href":"https:\/\/uj.adatbank.ro\/lexikon\/wp-json\/wp\/v2\/product_brand?post=24916"},{"taxonomy":"product_cat","embeddable":true,"href":"https:\/\/uj.adatbank.ro\/lexikon\/wp-json\/wp\/v2\/product_cat?post=24916"},{"taxonomy":"product_tag","embeddable":true,"href":"https:\/\/uj.adatbank.ro\/lexikon\/wp-json\/wp\/v2\/product_tag?post=24916"}],"curies":[{"name":"wp","href":"https:\/\/api.w.org\/{rel}","templated":true}]}}