{"id":24920,"date":"2025-08-01T18:25:58","date_gmt":"2025-08-01T16:25:58","guid":{"rendered":"https:\/\/uj.adatbank.ro\/lexikon\/termek\/winkler-vilmos\/"},"modified":"2025-08-01T18:25:58","modified_gmt":"2025-08-01T16:25:58","slug":"winkler-vilmos","status":"publish","type":"product","link":"https:\/\/uj.adatbank.ro\/lexikon\/termek\/winkler-vilmos\/","title":{"rendered":"WINKLER Vilmos"},"content":{"rendered":"<p>? \u2020\u00a0?: sz\u00e1mvizsg\u00e1l\u00f3 Mv.-en. \u2013 Akt\u00edv sportol\u00f3 kor\u00e1ban labdar\u00fag\u00f3 \u00e9s atl\u00e9ta volt. Az MSE tagja (1918\u2013), ahol t\u00f6bb \u00edzben nyerte meg ifj\u00fas\u00e1gi rekorddal a 100, 200 \u00e9s 400 m.- es fut\u00e1st, 200 m\u00e9teren szenior orsz\u00e1gos rekordot futott. Mint labdar\u00fag\u00f3 (1928\u2013) szerepelt rendszeresen, t\u00f6bb \u00e9ven kereszt\u00fcl \u00e1lland\u00f3 v\u00e1logatott is volt. Mv. sportol\u00f3i k\u00f6z\u00f6tt egyike volt a legjobbaknak. Akt\u00edv sportszerepl\u00e9se ut\u00e1n j\u00e1t\u00e9kvezet\u0151i vizsg\u00e1t tett \u00e9s a mv.-i j\u00e1t\u00e9kvezet\u0151i kirendelts\u00e9g vezet\u0151je lett. <br \/><strong>\u2013 Irod.:<\/strong> Pluh\u00e1r.<\/br><\/p>\n","protected":false},"excerpt":{"rendered":"<p>? \u2020\u00a0?: sz\u00e1mvizsg\u00e1l\u00f3 Mv.-en. \u2013 Akt\u00edv sportol\u00f3 kor\u00e1ban labdar\u00fag\u00f3 \u00e9s atl\u00e9ta volt. Az MSE tagja (1918\u2013), ahol t\u00f6bb \u00edzben nyerte meg ifj\u00fas\u00e1gi rekorddal a 100, 200 \u00e9s 400 m.- es fut\u00e1st, 200 m\u00e9teren szenior orsz\u00e1gos rekordot futott. Mint labdar\u00fag\u00f3 (1928\u2013) szerepelt rendszeresen, t\u00f6bb \u00e9ven kereszt\u00fcl \u00e1lland\u00f3 v\u00e1logatott is volt. Mv. sportol\u00f3i k\u00f6z\u00f6tt egyike volt a [&hellip;]<\/p>\n","protected":false},"featured_media":0,"comment_status":"open","ping_status":"closed","template":"","meta":[],"product_brand":[],"product_cat":[137],"product_tag":[],"class_list":{"0":"post-24920","1":"product","2":"type-product","3":"status-publish","5":"product_cat-maros-megyei-eletrajzi-lexikon","7":"first","8":"instock","9":"shipping-taxable","10":"product-type-simple"},"_links":{"self":[{"href":"https:\/\/uj.adatbank.ro\/lexikon\/wp-json\/wp\/v2\/product\/24920","targetHints":{"allow":["GET"]}}],"collection":[{"href":"https:\/\/uj.adatbank.ro\/lexikon\/wp-json\/wp\/v2\/product"}],"about":[{"href":"https:\/\/uj.adatbank.ro\/lexikon\/wp-json\/wp\/v2\/types\/product"}],"replies":[{"embeddable":true,"href":"https:\/\/uj.adatbank.ro\/lexikon\/wp-json\/wp\/v2\/comments?post=24920"}],"wp:attachment":[{"href":"https:\/\/uj.adatbank.ro\/lexikon\/wp-json\/wp\/v2\/media?parent=24920"}],"wp:term":[{"taxonomy":"product_brand","embeddable":true,"href":"https:\/\/uj.adatbank.ro\/lexikon\/wp-json\/wp\/v2\/product_brand?post=24920"},{"taxonomy":"product_cat","embeddable":true,"href":"https:\/\/uj.adatbank.ro\/lexikon\/wp-json\/wp\/v2\/product_cat?post=24920"},{"taxonomy":"product_tag","embeddable":true,"href":"https:\/\/uj.adatbank.ro\/lexikon\/wp-json\/wp\/v2\/product_tag?post=24920"}],"curies":[{"name":"wp","href":"https:\/\/api.w.org\/{rel}","templated":true}]}}

<p>? † ?: számvizsgáló Mv.-en. – Aktív sportoló korában labdarúgó és atléta volt. Az MSE tagja (1918–), ahol több ízben nyerte meg ifjúsági rekorddal a 100, 200 és 400 m.- es futást, 200 méteren szenior országos rekordot futott. Mint labdarúgó (1928–) szerepelt rendszeresen, több éven keresztül állandó válogatott is volt. Mv. sportolói között egyike volt a legjobbaknak. Aktív sportszereplése után játékvezetői vizsgát tett és a mv.-i játékvezetői kirendeltség vezetője lett. <br /><strong>– Irod.:</strong> Pluhár.</br></p>

<p>? † ?: számvizsgáló Mv.-en. – Aktív sportoló korában labdarúgó és atléta volt. Az MSE tagja (1918–), ahol több ízben nyerte meg ifjúsági rekorddal a 100, 200 és 400 m.- es futást, 200 méteren szenior országos rekordot futott. Mint labdarúgó (1928–) szerepelt rendszeresen, több éven keresztül állandó válogatott is volt. Mv. sportolói között egyike volt a [&hellip;]</p>
