{"id":24921,"date":"2025-08-01T18:26:02","date_gmt":"2025-08-01T16:26:02","guid":{"rendered":"https:\/\/uj.adatbank.ro\/lexikon\/termek\/winter-richard-gheorghe-%c2%a7\/"},"modified":"2025-08-01T18:26:02","modified_gmt":"2025-08-01T16:26:02","slug":"winter-richard-gheorghe-%c2%a7","status":"publish","type":"product","link":"https:\/\/uj.adatbank.ro\/lexikon\/termek\/winter-richard-gheorghe-%c2%a7\/","title":{"rendered":"WINTER Richard Gheorghe, \u00a7"},"content":{"rendered":"<p>Segesv\u00e1r, 1934. m\u00e1j. 15., \u2020 Buk., 1994.: eszterg\u00e1lyos, p\u00e1rtpolitikus, RKP KB tagja, miniszter \u2013 Tanulm\u00e1nyai: f\u00e9mipari szakiskola Segesv\u00e1ron (1949\u201352), Komszomol iskola a SZU-ban (1965); \u015etefan Gheorghiu Akad. k\u00f6zgazd\u00e1szati szak levelez\u0151 tagozata (1969\u201374). Segesv\u00e1ron seg\u00e9dmunk\u00e1s volt (1948), f\u00e9mipari szakiskola elv\u00e9gz\u00e9se ut\u00e1n eszterg\u00e1lyos, majd a rajoni KISZ Bizotts\u00e1g iskola \u00e9s pion\u00edr r\u00e9szleg\u00e9nek vezet\u0151je (1952\u201353). A Szeben rajoni KISZ Bizotts\u00e1g propaganda titk\u00e1ra (1953\u201354). P\u00e1rttag (1955). A Brass\u00f3 megyei KISZ Bizotts\u00e1g titk\u00e1ra (1954\u201356), a KISZ KB instruktora (1956\u201365), a RKP KB instruktora (1965\u201367). A RKP p\u00f3ttagja (1965. j\u00fal. 24. \u2013 1969. aug. 12.), tagja (1969. aug. 12. \u2013 1989. nov. 24.), a KB VB p\u00f3ttagja (1972. j\u00fal. 21. \u2013 1974. nov. 28.), a Politikai VB p\u00f3ttagja (1974. nov. 28.\u201389. nov. 24.). Nagy Nemzetgy\u0171l\u00e9si k\u00e9pvisel\u0151 (1965\u201369, 1969\u201375, 1975\u201380, 1980\u201385, 1985\u201389). A Szeben megyei p\u00e1rtbizotts\u00e1g propaganda titk\u00e1ra (1967), a szebeni p\u00e1rtbizotts\u00e1g els\u0151 titk\u00e1ra \u00e9s a N\u00e9ptan\u00e1cs eln\u00f6ke (1968\u201378). Az RSZK n\u00e9met nemzetis\u00e9g\u0171 dolgoz\u00f3i tan\u00e1cs\u00e1nak aleln\u00f6ke (1971). A M\u0171szaki anyagok beszerz\u00e9si \u00e9s az \u00e1ll\u00f3alapok gazd\u00e1lkod\u00e1s\u00e1nak ellen\u0151rz\u00e9si Miniszt\u00e9rium \u00e1llamtitk\u00e1ra (1978. m\u00e1rc. 7. \u2013 1984.), majd minisztere (1984. jan. 30. \u2013 1985. febr. 15.). Faipari- \u00e9s \u00e9p\u00edt\u0151ipari miniszter (1985. \u00e1pr. 1. \u2013 1987. szept. 1.). Kit\u00fcntet\u00e9sei: Munka\u00e9rdemrend III. o. (1959), II. o. (1964); RNK Csillaga \u00e9rdemrend IV. o. (1962); \u201eTudor Vladimirescu\u201d \u00e9rdemrend V. o. (1966); RSzK Csillaga \u00e9rdemrend II. o. (1971); T\u00e1rsadalmi \u00e9s nemzeti, fasisztaellenes \u00e9s imperialistaellenes forradalom 40. \u00e9vfordul\u00f3ja eml\u00e9k\u00e9rem (1984). <br \/><strong>\u2013 Irod.:<\/strong> Membrii C.C. al P.C.R.<\/br><\/p>\n","protected":false},"excerpt":{"rendered":"<p>Segesv\u00e1r, 1934. m\u00e1j. 15., \u2020 Buk., 1994.: eszterg\u00e1lyos, p\u00e1rtpolitikus, RKP KB tagja, miniszter \u2013 Tanulm\u00e1nyai: f\u00e9mipari szakiskola Segesv\u00e1ron (1949\u201352), Komszomol iskola a SZU-ban (1965); \u015etefan Gheorghiu Akad. k\u00f6zgazd\u00e1szati szak levelez\u0151 tagozata (1969\u201374). Segesv\u00e1ron seg\u00e9dmunk\u00e1s volt (1948), f\u00e9mipari szakiskola elv\u00e9gz\u00e9se ut\u00e1n eszterg\u00e1lyos, majd a rajoni KISZ Bizotts\u00e1g iskola \u00e9s pion\u00edr r\u00e9szleg\u00e9nek vezet\u0151je (1952\u201353). A Szeben rajoni [&hellip;]<\/p>\n","protected":false},"featured_media":0,"comment_status":"open","ping_status":"closed","template":"","meta":[],"product_brand":[],"product_cat":[137],"product_tag":[],"class_list":{"0":"post-24921","1":"product","2":"type-product","3":"status-publish","5":"product_cat-maros-megyei-eletrajzi-lexikon","7":"first","8":"instock","9":"shipping-taxable","10":"product-type-simple"},"_links":{"self":[{"href":"https:\/\/uj.adatbank.ro\/lexikon\/wp-json\/wp\/v2\/product\/24921","targetHints":{"allow":["GET"]}}],"collection":[{"href":"https:\/\/uj.adatbank.ro\/lexikon\/wp-json\/wp\/v2\/product"}],"about":[{"href":"https:\/\/uj.adatbank.ro\/lexikon\/wp-json\/wp\/v2\/types\/product"}],"replies":[{"embeddable":true,"href":"https:\/\/uj.adatbank.ro\/lexikon\/wp-json\/wp\/v2\/comments?post=24921"}],"wp:attachment":[{"href":"https:\/\/uj.adatbank.ro\/lexikon\/wp-json\/wp\/v2\/media?parent=24921"}],"wp:term":[{"taxonomy":"product_brand","embeddable":true,"href":"https:\/\/uj.adatbank.ro\/lexikon\/wp-json\/wp\/v2\/product_brand?post=24921"},{"taxonomy":"product_cat","embeddable":true,"href":"https:\/\/uj.adatbank.ro\/lexikon\/wp-json\/wp\/v2\/product_cat?post=24921"},{"taxonomy":"product_tag","embeddable":true,"href":"https:\/\/uj.adatbank.ro\/lexikon\/wp-json\/wp\/v2\/product_tag?post=24921"}],"curies":[{"name":"wp","href":"https:\/\/api.w.org\/{rel}","templated":true}]}}

<p>Segesvár, 1934. máj. 15., † Buk., 1994.: esztergályos, pártpolitikus, RKP KB tagja, miniszter – Tanulmányai: fémipari szakiskola Segesváron (1949–52), Komszomol iskola a SZU-ban (1965); Ştefan Gheorghiu Akad. közgazdászati szak levelező tagozata (1969–74). Segesváron segédmunkás volt (1948), fémipari szakiskola elvégzése után esztergályos, majd a rajoni KISZ Bizottság iskola és pionír részlegének vezetője (1952–53). A Szeben rajoni KISZ Bizottság propaganda titkára (1953–54). Párttag (1955). A Brassó megyei KISZ Bizottság titkára (1954–56), a KISZ KB instruktora (1956–65), a RKP KB instruktora (1965–67). A RKP póttagja (1965. júl. 24. – 1969. aug. 12.), tagja (1969. aug. 12. – 1989. nov. 24.), a KB VB póttagja (1972. júl. 21. – 1974. nov. 28.), a Politikai VB póttagja (1974. nov. 28.–89. nov. 24.). Nagy Nemzetgyűlési képviselő (1965–69, 1969–75, 1975–80, 1980–85, 1985–89). A Szeben megyei pártbizottság propaganda titkára (1967), a szebeni pártbizottság első titkára és a Néptanács elnöke (1968–78). Az RSZK német nemzetiségű dolgozói tanácsának alelnöke (1971). A Műszaki anyagok beszerzési és az állóalapok gazdálkodásának ellenőrzési Minisztérium államtitkára (1978. márc. 7. – 1984.), majd minisztere (1984. jan. 30. – 1985. febr. 15.). Faipari- és építőipari miniszter (1985. ápr. 1. – 1987. szept. 1.). Kitüntetései: Munkaérdemrend III. o. (1959), II. o. (1964); RNK Csillaga érdemrend IV. o. (1962); „Tudor Vladimirescu” érdemrend V. o. (1966); RSzK Csillaga érdemrend II. o. (1971); Társadalmi és nemzeti, fasisztaellenes és imperialistaellenes forradalom 40. évfordulója emlékérem (1984). <br /><strong>– Irod.:</strong> Membrii C.C. al P.C.R.</br></p>

<p>Segesvár, 1934. máj. 15., † Buk., 1994.: esztergályos, pártpolitikus, RKP KB tagja, miniszter – Tanulmányai: fémipari szakiskola Segesváron (1949–52), Komszomol iskola a SZU-ban (1965); Ştefan Gheorghiu Akad. közgazdászati szak levelező tagozata (1969–74). Segesváron segédmunkás volt (1948), fémipari szakiskola elvégzése után esztergályos, majd a rajoni KISZ Bizottság iskola és pionír részlegének vezetője (1952–53). A Szeben rajoni [&hellip;]</p>
