{"id":24931,"date":"2025-08-01T18:26:29","date_gmt":"2025-08-01T16:26:29","guid":{"rendered":"https:\/\/uj.adatbank.ro\/lexikon\/termek\/wojtekovits-olga-k-%c2%a7-k-vojtekovics-olga-kollo-wojtekovits-olga\/"},"modified":"2025-08-01T18:26:29","modified_gmt":"2025-08-01T16:26:29","slug":"wojtekovits-olga-k-%c2%a7-k-vojtekovics-olga-kollo-wojtekovits-olga","status":"publish","type":"product","link":"https:\/\/uj.adatbank.ro\/lexikon\/termek\/wojtekovits-olga-k-%c2%a7-k-vojtekovics-olga-kollo-wojtekovits-olga\/","title":{"rendered":"WOJTEKOVITS Olga, K. \u00a7 K. Vojtekovics Olga; K\u00f6ll\u0151 Wojtekovits Olga"},"content":{"rendered":"<p>Borg\u00f3beszterce (Beszterce-Nasz\u00f3d), 1900. m\u00e1rc. 26. \u2020 Mv., 1981. okt. 2.: szopr\u00e1n\u00e9nekesn\u0151, tan\u00e1r. \u2013 Beszterc\u00e9n v\u00e9gezte a k\u00f6z\u00e9piskol\u00e1t (1918). Zenei tanulm\u00e1nyait a Mv.-i V\u00e1rosi Konzervat\u00f3riumban Maleczky M\u00e1ria tan\u00e1rn\u0151 \u00e9nekoszt\u00e1ly\u00e1nak n\u00f6vend\u00e9kek\u00e9nt v\u00e9gezte el (1924\u20131928). Feh\u00e9r Imre sz\u00ednt\u00e1rsulat\u00e1ban kezdte p\u00e1ly\u00e1j\u00e1t (1927). A mv-i KZST tagjak\u00e9nt (1932\u2013), sz\u00e1mos hangversenyen, dalesten, irodalmi esten l\u00e9pett fel. R\u00e9szt vett a b\u00e9csi nemzetk\u00f6zi \u00c9nek- \u00e9s Heged\u0171versenyen (1932). \u00d6n\u00e1ll\u00f3 est\u00e9lyei voltak Mv.-en, Kv.-on, Buk.-ben, t\u00f6bb erd\u00e9lyi v\u00e1rosban, valamint Bp.-en. Teleki \u00c1d\u00e1mmal hangversenyezett a mv.-i Kat. K\u00f6z\u00e9piskol\u00e1ban (1934. febr. 10), m\u00e1s alkalommal Siebel szerep\u00e9t \u00e9nekelte Gounod Faustj\u00e1ban. A mv-i Filharm\u00f3nia hangversenyein opera\u00e1ri\u00e1kat adott el\u0151: Verdi: Aida, Weber: A b\u0171v\u00f6s vad\u00e1sz, Erkel: Hunyadi L\u00e1szl\u00f3 (1950\u20131954). Opera\u00e1ri\u00e1kat, hazai zeneszerz\u0151k (Vanca, Tr\u00f3zner, Br\u00f3dy, Haj\u00e1k, L\u00e1ni) dalait adta el\u0151. Nyugd\u00edjba vonul\u00e1s\u00e1ig a Mv.-i N\u00e9pi M\u0171v\u00e9szeti Iskola \u00e9nektan\u00e1ra (1956\u2013). Tan\u00edtv\u00e1nya volt t\u00f6bbek k\u00f6z\u00f6tt K\u00f3nya Lajos baritonista is. A Kultur\u00e1lis \u00c9rdemrend I. fokozat\u00e1val t\u00fcntett\u00e9k ki (1968). \u2013 <strong>F. sz.:<\/strong>: Loncelot (Jaj, \u00e9desek is a h\u00f6lgyek). <br \/><strong>\u2013 Irod.:<\/strong> Enyedi; A H\u00e9t \u00e9vk\u00f6nyve (1982); Katona Szab\u00f3 Istv\u00e1n: Az \u00daj \u00c9let lexikona, 172. (\u00daj \u00c9let, 1977, 18. sz.); Marosi-KZST; [Nekrol\u00f3g] (v. Z., 1981. okt. 3.); Zenetudom\u00e1nyi \u00edr\u00e1sok.<\/br><\/p>\n","protected":false},"excerpt":{"rendered":"<p>Borg\u00f3beszterce (Beszterce-Nasz\u00f3d), 1900. m\u00e1rc. 26. \u2020 Mv., 1981. okt. 2.: szopr\u00e1n\u00e9nekesn\u0151, tan\u00e1r. \u2013 Beszterc\u00e9n v\u00e9gezte a k\u00f6z\u00e9piskol\u00e1t (1918). Zenei tanulm\u00e1nyait a Mv.-i V\u00e1rosi Konzervat\u00f3riumban Maleczky M\u00e1ria tan\u00e1rn\u0151 \u00e9nekoszt\u00e1ly\u00e1nak n\u00f6vend\u00e9kek\u00e9nt v\u00e9gezte el (1924\u20131928). Feh\u00e9r Imre sz\u00ednt\u00e1rsulat\u00e1ban kezdte p\u00e1ly\u00e1j\u00e1t (1927). A mv-i KZST tagjak\u00e9nt (1932\u2013), sz\u00e1mos hangversenyen, dalesten, irodalmi esten l\u00e9pett fel. R\u00e9szt vett a b\u00e9csi nemzetk\u00f6zi [&hellip;]<\/p>\n","protected":false},"featured_media":0,"comment_status":"open","ping_status":"closed","template":"","meta":[],"product_brand":[],"product_cat":[137],"product_tag":[],"class_list":{"0":"post-24931","1":"product","2":"type-product","3":"status-publish","5":"product_cat-maros-megyei-eletrajzi-lexikon","7":"first","8":"instock","9":"shipping-taxable","10":"product-type-simple"},"_links":{"self":[{"href":"https:\/\/uj.adatbank.ro\/lexikon\/wp-json\/wp\/v2\/product\/24931","targetHints":{"allow":["GET"]}}],"collection":[{"href":"https:\/\/uj.adatbank.ro\/lexikon\/wp-json\/wp\/v2\/product"}],"about":[{"href":"https:\/\/uj.adatbank.ro\/lexikon\/wp-json\/wp\/v2\/types\/product"}],"replies":[{"embeddable":true,"href":"https:\/\/uj.adatbank.ro\/lexikon\/wp-json\/wp\/v2\/comments?post=24931"}],"wp:attachment":[{"href":"https:\/\/uj.adatbank.ro\/lexikon\/wp-json\/wp\/v2\/media?parent=24931"}],"wp:term":[{"taxonomy":"product_brand","embeddable":true,"href":"https:\/\/uj.adatbank.ro\/lexikon\/wp-json\/wp\/v2\/product_brand?post=24931"},{"taxonomy":"product_cat","embeddable":true,"href":"https:\/\/uj.adatbank.ro\/lexikon\/wp-json\/wp\/v2\/product_cat?post=24931"},{"taxonomy":"product_tag","embeddable":true,"href":"https:\/\/uj.adatbank.ro\/lexikon\/wp-json\/wp\/v2\/product_tag?post=24931"}],"curies":[{"name":"wp","href":"https:\/\/api.w.org\/{rel}","templated":true}]}}

WOJTEKOVITS Olga, K. § K. Vojtekovics Olga; Köllő Wojtekovits Olga

<p>Borgóbeszterce (Beszterce-Naszód), 1900. márc. 26. † Mv., 1981. okt. 2.: szopránénekesnő, tanár. – Besztercén végezte a középiskolát (1918). Zenei tanulmányait a Mv.-i Városi Konzervatóriumban Maleczky Mária tanárnő énekosztályának növendékeként végezte el (1924–1928). Fehér Imre színtársulatában kezdte pályáját (1927). A mv-i KZST tagjaként (1932–), számos hangversenyen, dalesten, irodalmi esten lépett fel. Részt vett a bécsi nemzetközi Ének- és Hegedűversenyen (1932). Önálló estélyei voltak Mv.-en, Kv.-on, Buk.-ben, több erdélyi városban, valamint Bp.-en. Teleki Ádámmal hangversenyezett a mv.-i Kat. Középiskolában (1934. febr. 10), más alkalommal Siebel szerepét énekelte Gounod Faustjában. A mv-i Filharmónia hangversenyein operaáriákat adott elő: Verdi: Aida, Weber: A bűvös vadász, Erkel: Hunyadi László (1950–1954). Operaáriákat, hazai zeneszerzők (Vanca, Trózner, Bródy, Haják, Láni) dalait adta elő. Nyugdíjba vonulásáig a Mv.-i Népi Művészeti Iskola énektanára (1956–). Tanítványa volt többek között Kónya Lajos baritonista is. A Kulturális Érdemrend I. fokozatával tüntették ki (1968). – <strong>F. sz.:</strong>: Loncelot (Jaj, édesek is a hölgyek). <br /><strong>– Irod.:</strong> Enyedi; A Hét évkönyve (1982); Katona Szabó István: Az Új Élet lexikona, 172. (Új Élet, 1977, 18. sz.); Marosi-KZST; [Nekrológ] (v. Z., 1981. okt. 3.); Zenetudományi írások.</br></p>

<p>Borgóbeszterce (Beszterce-Naszód), 1900. márc. 26. † Mv., 1981. okt. 2.: szopránénekesnő, tanár. – Besztercén végezte a középiskolát (1918). Zenei tanulmányait a Mv.-i Városi Konzervatóriumban Maleczky Mária tanárnő énekosztályának növendékeként végezte el (1924–1928). Fehér Imre színtársulatában kezdte pályáját (1927). A mv-i KZST tagjaként (1932–), számos hangversenyen, dalesten, irodalmi esten lépett fel. Részt vett a bécsi nemzetközi [&hellip;]</p>
