{"id":24937,"date":"2025-08-01T18:26:43","date_gmt":"2025-08-01T16:26:43","guid":{"rendered":"https:\/\/uj.adatbank.ro\/lexikon\/termek\/wolf-janos\/"},"modified":"2025-08-01T18:26:43","modified_gmt":"2025-08-01T16:26:43","slug":"wolf-janos","status":"publish","type":"product","link":"https:\/\/uj.adatbank.ro\/lexikon\/termek\/wolf-janos\/","title":{"rendered":"WOLF J\u00e1nos"},"content":{"rendered":"<p>Magersdorf (Ausztria), 1879, \u2020 Dics\u0151szentm\u00e1rton, 1955.: m\u00e9zeskal\u00e1csos. \u2013 A m\u00e9zeskal\u00e1csos inasiskol\u00e1t Salzburgban v\u00e9gezte el (1908). Pog\u00e1cs\u00e1s bar\u00e1tj\u00e1val j\u00e1rta Salzburg \u00e9s Graz k\u00f6rny\u00e9k\u00e9t, de ott m\u00e1r hanyatl\u00f3ban volt a piac. Innen ker\u00fclt Aradra, ahol megn\u0151s\u00fclt. Feles\u00e9g\u00fcl vette T\u00f3th Katalint, aki v\u00e1mosg\u00e1lfalvi sz\u00fclet\u00e9s\u0171 volt. Egy v\u00e1ndorkeresked\u0151 \u00f6szt\u00f6nz\u00e9s\u00e9re \u00e9s seg\u00edts\u00e9g\u00e9vel ker\u00fclt Dics\u0151szentm\u00e1rtonba (1912). M\u0171helyt \u00e9s rakt\u00e1rat \u00e9p\u00edtett (1908). Az els\u0151 vh.-ban kiker\u00fclt a frontra. A h\u00e1bor\u00fa v\u00e9g\u00e9t nem gy\u0151zte kiv\u00e1rni, ez\u00e9rt kitartotta a l\u00e1b\u00e1t a l\u00f6v\u00e9sz\u00e1rokb\u00f3l, megl\u0151tt\u00e9k, \u00e9s ezzel sz\u00e1m\u00e1ra v\u00e9get \u00e9rt a h\u00e1bor\u00fa. Hazat\u00e9rt \u00e9s folytatta munk\u00e1j\u00e1t. K\u00fcl\u00f6nb\u00f6z\u0151 form\u00e1j\u00fa (l\u00f3, baba, sz\u00edv, kos\u00e1r stb.) \u00e9s \u00edz\u0171 pog\u00e1cs\u00e1t, cukork\u00e1t, m\u00e9zeskal\u00e1csot, szaloncukrot k\u00e9sz\u00edtett. M\u0171helye m\u0171k\u00f6d\u00f6tt a sz\u00f6vetkezetbe l\u00e9p\u00e9s\u00e9ig (1948. nov. 20.), a pog\u00e1cs\u00e1s mesters\u00e9get elnyelte a cukr\u00e1szat. <br \/><strong>\u2013 Irod.:<\/strong> Dics\u0151szentm\u00e1rton.<\/br><\/p>\n","protected":false},"excerpt":{"rendered":"<p>Magersdorf (Ausztria), 1879, \u2020 Dics\u0151szentm\u00e1rton, 1955.: m\u00e9zeskal\u00e1csos. \u2013 A m\u00e9zeskal\u00e1csos inasiskol\u00e1t Salzburgban v\u00e9gezte el (1908). Pog\u00e1cs\u00e1s bar\u00e1tj\u00e1val j\u00e1rta Salzburg \u00e9s Graz k\u00f6rny\u00e9k\u00e9t, de ott m\u00e1r hanyatl\u00f3ban volt a piac. Innen ker\u00fclt Aradra, ahol megn\u0151s\u00fclt. Feles\u00e9g\u00fcl vette T\u00f3th Katalint, aki v\u00e1mosg\u00e1lfalvi sz\u00fclet\u00e9s\u0171 volt. Egy v\u00e1ndorkeresked\u0151 \u00f6szt\u00f6nz\u00e9s\u00e9re \u00e9s seg\u00edts\u00e9g\u00e9vel ker\u00fclt Dics\u0151szentm\u00e1rtonba (1912). M\u0171helyt \u00e9s rakt\u00e1rat \u00e9p\u00edtett (1908). [&hellip;]<\/p>\n","protected":false},"featured_media":0,"comment_status":"open","ping_status":"closed","template":"","meta":[],"product_brand":[],"product_cat":[137],"product_tag":[],"class_list":{"0":"post-24937","1":"product","2":"type-product","3":"status-publish","5":"product_cat-maros-megyei-eletrajzi-lexikon","7":"first","8":"instock","9":"shipping-taxable","10":"product-type-simple"},"_links":{"self":[{"href":"https:\/\/uj.adatbank.ro\/lexikon\/wp-json\/wp\/v2\/product\/24937","targetHints":{"allow":["GET"]}}],"collection":[{"href":"https:\/\/uj.adatbank.ro\/lexikon\/wp-json\/wp\/v2\/product"}],"about":[{"href":"https:\/\/uj.adatbank.ro\/lexikon\/wp-json\/wp\/v2\/types\/product"}],"replies":[{"embeddable":true,"href":"https:\/\/uj.adatbank.ro\/lexikon\/wp-json\/wp\/v2\/comments?post=24937"}],"wp:attachment":[{"href":"https:\/\/uj.adatbank.ro\/lexikon\/wp-json\/wp\/v2\/media?parent=24937"}],"wp:term":[{"taxonomy":"product_brand","embeddable":true,"href":"https:\/\/uj.adatbank.ro\/lexikon\/wp-json\/wp\/v2\/product_brand?post=24937"},{"taxonomy":"product_cat","embeddable":true,"href":"https:\/\/uj.adatbank.ro\/lexikon\/wp-json\/wp\/v2\/product_cat?post=24937"},{"taxonomy":"product_tag","embeddable":true,"href":"https:\/\/uj.adatbank.ro\/lexikon\/wp-json\/wp\/v2\/product_tag?post=24937"}],"curies":[{"name":"wp","href":"https:\/\/api.w.org\/{rel}","templated":true}]}}

WOLF János

<p>Magersdorf (Ausztria), 1879, † Dicsőszentmárton, 1955.: mézeskalácsos. – A mézeskalácsos inasiskolát Salzburgban végezte el (1908). Pogácsás barátjával járta Salzburg és Graz környékét, de ott már hanyatlóban volt a piac. Innen került Aradra, ahol megnősült. Feleségül vette Tóth Katalint, aki vámosgálfalvi születésű volt. Egy vándorkereskedő ösztönzésére és segítségével került Dicsőszentmártonba (1912). Műhelyt és raktárat épített (1908). Az első vh.-ban kikerült a frontra. A háború végét nem győzte kivárni, ezért kitartotta a lábát a lövészárokból, meglőtték, és ezzel számára véget ért a háború. Hazatért és folytatta munkáját. Különböző formájú (ló, baba, szív, kosár stb.) és ízű pogácsát, cukorkát, mézeskalácsot, szaloncukrot készített. Műhelye működött a szövetkezetbe lépéséig (1948. nov. 20.), a pogácsás mesterséget elnyelte a cukrászat. <br /><strong>– Irod.:</strong> Dicsőszentmárton.</br></p>

<p>Magersdorf (Ausztria), 1879, † Dicsőszentmárton, 1955.: mézeskalácsos. – A mézeskalácsos inasiskolát Salzburgban végezte el (1908). Pogácsás barátjával járta Salzburg és Graz környékét, de ott már hanyatlóban volt a piac. Innen került Aradra, ahol megnősült. Feleségül vette Tóth Katalint, aki vámosgálfalvi születésű volt. Egy vándorkereskedő ösztönzésére és segítségével került Dicsőszentmártonba (1912). Műhelyt és raktárat épített (1908). [&hellip;]</p>
