{"id":24941,"date":"2025-08-01T18:26:56","date_gmt":"2025-08-01T16:26:56","guid":{"rendered":"https:\/\/uj.adatbank.ro\/lexikon\/termek\/wolf-tibold-theobald-peter\/"},"modified":"2025-08-01T18:26:56","modified_gmt":"2025-08-01T16:26:56","slug":"wolf-tibold-theobald-peter","status":"publish","type":"product","link":"https:\/\/uj.adatbank.ro\/lexikon\/termek\/wolf-tibold-theobald-peter\/","title":{"rendered":"WOLF Tibold (Theobald) P\u00e9ter"},"content":{"rendered":"<p>Kund, 1862. j\u00fal. 1., \u2020\u00a0?: evang. lelk\u00e9sz. \u2013 Miut\u00e1n a gimn\u00e1ziumot Beszterc\u00e9n elv\u00e9gezte (1874), Berlinbe ment az egyetemre, hol k\u00e9t \u00e9vig tanult; azut\u00e1n Lipcs\u00e9ben hallgatott szint\u00e9n k\u00e9t \u00e9vig, t\u00f6rt\u00e9nelmet, b\u00f6lcseletet \u00e9s evang. teol\u00f3gi\u00e1t. Haz\u00e1j\u00e1ba visszat\u00e9rve sok \u00e9vig mint tan\u00edt\u00f3, v\u00e9gre mint rektor m\u0171k\u00f6d\u00f6tt a k\u0151halmi elemi f\u0151iskol\u00e1n\u00e1l, majd S\u00e1rk\u00e1nyon v\u00e1lasztott\u00e1k lelk\u00e9sznek (1893). \u2013  <strong>F. m..:<\/strong> F\u00fcrst Georg R\u00e1k\u00f3czy in Reps. Eine Geschichtliche Erz\u00e4hlung aus dem Jahre 1639. (Kronstadt, 1889); Johannes Honterus der Advokat Ungarns&#8230; (Kronstadt, 1894); Ein St\u00fcckchen alte Chronih der Gemeinde Schyrkanjen (S\u00e1rk\u00e1ny).(Hermannstadt, 1898); Festrede zur Feier der 400. Wiederkehr des Geburtstages des Magisters Joh. Honter&#8230; (Kronstadt. 1898); Kanzelrede zur Feier der 70. Wiederkehr des Geburtstages Dr. Friedrich M\u00fcllers, Bischofs&#8230; (Kronstadt, 1898); Predigt aus Anlass der Gedenkfeier des 20-j\u00e4hrigen Bestandes der ev. Schwestergemeinde A. B. in Fogarasch (Kronstadt, 1901). <br \/><strong>\u2013 Irod.:<\/strong> Szinnyei.<\/br><\/p>\n","protected":false},"excerpt":{"rendered":"<p>Kund, 1862. j\u00fal. 1., \u2020\u00a0?: evang. lelk\u00e9sz. \u2013 Miut\u00e1n a gimn\u00e1ziumot Beszterc\u00e9n elv\u00e9gezte (1874), Berlinbe ment az egyetemre, hol k\u00e9t \u00e9vig tanult; azut\u00e1n Lipcs\u00e9ben hallgatott szint\u00e9n k\u00e9t \u00e9vig, t\u00f6rt\u00e9nelmet, b\u00f6lcseletet \u00e9s evang. teol\u00f3gi\u00e1t. Haz\u00e1j\u00e1ba visszat\u00e9rve sok \u00e9vig mint tan\u00edt\u00f3, v\u00e9gre mint rektor m\u0171k\u00f6d\u00f6tt a k\u0151halmi elemi f\u0151iskol\u00e1n\u00e1l, majd S\u00e1rk\u00e1nyon v\u00e1lasztott\u00e1k lelk\u00e9sznek (1893). \u2013 F. m..: [&hellip;]<\/p>\n","protected":false},"featured_media":0,"comment_status":"open","ping_status":"closed","template":"","meta":[],"product_brand":[],"product_cat":[137],"product_tag":[],"class_list":{"0":"post-24941","1":"product","2":"type-product","3":"status-publish","5":"product_cat-maros-megyei-eletrajzi-lexikon","7":"first","8":"instock","9":"shipping-taxable","10":"product-type-simple"},"_links":{"self":[{"href":"https:\/\/uj.adatbank.ro\/lexikon\/wp-json\/wp\/v2\/product\/24941","targetHints":{"allow":["GET"]}}],"collection":[{"href":"https:\/\/uj.adatbank.ro\/lexikon\/wp-json\/wp\/v2\/product"}],"about":[{"href":"https:\/\/uj.adatbank.ro\/lexikon\/wp-json\/wp\/v2\/types\/product"}],"replies":[{"embeddable":true,"href":"https:\/\/uj.adatbank.ro\/lexikon\/wp-json\/wp\/v2\/comments?post=24941"}],"wp:attachment":[{"href":"https:\/\/uj.adatbank.ro\/lexikon\/wp-json\/wp\/v2\/media?parent=24941"}],"wp:term":[{"taxonomy":"product_brand","embeddable":true,"href":"https:\/\/uj.adatbank.ro\/lexikon\/wp-json\/wp\/v2\/product_brand?post=24941"},{"taxonomy":"product_cat","embeddable":true,"href":"https:\/\/uj.adatbank.ro\/lexikon\/wp-json\/wp\/v2\/product_cat?post=24941"},{"taxonomy":"product_tag","embeddable":true,"href":"https:\/\/uj.adatbank.ro\/lexikon\/wp-json\/wp\/v2\/product_tag?post=24941"}],"curies":[{"name":"wp","href":"https:\/\/api.w.org\/{rel}","templated":true}]}}

WOLF Tibold (Theobald) Péter

<p>Kund, 1862. júl. 1., † ?: evang. lelkész. – Miután a gimnáziumot Besztercén elvégezte (1874), Berlinbe ment az egyetemre, hol két évig tanult; azután Lipcsében hallgatott szintén két évig, történelmet, bölcseletet és evang. teológiát. Hazájába visszatérve sok évig mint tanító, végre mint rektor működött a kőhalmi elemi főiskolánál, majd Sárkányon választották lelkésznek (1893). –  <strong>F. m..:</strong> Fürst Georg Rákóczy in Reps. Eine Geschichtliche Erzählung aus dem Jahre 1639. (Kronstadt, 1889); Johannes Honterus der Advokat Ungarns&#8230; (Kronstadt, 1894); Ein Stückchen alte Chronih der Gemeinde Schyrkanjen (Sárkány).(Hermannstadt, 1898); Festrede zur Feier der 400. Wiederkehr des Geburtstages des Magisters Joh. Honter&#8230; (Kronstadt. 1898); Kanzelrede zur Feier der 70. Wiederkehr des Geburtstages Dr. Friedrich Müllers, Bischofs&#8230; (Kronstadt, 1898); Predigt aus Anlass der Gedenkfeier des 20-jährigen Bestandes der ev. Schwestergemeinde A. B. in Fogarasch (Kronstadt, 1901). <br /><strong>– Irod.:</strong> Szinnyei.</br></p>

<p>Kund, 1862. júl. 1., † ?: evang. lelkész. – Miután a gimnáziumot Besztercén elvégezte (1874), Berlinbe ment az egyetemre, hol két évig tanult; azután Lipcsében hallgatott szintén két évig, történelmet, bölcseletet és evang. teológiát. Hazájába visszatérve sok évig mint tanító, végre mint rektor működött a kőhalmi elemi főiskolánál, majd Sárkányon választották lelkésznek (1893). – F. m..: [&hellip;]</p>
