{"id":24942,"date":"2025-08-01T18:26:58","date_gmt":"2025-08-01T16:26:58","guid":{"rendered":"https:\/\/uj.adatbank.ro\/lexikon\/termek\/wolff-carl-%c2%a7-karoly\/"},"modified":"2025-08-01T18:26:58","modified_gmt":"2025-08-01T16:26:58","slug":"wolff-carl-%c2%a7-karoly","status":"publish","type":"product","link":"https:\/\/uj.adatbank.ro\/lexikon\/termek\/wolff-carl-%c2%a7-karoly\/","title":{"rendered":"WOLFF, Carl, \u00a7 K\u00e1roly"},"content":{"rendered":"<p>Segesv\u00e1r, 1849. okt. 11., \u2020 Szeben, 1929. okt. 3.: jog\u00e1sz, \u00fajs\u00e1g\u00edr\u00f3, nemzetgazd\u00e1sz, politikus. \u2013 Sz\u00fclei: Josef W. orvos \u00e9s Josefine Josephi. Feles\u00e9ge Gattin Friederike. A segesv\u00e1ri gimn\u00e1zium ut\u00e1n B\u00e9csben jogot tanult (1867\u2013), majd Heidelbergben, Bp.-en, Szebenben \u00e9s Kv.-on is tanult (1868\u201370). B\u00e9csben telepedett le (1871\u2013) \u00e9s a Neue Freie Presse \u00fajs\u00e1g szerkeszt\u0151je volt. Visszat\u00e9rt Erd\u00e9lybe \u00e9s els\u0151 f\u0151\u00e1ll\u00e1s\u00fa \u00fajs\u00e1g\u00edr\u00f3k\u00e9nt vezet\u00e9s\u00e9vel \u00e9s k\u00f6zrem\u0171k\u00f6d\u00e9s\u00e9vel \u00e1tvette a sz\u00e1szok fontos organum\u00e1nak, az \u00fajonnan alakult Siebenb\u00fcrgisch-Deutschen Tageblatt ir\u00e1ny\u00edt\u00e1s\u00e1t (1874\u201385). K\u00e9pvisel\u0151 volt a m. parlamentben (1881\u201387), t\u00f6bb honismereti egyes\u00fclet akt\u00edv tagja. A szebeni sz\u00e1sz orsz\u00e1ggy\u0171l\u00e9s az Erd\u00e9lyi Sz\u00e1szok K\u00f6zponti Bizotts\u00e1g\u00e1nak eln\u00f6k\u00e9v\u00e9 v\u00e1lasztotta (1890). A szebeni takar\u00e9kp\u00e9nzt\u00e1r igazgat\u00f3ja (1885\u2013), megalap\u00edtotta a szebeni Siebenb\u00fcrger Vereinsbankot (1891), melynek t\u0151k\u00e9j\u00e9vel sz\u00e1mos gazdas\u00e1gi projektet t\u00e1mogatott, k\u00fcl\u00f6n\u00f6sen az \u00e1ltala alap\u00edtott Raiffeisen alap\u00edtv\u00e1nyokat (1885), de Szeben moderniz\u00e1l\u00e1s\u00e1t is, kezdem\u00e9nyezte v\u00edzier\u0151m\u0171 \u00e9p\u00edt\u00e9s\u00e9t (1895) \u00e9s a villamos\u00e1ram bevezet\u00e9s\u00e9t Nagyszebenben. Erd\u00e9ly villamos\u00edt\u00e1s\u00e1nak egyik el\u0151harcosa volt, Szeben neki k\u00f6sz\u00f6nheti a vas\u00fati h\u00e1l\u00f3zathoz val\u00f3 csatlakoz\u00e1s\u00e1t, a villamosk\u00f6zleked\u00e9s meg\u00e9p\u00edt\u00e9s\u00e9t (1904), egy szanat\u00f3rium \u00e9s gy\u00f3gykezel\u0151k\u00f6zpont l\u00e9tes\u00edt\u00e9s\u00e9t, a \u201eJunger Wald\u201d pihen\u0151hely megnyit\u00e1s\u00e1t, \u00faj v\u00edzvezet\u00e9kh\u00e1l\u00f3zat meg\u00e9p\u00edt\u00e9s\u00e9t, a kanaliz\u00e1l\u00e1st. Az Erd\u00e9lyi K\u00e1rp\u00e1t-Egyes\u00fclet megalap\u00edt\u00f3i (1880) \u00e9s t\u00e1mogat\u00f3i k\u00f6z\u00e9 tartozott. Az erd\u00e9lyi ev. egyh\u00e1z gondnoka volt, nagy szerepe volt annak meger\u0151s\u00edt\u00e9s\u00e9ben \u2013  <strong>F. m..:<\/strong> Die F\u00e4lle des \u00a7. 199. des \u00f6sterreichischen Strafgesetzbuches von 1852. und die entsprechenden Bestimmungen des neuen Strafgesetzentwurfes von 1874 (Wien, 1874); Die direkten Staatssteuern in s\u00e4chsischen St\u00e4dten&#8230; (Hermannstadt, 1881); Handfertigkeitsunterricht und Hausindustrie (Hermannstadt, 1884); Az Olthaj\u00f3z\u00e1s \u00e9s annak fontoss\u00e1ga Magyarorsz\u00e1g \u00e9s Rom\u00e1ni\u00e1ra n\u00e9zve (Hermannstadt, 1893); Eml\u00e9kirat ipar- \u00e9s kereskedelmi v\u00e1llalatoknak Magyarorsz\u00e1g erd\u00e9lyi r\u00e9szeiben val\u00f3 alap\u00edt\u00e1s\u00e1r\u00f3l (Hermannstadt, 1899); Az Olthaj\u00f3z\u00e1s. (Hermannstadt, 1904); Aus meinem Leben (Lauban, 1929); Schriften und Reden (Buk., 1976). <br \/><strong>\u2013 Irod.:<\/strong> Czir\u00e1ki; LSS, Ungarn, Reimar Alfred: Carl Wolff: Sein Leben ubd Wirken in Wort und Bild (Nicolae Nistorral; Buk., 1981); Szinnyei; Zilahi Gy\u00f6rgy: Jegyz\u00e9ke a kereskedelmi szakoktat\u00e1s k\u00f6r\u00e9be tartoz\u00f3 Mo.-on megjelent m\u0171veknek (Bp., 1913).<\/br><\/p>\n","protected":false},"excerpt":{"rendered":"<p>Segesv\u00e1r, 1849. okt. 11., \u2020 Szeben, 1929. okt. 3.: jog\u00e1sz, \u00fajs\u00e1g\u00edr\u00f3, nemzetgazd\u00e1sz, politikus. \u2013 Sz\u00fclei: Josef W. orvos \u00e9s Josefine Josephi. Feles\u00e9ge Gattin Friederike. A segesv\u00e1ri gimn\u00e1zium ut\u00e1n B\u00e9csben jogot tanult (1867\u2013), majd Heidelbergben, Bp.-en, Szebenben \u00e9s Kv.-on is tanult (1868\u201370). B\u00e9csben telepedett le (1871\u2013) \u00e9s a Neue Freie Presse \u00fajs\u00e1g szerkeszt\u0151je volt. Visszat\u00e9rt Erd\u00e9lybe [&hellip;]<\/p>\n","protected":false},"featured_media":0,"comment_status":"open","ping_status":"closed","template":"","meta":[],"product_brand":[],"product_cat":[137],"product_tag":[],"class_list":{"0":"post-24942","1":"product","2":"type-product","3":"status-publish","5":"product_cat-maros-megyei-eletrajzi-lexikon","7":"first","8":"instock","9":"shipping-taxable","10":"product-type-simple"},"_links":{"self":[{"href":"https:\/\/uj.adatbank.ro\/lexikon\/wp-json\/wp\/v2\/product\/24942","targetHints":{"allow":["GET"]}}],"collection":[{"href":"https:\/\/uj.adatbank.ro\/lexikon\/wp-json\/wp\/v2\/product"}],"about":[{"href":"https:\/\/uj.adatbank.ro\/lexikon\/wp-json\/wp\/v2\/types\/product"}],"replies":[{"embeddable":true,"href":"https:\/\/uj.adatbank.ro\/lexikon\/wp-json\/wp\/v2\/comments?post=24942"}],"wp:attachment":[{"href":"https:\/\/uj.adatbank.ro\/lexikon\/wp-json\/wp\/v2\/media?parent=24942"}],"wp:term":[{"taxonomy":"product_brand","embeddable":true,"href":"https:\/\/uj.adatbank.ro\/lexikon\/wp-json\/wp\/v2\/product_brand?post=24942"},{"taxonomy":"product_cat","embeddable":true,"href":"https:\/\/uj.adatbank.ro\/lexikon\/wp-json\/wp\/v2\/product_cat?post=24942"},{"taxonomy":"product_tag","embeddable":true,"href":"https:\/\/uj.adatbank.ro\/lexikon\/wp-json\/wp\/v2\/product_tag?post=24942"}],"curies":[{"name":"wp","href":"https:\/\/api.w.org\/{rel}","templated":true}]}}

WOLFF, Carl, § Károly

<p>Segesvár, 1849. okt. 11., † Szeben, 1929. okt. 3.: jogász, újságíró, nemzetgazdász, politikus. – Szülei: Josef W. orvos és Josefine Josephi. Felesége Gattin Friederike. A segesvári gimnázium után Bécsben jogot tanult (1867–), majd Heidelbergben, Bp.-en, Szebenben és Kv.-on is tanult (1868–70). Bécsben telepedett le (1871–) és a Neue Freie Presse újság szerkesztője volt. Visszatért Erdélybe és első főállású újságíróként vezetésével és közreműködésével átvette a szászok fontos organumának, az újonnan alakult Siebenbürgisch-Deutschen Tageblatt irányítását (1874–85). Képviselő volt a m. parlamentben (1881–87), több honismereti egyesület aktív tagja. A szebeni szász országgyűlés az Erdélyi Szászok Központi Bizottságának elnökévé választotta (1890). A szebeni takarékpénztár igazgatója (1885–), megalapította a szebeni Siebenbürger Vereinsbankot (1891), melynek tőkéjével számos gazdasági projektet támogatott, különösen az általa alapított Raiffeisen alapítványokat (1885), de Szeben modernizálását is, kezdeményezte vízierőmű építését (1895) és a villamosáram bevezetését Nagyszebenben. Erdély villamosításának egyik előharcosa volt, Szeben neki köszönheti a vasúti hálózathoz való csatlakozását, a villamosközlekedés megépítését (1904), egy szanatórium és gyógykezelőközpont létesítését, a „Junger Wald” pihenőhely megnyitását, új vízvezetékhálózat megépítését, a kanalizálást. Az Erdélyi Kárpát-Egyesület megalapítói (1880) és támogatói közé tartozott. Az erdélyi ev. egyház gondnoka volt, nagy szerepe volt annak megerősítésében –  <strong>F. m..:</strong> Die Fälle des §. 199. des österreichischen Strafgesetzbuches von 1852. und die entsprechenden Bestimmungen des neuen Strafgesetzentwurfes von 1874 (Wien, 1874); Die direkten Staatssteuern in sächsischen Städten&#8230; (Hermannstadt, 1881); Handfertigkeitsunterricht und Hausindustrie (Hermannstadt, 1884); Az Olthajózás és annak fontossága Magyarország és Romániára nézve (Hermannstadt, 1893); Emlékirat ipar- és kereskedelmi vállalatoknak Magyarország erdélyi részeiben való alapításáról (Hermannstadt, 1899); Az Olthajózás. (Hermannstadt, 1904); Aus meinem Leben (Lauban, 1929); Schriften und Reden (Buk., 1976). <br /><strong>– Irod.:</strong> Cziráki; LSS, Ungarn, Reimar Alfred: Carl Wolff: Sein Leben ubd Wirken in Wort und Bild (Nicolae Nistorral; Buk., 1981); Szinnyei; Zilahi György: Jegyzéke a kereskedelmi szakoktatás körébe tartozó Mo.-on megjelent műveknek (Bp., 1913).</br></p>

<p>Segesvár, 1849. okt. 11., † Szeben, 1929. okt. 3.: jogász, újságíró, nemzetgazdász, politikus. – Szülei: Josef W. orvos és Josefine Josephi. Felesége Gattin Friederike. A segesvári gimnázium után Bécsben jogot tanult (1867–), majd Heidelbergben, Bp.-en, Szebenben és Kv.-on is tanult (1868–70). Bécsben telepedett le (1871–) és a Neue Freie Presse újság szerkesztője volt. Visszatért Erdélybe [&hellip;]</p>
