{"id":24945,"date":"2025-08-01T18:27:04","date_gmt":"2025-08-01T16:27:04","guid":{"rendered":"https:\/\/uj.adatbank.ro\/lexikon\/termek\/wolff-johann-2\/"},"modified":"2025-08-01T18:27:04","modified_gmt":"2025-08-01T16:27:04","slug":"wolff-johann-2","status":"publish","type":"product","link":"https:\/\/uj.adatbank.ro\/lexikon\/termek\/wolff-johann-2\/","title":{"rendered":"WOLFF Johann"},"content":{"rendered":"<p>Malomker\u00e9k (Nagyk\u00fck\u00fcll\u0151), 1844. jan. 12., \u2020 P\u00e9terfalva, 1893. dec. 30.: ev. f\u0151gimn\u00e1ziumi igazgat\u00f3, majd lelk\u00e9sz. \u2013 A segesv\u00e1ri f\u0151gimn\u00e1ziumban tanult (\u20131865). Ezut\u00e1n n\u00e9lk\u00fcl\u00f6z\u00e9sekkel k\u00fczdve f\u00e9l\u00e9vet t\u00f6lthetett B\u00e9csben teol\u00f3giai tanulm\u00e1nyokkal foglalkozva; inn\u00e9t a fakult\u00e1s 50 forint seg\u00e9ly\u00e9vel T\u00fcbingenbe ment, hol m\u00e1sf\u00e9l \u00e9vet t\u00f6lt\u00f6tt \u00e9s az ev. teol\u00f3gi\u00e1n k\u00edv\u00fcl b\u00f6lcseleti, eszt\u00e9tikai \u00e9s germanisztikai el\u0151ad\u00e1sokat is hallgatott. Ezut\u00e1n a lipcsei egyetemre iratkozott be (1867). Visszat\u00e9rt haz\u00e1j\u00e1ba (1868), hol h\u00e1zitan\u00edt\u00f3s\u00e1got v\u00e1llalt. A sz\u00e1szsebesi algimn\u00e1ziumban kapott tan\u00e1ri alkalmaz\u00e1st (1870), hol igazgat\u00f3 lett (1874). Betegesked\u00e9se miatt lemondott tan\u00e1ri \u00e1ll\u00e1s\u00e1r\u00f3l, \u00e9s ekkor P\u00e9terfalva h\u00edvta meg lelk\u00e9sz\u00e9nek (1893. dec.), de a h\u00f3nap v\u00e9g\u00e9n meghalt. K\u00fclf\u00f6ldr\u0151l val\u00f3 hazat\u00e9r\u00e9s\u00e9t\u0151l fogva sz\u00fcnet n\u00e9lk\u00fcl foglalkozott az irodalommal. Nagy \u00e9rdemeket szerzett az erd\u00e9lyi sz\u00e1sz sz\u00f3t\u00e1r k\u00e9sz\u00edt\u00e9s\u00e9ben (1876), melyhez k\u00f6r\u00fclbel\u00fcl 10\u00a0000 c\u00e9dul\u00e1ja volt. Sokat \u00edrt az erd\u00e9lyi sz\u00e1sz h\u00edrlapokba \u00e9s foly\u00f3iratokba. <br \/><strong>\u2013 Irod.:<\/strong> Szinnyei.<\/br><\/p>\n","protected":false},"excerpt":{"rendered":"<p>Malomker\u00e9k (Nagyk\u00fck\u00fcll\u0151), 1844. jan. 12., \u2020 P\u00e9terfalva, 1893. dec. 30.: ev. f\u0151gimn\u00e1ziumi igazgat\u00f3, majd lelk\u00e9sz. \u2013 A segesv\u00e1ri f\u0151gimn\u00e1ziumban tanult (\u20131865). Ezut\u00e1n n\u00e9lk\u00fcl\u00f6z\u00e9sekkel k\u00fczdve f\u00e9l\u00e9vet t\u00f6lthetett B\u00e9csben teol\u00f3giai tanulm\u00e1nyokkal foglalkozva; inn\u00e9t a fakult\u00e1s 50 forint seg\u00e9ly\u00e9vel T\u00fcbingenbe ment, hol m\u00e1sf\u00e9l \u00e9vet t\u00f6lt\u00f6tt \u00e9s az ev. teol\u00f3gi\u00e1n k\u00edv\u00fcl b\u00f6lcseleti, eszt\u00e9tikai \u00e9s germanisztikai el\u0151ad\u00e1sokat is hallgatott. Ezut\u00e1n [&hellip;]<\/p>\n","protected":false},"featured_media":0,"comment_status":"open","ping_status":"closed","template":"","meta":[],"product_brand":[],"product_cat":[137],"product_tag":[],"class_list":{"0":"post-24945","1":"product","2":"type-product","3":"status-publish","5":"product_cat-maros-megyei-eletrajzi-lexikon","7":"first","8":"instock","9":"shipping-taxable","10":"product-type-simple"},"_links":{"self":[{"href":"https:\/\/uj.adatbank.ro\/lexikon\/wp-json\/wp\/v2\/product\/24945","targetHints":{"allow":["GET"]}}],"collection":[{"href":"https:\/\/uj.adatbank.ro\/lexikon\/wp-json\/wp\/v2\/product"}],"about":[{"href":"https:\/\/uj.adatbank.ro\/lexikon\/wp-json\/wp\/v2\/types\/product"}],"replies":[{"embeddable":true,"href":"https:\/\/uj.adatbank.ro\/lexikon\/wp-json\/wp\/v2\/comments?post=24945"}],"wp:attachment":[{"href":"https:\/\/uj.adatbank.ro\/lexikon\/wp-json\/wp\/v2\/media?parent=24945"}],"wp:term":[{"taxonomy":"product_brand","embeddable":true,"href":"https:\/\/uj.adatbank.ro\/lexikon\/wp-json\/wp\/v2\/product_brand?post=24945"},{"taxonomy":"product_cat","embeddable":true,"href":"https:\/\/uj.adatbank.ro\/lexikon\/wp-json\/wp\/v2\/product_cat?post=24945"},{"taxonomy":"product_tag","embeddable":true,"href":"https:\/\/uj.adatbank.ro\/lexikon\/wp-json\/wp\/v2\/product_tag?post=24945"}],"curies":[{"name":"wp","href":"https:\/\/api.w.org\/{rel}","templated":true}]}}