{"id":24946,"date":"2025-08-01T18:27:06","date_gmt":"2025-08-01T16:27:06","guid":{"rendered":"https:\/\/uj.adatbank.ro\/lexikon\/termek\/wolff-johann-3\/"},"modified":"2025-08-01T18:27:06","modified_gmt":"2025-08-01T16:27:06","slug":"wolff-johann-3","status":"publish","type":"product","link":"https:\/\/uj.adatbank.ro\/lexikon\/termek\/wolff-johann-3\/","title":{"rendered":"WOLFF Johann"},"content":{"rendered":"<p>Nagysink, 1865. nov. 8., \u2020 ?: b\u00f6lcseleti doktor, f\u0151gimn\u00e1ziumi igazgat\u00f3. \u2013 Miut\u00e1n a segesv\u00e1ri f\u0151gimn\u00e1ziumot elv\u00e9gezte (1878\u201384), a j\u00e9nai egyetemre ment, (1884 \u0151sz\u00e9n), hol f\u0151leg a n\u00e9met nyelvre \u00e9s irodalomra ford\u00edtotta figyelm\u00e9t. A k\u00f6vetkez\u0151 \u00e9vekben a kv.-i, strasbourgi \u00e9s a berlini egyetemeket l\u00e1togatta, szakt\u00e1rgy\u00e1nak \u00e9s a teol\u00f3gi\u00e1nak szentelv\u00e9n idej\u00e9t. Visszat\u00e9rve haz\u00e1j\u00e1ba (1888 nyar\u00e1n), Segesv\u00e1ron a gimn\u00e1ziumban a pr\u00f3batan\u00edt\u00e1si \u00e9v\u00e9nek eltelte ut\u00e1n n\u00e9metb\u0151l \u00e9s latinb\u00f3l tan\u00e1ri vizsg\u00e1t tett (1889), \u00e9s mint akad\u00e9miai tan\u00edt\u00f3t a segesv\u00e1ri fels\u0151bb elemi iskol\u00e1n\u00e1l alkalmazt\u00e1k; \u00e1ll\u00e1s\u00e1t a segesv\u00e1ri ev. szemin\u00e1rium tan\u00edt\u00f3i \u00e1ll\u00e1s\u00e1val cser\u00e9lte fel (1890\u2013), k\u00e9s\u0151bb a f\u0151gimn\u00e1zium tan\u00e1ra, majd igazgat\u00f3ja lett. Politikai, nyelv\u00e9szeti \u00e9s irodalmi cikkeket \u00edrt a Siebenb. D. Tageblattba, a Kronst\u00e4dter Zeitungba \u00e9s a Berliner Bl\u00e4tterbe. \u2013  <strong>F. m..:<\/strong> Der Purismus in der deutschen Literatur des 17. Jahrhunderts. (Strassburg, 1888.) (Doktori \u00e9rtekez\u00e9s.); Zur Geschichte der deutschen Schriftsprache in Siebenb\u00fcrgen mit besonderer Ber\u00fccksichtigung Sch\u00e4ssburgs. (Sch\u00e4ssburg, 1891.); Unsere politische Lage. Vortrag&#8230; (Kronstadt, 1894.); Johannes Lebel, ein siebenb\u00fcrgischer Humanist (Sch\u00e4ssburg, 1894); Deutsches Lesebuch f\u00fcr Mittelschulen. II-IV. Theil. (Hermannstadt, 1895, 1896, 1902); Unser Internat. (Hermannstadt, 1898); Goethe und das deutsche Volksthum. (h.n. 1900); Denkrede auf Schiller. (Hermannstadt, 1905); Die Gustav-Adolf Gemeinden des Sch\u00e4ssburger Kirchenbezirks (Felsendorf, Kreisch, Melmkrog, Peschendorf). Vortrag. (Hermannstadt, 1905); Unsere Landeskirche. Vortrag am 21. Febr. 1907. (h.n., 1907.); Schule und Haus. Rede&#8230; in Sch\u00e4ssburg. (Hermannstadt, 1908); Josef Andreas Zimmermann. Rede. (Sch\u00e4ssburg, 1910). <br \/><strong>\u2013 Irod.:<\/strong> Szinnyei.<\/br><\/p>\n","protected":false},"excerpt":{"rendered":"<p>Nagysink, 1865. nov. 8., \u2020 ?: b\u00f6lcseleti doktor, f\u0151gimn\u00e1ziumi igazgat\u00f3. \u2013 Miut\u00e1n a segesv\u00e1ri f\u0151gimn\u00e1ziumot elv\u00e9gezte (1878\u201384), a j\u00e9nai egyetemre ment, (1884 \u0151sz\u00e9n), hol f\u0151leg a n\u00e9met nyelvre \u00e9s irodalomra ford\u00edtotta figyelm\u00e9t. A k\u00f6vetkez\u0151 \u00e9vekben a kv.-i, strasbourgi \u00e9s a berlini egyetemeket l\u00e1togatta, szakt\u00e1rgy\u00e1nak \u00e9s a teol\u00f3gi\u00e1nak szentelv\u00e9n idej\u00e9t. Visszat\u00e9rve haz\u00e1j\u00e1ba (1888 nyar\u00e1n), Segesv\u00e1ron a [&hellip;]<\/p>\n","protected":false},"featured_media":0,"comment_status":"open","ping_status":"closed","template":"","meta":[],"product_brand":[],"product_cat":[137],"product_tag":[],"class_list":{"0":"post-24946","1":"product","2":"type-product","3":"status-publish","5":"product_cat-maros-megyei-eletrajzi-lexikon","7":"first","8":"instock","9":"shipping-taxable","10":"product-type-simple"},"_links":{"self":[{"href":"https:\/\/uj.adatbank.ro\/lexikon\/wp-json\/wp\/v2\/product\/24946","targetHints":{"allow":["GET"]}}],"collection":[{"href":"https:\/\/uj.adatbank.ro\/lexikon\/wp-json\/wp\/v2\/product"}],"about":[{"href":"https:\/\/uj.adatbank.ro\/lexikon\/wp-json\/wp\/v2\/types\/product"}],"replies":[{"embeddable":true,"href":"https:\/\/uj.adatbank.ro\/lexikon\/wp-json\/wp\/v2\/comments?post=24946"}],"wp:attachment":[{"href":"https:\/\/uj.adatbank.ro\/lexikon\/wp-json\/wp\/v2\/media?parent=24946"}],"wp:term":[{"taxonomy":"product_brand","embeddable":true,"href":"https:\/\/uj.adatbank.ro\/lexikon\/wp-json\/wp\/v2\/product_brand?post=24946"},{"taxonomy":"product_cat","embeddable":true,"href":"https:\/\/uj.adatbank.ro\/lexikon\/wp-json\/wp\/v2\/product_cat?post=24946"},{"taxonomy":"product_tag","embeddable":true,"href":"https:\/\/uj.adatbank.ro\/lexikon\/wp-json\/wp\/v2\/product_tag?post=24946"}],"curies":[{"name":"wp","href":"https:\/\/api.w.org\/{rel}","templated":true}]}}

<p>Nagysink, 1865. nov. 8., † ?: bölcseleti doktor, főgimnáziumi igazgató. – Miután a segesvári főgimnáziumot elvégezte (1878–84), a jénai egyetemre ment, (1884 őszén), hol főleg a német nyelvre és irodalomra fordította figyelmét. A következő években a kv.-i, strasbourgi és a berlini egyetemeket látogatta, szaktárgyának és a teológiának szentelvén idejét. Visszatérve hazájába (1888 nyarán), Segesváron a gimnáziumban a próbatanítási évének eltelte után németből és latinból tanári vizsgát tett (1889), és mint akadémiai tanítót a segesvári felsőbb elemi iskolánál alkalmazták; állását a segesvári ev. szeminárium tanítói állásával cserélte fel (1890–), később a főgimnázium tanára, majd igazgatója lett. Politikai, nyelvészeti és irodalmi cikkeket írt a Siebenb. D. Tageblattba, a Kronstädter Zeitungba és a Berliner Blätterbe. –  <strong>F. m..:</strong> Der Purismus in der deutschen Literatur des 17. Jahrhunderts. (Strassburg, 1888.) (Doktori értekezés.); Zur Geschichte der deutschen Schriftsprache in Siebenbürgen mit besonderer Berücksichtigung Schässburgs. (Schässburg, 1891.); Unsere politische Lage. Vortrag&#8230; (Kronstadt, 1894.); Johannes Lebel, ein siebenbürgischer Humanist (Schässburg, 1894); Deutsches Lesebuch für Mittelschulen. II-IV. Theil. (Hermannstadt, 1895, 1896, 1902); Unser Internat. (Hermannstadt, 1898); Goethe und das deutsche Volksthum. (h.n. 1900); Denkrede auf Schiller. (Hermannstadt, 1905); Die Gustav-Adolf Gemeinden des Schässburger Kirchenbezirks (Felsendorf, Kreisch, Melmkrog, Peschendorf). Vortrag. (Hermannstadt, 1905); Unsere Landeskirche. Vortrag am 21. Febr. 1907. (h.n., 1907.); Schule und Haus. Rede&#8230; in Schässburg. (Hermannstadt, 1908); Josef Andreas Zimmermann. Rede. (Schässburg, 1910). <br /><strong>– Irod.:</strong> Szinnyei.</br></p>

<p>Nagysink, 1865. nov. 8., † ?: bölcseleti doktor, főgimnáziumi igazgató. – Miután a segesvári főgimnáziumot elvégezte (1878–84), a jénai egyetemre ment, (1884 őszén), hol főleg a német nyelvre és irodalomra fordította figyelmét. A következő években a kv.-i, strasbourgi és a berlini egyetemeket látogatta, szaktárgyának és a teológiának szentelvén idejét. Visszatérve hazájába (1888 nyarán), Segesváron a [&hellip;]</p>
