{"id":24949,"date":"2025-08-01T18:27:15","date_gmt":"2025-08-01T16:27:15","guid":{"rendered":"https:\/\/uj.adatbank.ro\/lexikon\/termek\/wolff-petrus\/"},"modified":"2025-08-01T18:27:15","modified_gmt":"2025-08-01T16:27:15","slug":"wolff-petrus","status":"publish","type":"product","link":"https:\/\/uj.adatbank.ro\/lexikon\/termek\/wolff-petrus\/","title":{"rendered":"WOLFF Petrus"},"content":{"rendered":"<p>F\u00fcletelke, 1819. szept. 19., \u2020 Feh\u00e9regyh\u00e1za 1887. febr. 23.: evang. lelk\u00e9sz. \u2013 Tanult a segesv\u00e1ri (1835\u2013), a besztercei f\u0151gimn\u00e1ziumban (1838\u2013); miut\u00e1n az ut\u00f3bbi helyen letette az \u00e9retts\u00e9gi vizsg\u00e1t, h\u00e1rom \u00e9vig a b\u00e9csi evang. teol\u00f3giai int\u00e9zetet l\u00e1togatta, majd a t\u00fcbingeni egyetem hallgat\u00f3ja volt (1845\u201347) Visszat\u00e9rt haz\u00e1j\u00e1ba (1848 elej\u00e9n) \u00e9s azon \u00e9v m\u00e1j.-ban Kundon lett lelk\u00e9sz. A Roth-f\u00e9le v\u00e1llalatban val\u00f3 r\u00e9szv\u00e9tele gyan\u00faj\u00e1val a magyarok fogs\u00e1g\u00e1ba ker\u00fclt (1849); innen kiszabadulv\u00e1n, kolera \u00e9s t\u00edfusz betegs\u00e9ge k\u00f6vetkezt\u00e9ben t\u00f6bb \u00e9vig munkak\u00e9ptelen volt. Lelk\u00e9sz lett Kundon, Zsidv\u00e9n, (1864 \u0151sz\u00e9n), mely \u00e1ll\u00e1s\u00e1t a feh\u00e9regyh\u00e1zaival cser\u00e9lte fel (1873\u2013). \u2013  <strong>F. m..:<\/strong> Siebenb\u00fcrgen und die Auswanderung dahin. Nebst den Ursachen, warum die W\u00fcrttemberger f\u00fcr jetzt dahin und nicht nach Amerika auswandern sollen. (Heilbronn, 1847.); Der F\u00fchrer und Rathgeber auf der Reise nach Ungarn und Siebenb\u00fcrgen. Mit 2 Karten. (Reutlingen, 1847). <br \/><strong>\u2013 Irod.:<\/strong> Szinnyei.<\/br><\/p>\n","protected":false},"excerpt":{"rendered":"<p>F\u00fcletelke, 1819. szept. 19., \u2020 Feh\u00e9regyh\u00e1za 1887. febr. 23.: evang. lelk\u00e9sz. \u2013 Tanult a segesv\u00e1ri (1835\u2013), a besztercei f\u0151gimn\u00e1ziumban (1838\u2013); miut\u00e1n az ut\u00f3bbi helyen letette az \u00e9retts\u00e9gi vizsg\u00e1t, h\u00e1rom \u00e9vig a b\u00e9csi evang. teol\u00f3giai int\u00e9zetet l\u00e1togatta, majd a t\u00fcbingeni egyetem hallgat\u00f3ja volt (1845\u201347) Visszat\u00e9rt haz\u00e1j\u00e1ba (1848 elej\u00e9n) \u00e9s azon \u00e9v m\u00e1j.-ban Kundon lett lelk\u00e9sz. A [&hellip;]<\/p>\n","protected":false},"featured_media":0,"comment_status":"open","ping_status":"closed","template":"","meta":[],"product_brand":[],"product_cat":[137],"product_tag":[],"class_list":{"0":"post-24949","1":"product","2":"type-product","3":"status-publish","5":"product_cat-maros-megyei-eletrajzi-lexikon","7":"first","8":"instock","9":"shipping-taxable","10":"product-type-simple"},"_links":{"self":[{"href":"https:\/\/uj.adatbank.ro\/lexikon\/wp-json\/wp\/v2\/product\/24949","targetHints":{"allow":["GET"]}}],"collection":[{"href":"https:\/\/uj.adatbank.ro\/lexikon\/wp-json\/wp\/v2\/product"}],"about":[{"href":"https:\/\/uj.adatbank.ro\/lexikon\/wp-json\/wp\/v2\/types\/product"}],"replies":[{"embeddable":true,"href":"https:\/\/uj.adatbank.ro\/lexikon\/wp-json\/wp\/v2\/comments?post=24949"}],"wp:attachment":[{"href":"https:\/\/uj.adatbank.ro\/lexikon\/wp-json\/wp\/v2\/media?parent=24949"}],"wp:term":[{"taxonomy":"product_brand","embeddable":true,"href":"https:\/\/uj.adatbank.ro\/lexikon\/wp-json\/wp\/v2\/product_brand?post=24949"},{"taxonomy":"product_cat","embeddable":true,"href":"https:\/\/uj.adatbank.ro\/lexikon\/wp-json\/wp\/v2\/product_cat?post=24949"},{"taxonomy":"product_tag","embeddable":true,"href":"https:\/\/uj.adatbank.ro\/lexikon\/wp-json\/wp\/v2\/product_tag?post=24949"}],"curies":[{"name":"wp","href":"https:\/\/api.w.org\/{rel}","templated":true}]}}

<p>Fületelke, 1819. szept. 19., † Fehéregyháza 1887. febr. 23.: evang. lelkész. – Tanult a segesvári (1835–), a besztercei főgimnáziumban (1838–); miután az utóbbi helyen letette az érettségi vizsgát, három évig a bécsi evang. teológiai intézetet látogatta, majd a tübingeni egyetem hallgatója volt (1845–47) Visszatért hazájába (1848 elején) és azon év máj.-ban Kundon lett lelkész. A Roth-féle vállalatban való részvétele gyanújával a magyarok fogságába került (1849); innen kiszabadulván, kolera és tífusz betegsége következtében több évig munkaképtelen volt. Lelkész lett Kundon, Zsidvén, (1864 őszén), mely állását a fehéregyházaival cserélte fel (1873–). –  <strong>F. m..:</strong> Siebenbürgen und die Auswanderung dahin. Nebst den Ursachen, warum die Württemberger für jetzt dahin und nicht nach Amerika auswandern sollen. (Heilbronn, 1847.); Der Führer und Rathgeber auf der Reise nach Ungarn und Siebenbürgen. Mit 2 Karten. (Reutlingen, 1847). <br /><strong>– Irod.:</strong> Szinnyei.</br></p>

<p>Fületelke, 1819. szept. 19., † Fehéregyháza 1887. febr. 23.: evang. lelkész. – Tanult a segesvári (1835–), a besztercei főgimnáziumban (1838–); miután az utóbbi helyen letette az érettségi vizsgát, három évig a bécsi evang. teológiai intézetet látogatta, majd a tübingeni egyetem hallgatója volt (1845–47) Visszatért hazájába (1848 elején) és azon év máj.-ban Kundon lett lelkész. A [&hellip;]</p>
