{"id":24953,"date":"2025-08-01T18:27:23","date_gmt":"2025-08-01T16:27:23","guid":{"rendered":"https:\/\/uj.adatbank.ro\/lexikon\/termek\/wonnerth-rudolf\/"},"modified":"2025-08-01T18:27:23","modified_gmt":"2025-08-01T16:27:23","slug":"wonnerth-rudolf","status":"publish","type":"product","link":"https:\/\/uj.adatbank.ro\/lexikon\/termek\/wonnerth-rudolf\/","title":{"rendered":"WONNERTH, Rudolf"},"content":{"rendered":"<p>? \u2020 ?: igazgat\u00f3tan\u00edt\u00f3. \u2013 Apoldon az ev. sz\u00e1sz iskol\u00e1ban tan\u00edtott (1923\u201350). Hossz\u00fa m\u0171k\u00f6d\u00e9se alatt az V\u2013VII. oszt.-ban tan\u00edtott, az iskol\u00e1t a vezet\u0151tan\u00e1cs seg\u00edts\u00e9g\u00e9vel vezette, gy\u00fcm\u00f6lcs\u00f6ztette az iskola tulajdon\u00e1ban lev\u0151 f\u00f6ldek j\u00f6vedelm\u00e9t, \u00f6nell\u00e1t\u00f3v\u00e1 \u00e9s f\u00fcggetlenn\u00e9 tette azt. Iskolam\u00fazeumot l\u00e9tes\u00edtett, amelyben a tanul\u00f3kkal gy\u0171jt\u00f6tt anyagokat \u00e1ll\u00edtott\u00e1k ki. Kir\u00e1ndul\u00e1sokat szervezett a tanul\u00f3knak, t\u00f6bbek k\u00f6z\u00f6tt Buk.-be is (1932). Rendben tartotta az isk. iratt\u00e1r\u00e1t. Letette az I. fokozat\u00fa vizsg\u00e1t (1934). <br \/><strong>\u2013 Irod.:<\/strong> Apold.<\/br><\/p>\n","protected":false},"excerpt":{"rendered":"<p>? \u2020 ?: igazgat\u00f3tan\u00edt\u00f3. \u2013 Apoldon az ev. sz\u00e1sz iskol\u00e1ban tan\u00edtott (1923\u201350). Hossz\u00fa m\u0171k\u00f6d\u00e9se alatt az V\u2013VII. oszt.-ban tan\u00edtott, az iskol\u00e1t a vezet\u0151tan\u00e1cs seg\u00edts\u00e9g\u00e9vel vezette, gy\u00fcm\u00f6lcs\u00f6ztette az iskola tulajdon\u00e1ban lev\u0151 f\u00f6ldek j\u00f6vedelm\u00e9t, \u00f6nell\u00e1t\u00f3v\u00e1 \u00e9s f\u00fcggetlenn\u00e9 tette azt. Iskolam\u00fazeumot l\u00e9tes\u00edtett, amelyben a tanul\u00f3kkal gy\u0171jt\u00f6tt anyagokat \u00e1ll\u00edtott\u00e1k ki. Kir\u00e1ndul\u00e1sokat szervezett a tanul\u00f3knak, t\u00f6bbek k\u00f6z\u00f6tt Buk.-be is (1932). [&hellip;]<\/p>\n","protected":false},"featured_media":0,"comment_status":"open","ping_status":"closed","template":"","meta":[],"product_brand":[],"product_cat":[137],"product_tag":[],"class_list":{"0":"post-24953","1":"product","2":"type-product","3":"status-publish","5":"product_cat-maros-megyei-eletrajzi-lexikon","7":"first","8":"instock","9":"shipping-taxable","10":"product-type-simple"},"_links":{"self":[{"href":"https:\/\/uj.adatbank.ro\/lexikon\/wp-json\/wp\/v2\/product\/24953","targetHints":{"allow":["GET"]}}],"collection":[{"href":"https:\/\/uj.adatbank.ro\/lexikon\/wp-json\/wp\/v2\/product"}],"about":[{"href":"https:\/\/uj.adatbank.ro\/lexikon\/wp-json\/wp\/v2\/types\/product"}],"replies":[{"embeddable":true,"href":"https:\/\/uj.adatbank.ro\/lexikon\/wp-json\/wp\/v2\/comments?post=24953"}],"wp:attachment":[{"href":"https:\/\/uj.adatbank.ro\/lexikon\/wp-json\/wp\/v2\/media?parent=24953"}],"wp:term":[{"taxonomy":"product_brand","embeddable":true,"href":"https:\/\/uj.adatbank.ro\/lexikon\/wp-json\/wp\/v2\/product_brand?post=24953"},{"taxonomy":"product_cat","embeddable":true,"href":"https:\/\/uj.adatbank.ro\/lexikon\/wp-json\/wp\/v2\/product_cat?post=24953"},{"taxonomy":"product_tag","embeddable":true,"href":"https:\/\/uj.adatbank.ro\/lexikon\/wp-json\/wp\/v2\/product_tag?post=24953"}],"curies":[{"name":"wp","href":"https:\/\/api.w.org\/{rel}","templated":true}]}}

<p>? † ?: igazgatótanító. – Apoldon az ev. szász iskolában tanított (1923–50). Hosszú működése alatt az V–VII. oszt.-ban tanított, az iskolát a vezetőtanács segítségével vezette, gyümölcsöztette az iskola tulajdonában levő földek jövedelmét, önellátóvá és függetlenné tette azt. Iskolamúzeumot létesített, amelyben a tanulókkal gyűjtött anyagokat állították ki. Kirándulásokat szervezett a tanulóknak, többek között Buk.-be is (1932). Rendben tartotta az isk. irattárát. Letette az I. fokozatú vizsgát (1934). <br /><strong>– Irod.:</strong> Apold.</br></p>

<p>? † ?: igazgatótanító. – Apoldon az ev. szász iskolában tanított (1923–50). Hosszú működése alatt az V–VII. oszt.-ban tanított, az iskolát a vezetőtanács segítségével vezette, gyümölcsöztette az iskola tulajdonában levő földek jövedelmét, önellátóvá és függetlenné tette azt. Iskolamúzeumot létesített, amelyben a tanulókkal gyűjtött anyagokat állították ki. Kirándulásokat szervezett a tanulóknak, többek között Buk.-be is (1932). [&hellip;]</p>
