{"id":24956,"date":"2025-08-01T18:27:29","date_gmt":"2025-08-01T16:27:29","guid":{"rendered":"https:\/\/uj.adatbank.ro\/lexikon\/termek\/wuhr-hans\/"},"modified":"2025-08-01T18:27:29","modified_gmt":"2025-08-01T16:27:29","slug":"wuhr-hans","status":"publish","type":"product","link":"https:\/\/uj.adatbank.ro\/lexikon\/termek\/wuhr-hans\/","title":{"rendered":"W\u00dcHR, Hans"},"content":{"rendered":"<p>Sz\u00e1szr\u00e9gen, 1891. jan. 25., \u2020 Gr\u00fcnwald bei M\u00fcnchen, 1982. \u00e1pr. 23.: m\u0171v\u00e9szett\u00f6rt\u00e9n\u00e9sz, k\u00f6lt\u0151 \u2013 Filoz\u00f3fi\u00e1t \u00e9s m\u0171v\u00e9szett\u00f6rt\u00e9netet tanult Berlinben, Genfben, M\u00fcnchenben, Budapesten \u00e9s Kv.-on (\u20131914); katona volt (1914\u201319), elnyerte a doktori c\u00edmet (1923). A szebeni Brukenthal M\u00fazeum alkalmazottjak\u00e9nt Berlinbe utazott (1926). Tanulm\u00e1nya jelent meg a P\u00e1sztort\u0171zben (1926). Kult\u00fart\u00f6rt\u00e9neti lelt\u00e1rfelv\u00e9tel \u00e9s t\u00e1j\u00e9koz\u00f3d\u00e1s \u00e9rdek\u00e9ben bej\u00e1rta Eur\u00f3pa sz\u00e1mos \u00e1llam\u00e1t (1928\u201333), majd Berlinben az \u00e1llami m\u00fazeumban dolgozott (1933\u201339), k\u00f6vetkezett a h\u00e1bor\u00fa \u00e9s a hadifogs\u00e1g. A Bajor Nemzeti M\u00fazeum alkalmazottja (1948\u201354), majd szabadfoglalkoz\u00e1s\u00fa \u00edr\u00f3 \u00e9s m\u0171v\u00e9szett\u00f6rt\u00e9n\u00e9sz. \u2013  <strong>F. m..:<\/strong> Figurenschmuck der Schwarzen Kirche (Kronstadt, 1926); Siebenb\u00fcrgen, aufgenommen von O. Netoliczka, (Berlin, 1938); Hans Holbein (Baden-Baden, 1948); Siebenb\u00fcrgen Kirchenburgen (Kitzingen, 1949); Alten Uhren (Darmstadt, 1956); Altes Zinn (Darmstadt, 1957); Fritz Kimm (M\u00fcnchen, 1964); Ernst Honigberger (M\u00fcnchen, 1964); Oskar G: Netoliczka (M\u00fcnchen, 1975); Aus einen Roseninnern: Gedichte (Innsbruck, 1978); <strong>antol\u00f3g.:<\/strong> Herz der Heimat: Deutsche Lyrik aus Siebenb\u00fcrgen (M\u00fcnchen, 1937). <br \/><strong>\u2013 Irod.:<\/strong> LSS; Pomog\u00e1ts 1.; Transilvania.<\/br><\/p>\n","protected":false},"excerpt":{"rendered":"<p>Sz\u00e1szr\u00e9gen, 1891. jan. 25., \u2020 Gr\u00fcnwald bei M\u00fcnchen, 1982. \u00e1pr. 23.: m\u0171v\u00e9szett\u00f6rt\u00e9n\u00e9sz, k\u00f6lt\u0151 \u2013 Filoz\u00f3fi\u00e1t \u00e9s m\u0171v\u00e9szett\u00f6rt\u00e9netet tanult Berlinben, Genfben, M\u00fcnchenben, Budapesten \u00e9s Kv.-on (\u20131914); katona volt (1914\u201319), elnyerte a doktori c\u00edmet (1923). A szebeni Brukenthal M\u00fazeum alkalmazottjak\u00e9nt Berlinbe utazott (1926). Tanulm\u00e1nya jelent meg a P\u00e1sztort\u0171zben (1926). Kult\u00fart\u00f6rt\u00e9neti lelt\u00e1rfelv\u00e9tel \u00e9s t\u00e1j\u00e9koz\u00f3d\u00e1s \u00e9rdek\u00e9ben bej\u00e1rta Eur\u00f3pa sz\u00e1mos [&hellip;]<\/p>\n","protected":false},"featured_media":0,"comment_status":"open","ping_status":"closed","template":"","meta":[],"product_brand":[],"product_cat":[137],"product_tag":[],"class_list":{"0":"post-24956","1":"product","2":"type-product","3":"status-publish","5":"product_cat-maros-megyei-eletrajzi-lexikon","7":"first","8":"instock","9":"shipping-taxable","10":"product-type-simple"},"_links":{"self":[{"href":"https:\/\/uj.adatbank.ro\/lexikon\/wp-json\/wp\/v2\/product\/24956","targetHints":{"allow":["GET"]}}],"collection":[{"href":"https:\/\/uj.adatbank.ro\/lexikon\/wp-json\/wp\/v2\/product"}],"about":[{"href":"https:\/\/uj.adatbank.ro\/lexikon\/wp-json\/wp\/v2\/types\/product"}],"replies":[{"embeddable":true,"href":"https:\/\/uj.adatbank.ro\/lexikon\/wp-json\/wp\/v2\/comments?post=24956"}],"wp:attachment":[{"href":"https:\/\/uj.adatbank.ro\/lexikon\/wp-json\/wp\/v2\/media?parent=24956"}],"wp:term":[{"taxonomy":"product_brand","embeddable":true,"href":"https:\/\/uj.adatbank.ro\/lexikon\/wp-json\/wp\/v2\/product_brand?post=24956"},{"taxonomy":"product_cat","embeddable":true,"href":"https:\/\/uj.adatbank.ro\/lexikon\/wp-json\/wp\/v2\/product_cat?post=24956"},{"taxonomy":"product_tag","embeddable":true,"href":"https:\/\/uj.adatbank.ro\/lexikon\/wp-json\/wp\/v2\/product_tag?post=24956"}],"curies":[{"name":"wp","href":"https:\/\/api.w.org\/{rel}","templated":true}]}}

WÜHR, Hans

<p>Szászrégen, 1891. jan. 25., † Grünwald bei München, 1982. ápr. 23.: művészettörténész, költő – Filozófiát és művészettörténetet tanult Berlinben, Genfben, Münchenben, Budapesten és Kv.-on (–1914); katona volt (1914–19), elnyerte a doktori címet (1923). A szebeni Brukenthal Múzeum alkalmazottjaként Berlinbe utazott (1926). Tanulmánya jelent meg a Pásztortűzben (1926). Kultúrtörténeti leltárfelvétel és tájékozódás érdekében bejárta Európa számos államát (1928–33), majd Berlinben az állami múzeumban dolgozott (1933–39), következett a háború és a hadifogság. A Bajor Nemzeti Múzeum alkalmazottja (1948–54), majd szabadfoglalkozású író és művészettörténész. –  <strong>F. m..:</strong> Figurenschmuck der Schwarzen Kirche (Kronstadt, 1926); Siebenbürgen, aufgenommen von O. Netoliczka, (Berlin, 1938); Hans Holbein (Baden-Baden, 1948); Siebenbürgen Kirchenburgen (Kitzingen, 1949); Alten Uhren (Darmstadt, 1956); Altes Zinn (Darmstadt, 1957); Fritz Kimm (München, 1964); Ernst Honigberger (München, 1964); Oskar G: Netoliczka (München, 1975); Aus einen Roseninnern: Gedichte (Innsbruck, 1978); <strong>antológ.:</strong> Herz der Heimat: Deutsche Lyrik aus Siebenbürgen (München, 1937). <br /><strong>– Irod.:</strong> LSS; Pomogáts 1.; Transilvania.</br></p>

<p>Szászrégen, 1891. jan. 25., † Grünwald bei München, 1982. ápr. 23.: művészettörténész, költő – Filozófiát és művészettörténetet tanult Berlinben, Genfben, Münchenben, Budapesten és Kv.-on (–1914); katona volt (1914–19), elnyerte a doktori címet (1923). A szebeni Brukenthal Múzeum alkalmazottjaként Berlinbe utazott (1926). Tanulmánya jelent meg a Pásztortűzben (1926). Kultúrtörténeti leltárfelvétel és tájékozódás érdekében bejárta Európa számos [&hellip;]</p>
