{"id":24960,"date":"2025-08-01T18:27:39","date_gmt":"2025-08-01T16:27:39","guid":{"rendered":"https:\/\/uj.adatbank.ro\/lexikon\/termek\/wurmbrand-ferdinand\/"},"modified":"2025-08-01T18:27:39","modified_gmt":"2025-08-01T16:27:39","slug":"wurmbrand-ferdinand","status":"publish","type":"product","link":"https:\/\/uj.adatbank.ro\/lexikon\/termek\/wurmbrand-ferdinand\/","title":{"rendered":"WURMBRAND, Ferdinand"},"content":{"rendered":"<p>S\u00e1romberke, 1835. j\u00fal. 23., \u2020, ?: katonatiszt. \u2013 Tanult B\u00e9csben, a Leimgrube Hadm\u00e9rn\u00f6ki Akad\u00e9mi\u00e1n (1849\u20131851). <br \/><strong>\u2013 Irod.:<\/strong> Szab\u00f3\u2013Sz\u00f6gi.<\/br><\/p>\n","protected":false},"excerpt":{"rendered":"<p>S\u00e1romberke, 1835. j\u00fal. 23., \u2020, ?: katonatiszt. \u2013 Tanult B\u00e9csben, a Leimgrube Hadm\u00e9rn\u00f6ki Akad\u00e9mi\u00e1n (1849\u20131851). \u2013 Irod.: Szab\u00f3\u2013Sz\u00f6gi.<\/p>\n","protected":false},"featured_media":0,"comment_status":"open","ping_status":"closed","template":"","meta":[],"product_brand":[],"product_cat":[137],"product_tag":[],"class_list":{"0":"post-24960","1":"product","2":"type-product","3":"status-publish","5":"product_cat-maros-megyei-eletrajzi-lexikon","7":"first","8":"instock","9":"shipping-taxable","10":"product-type-simple"},"_links":{"self":[{"href":"https:\/\/uj.adatbank.ro\/lexikon\/wp-json\/wp\/v2\/product\/24960","targetHints":{"allow":["GET"]}}],"collection":[{"href":"https:\/\/uj.adatbank.ro\/lexikon\/wp-json\/wp\/v2\/product"}],"about":[{"href":"https:\/\/uj.adatbank.ro\/lexikon\/wp-json\/wp\/v2\/types\/product"}],"replies":[{"embeddable":true,"href":"https:\/\/uj.adatbank.ro\/lexikon\/wp-json\/wp\/v2\/comments?post=24960"}],"wp:attachment":[{"href":"https:\/\/uj.adatbank.ro\/lexikon\/wp-json\/wp\/v2\/media?parent=24960"}],"wp:term":[{"taxonomy":"product_brand","embeddable":true,"href":"https:\/\/uj.adatbank.ro\/lexikon\/wp-json\/wp\/v2\/product_brand?post=24960"},{"taxonomy":"product_cat","embeddable":true,"href":"https:\/\/uj.adatbank.ro\/lexikon\/wp-json\/wp\/v2\/product_cat?post=24960"},{"taxonomy":"product_tag","embeddable":true,"href":"https:\/\/uj.adatbank.ro\/lexikon\/wp-json\/wp\/v2\/product_tag?post=24960"}],"curies":[{"name":"wp","href":"https:\/\/api.w.org\/{rel}","templated":true}]}}