{"id":24968,"date":"2025-08-01T18:27:57","date_gmt":"2025-08-01T16:27:57","guid":{"rendered":"https:\/\/uj.adatbank.ro\/lexikon\/termek\/zabolai-mihaly-2\/"},"modified":"2025-08-01T18:27:57","modified_gmt":"2025-08-01T16:27:57","slug":"zabolai-mihaly-2","status":"publish","type":"product","link":"https:\/\/uj.adatbank.ro\/lexikon\/termek\/zabolai-mihaly-2\/","title":{"rendered":"ZABOLAI Mih\u00e1ly"},"content":{"rendered":"<p>? \u2020Abaf\u00e1ja, 1783. febr.: tan\u00edt\u00f3, ref. lelk\u00e9sz. \u2013 Mv.-en subscrib\u00e1lt (1736). Nagy\u00f6lyvesen (1741\u201344) \u00e9s Magyarr\u00e9genben (1745) volt mester. L\u00fadv\u00e9gen (1746\u201348), S\u00e1romberk\u00e9n (1750\u201357), Oroszf\u00e1j\u00e1n (1766\u201375) \u00e9s Abaf\u00e1j\u00e1n volt lelk\u00e9sz hal\u00e1l\u00e1ig (1757\u201365, 1776\u201383. febr.). <br \/><strong>\u2013 Irod.:<\/strong> Abaf\u00e1ja; \u0150sz.<\/br><\/p>\n","protected":false},"excerpt":{"rendered":"<p>? \u2020Abaf\u00e1ja, 1783. febr.: tan\u00edt\u00f3, ref. lelk\u00e9sz. \u2013 Mv.-en subscrib\u00e1lt (1736). Nagy\u00f6lyvesen (1741\u201344) \u00e9s Magyarr\u00e9genben (1745) volt mester. L\u00fadv\u00e9gen (1746\u201348), S\u00e1romberk\u00e9n (1750\u201357), Oroszf\u00e1j\u00e1n (1766\u201375) \u00e9s Abaf\u00e1j\u00e1n volt lelk\u00e9sz hal\u00e1l\u00e1ig (1757\u201365, 1776\u201383. febr.). \u2013 Irod.: Abaf\u00e1ja; \u0150sz.<\/p>\n","protected":false},"featured_media":0,"comment_status":"open","ping_status":"closed","template":"","meta":[],"product_brand":[],"product_cat":[137],"product_tag":[],"class_list":{"0":"post-24968","1":"product","2":"type-product","3":"status-publish","5":"product_cat-maros-megyei-eletrajzi-lexikon","7":"first","8":"instock","9":"shipping-taxable","10":"product-type-simple"},"_links":{"self":[{"href":"https:\/\/uj.adatbank.ro\/lexikon\/wp-json\/wp\/v2\/product\/24968","targetHints":{"allow":["GET"]}}],"collection":[{"href":"https:\/\/uj.adatbank.ro\/lexikon\/wp-json\/wp\/v2\/product"}],"about":[{"href":"https:\/\/uj.adatbank.ro\/lexikon\/wp-json\/wp\/v2\/types\/product"}],"replies":[{"embeddable":true,"href":"https:\/\/uj.adatbank.ro\/lexikon\/wp-json\/wp\/v2\/comments?post=24968"}],"wp:attachment":[{"href":"https:\/\/uj.adatbank.ro\/lexikon\/wp-json\/wp\/v2\/media?parent=24968"}],"wp:term":[{"taxonomy":"product_brand","embeddable":true,"href":"https:\/\/uj.adatbank.ro\/lexikon\/wp-json\/wp\/v2\/product_brand?post=24968"},{"taxonomy":"product_cat","embeddable":true,"href":"https:\/\/uj.adatbank.ro\/lexikon\/wp-json\/wp\/v2\/product_cat?post=24968"},{"taxonomy":"product_tag","embeddable":true,"href":"https:\/\/uj.adatbank.ro\/lexikon\/wp-json\/wp\/v2\/product_tag?post=24968"}],"curies":[{"name":"wp","href":"https:\/\/api.w.org\/{rel}","templated":true}]}}