{"id":24971,"date":"2025-08-01T18:28:04","date_gmt":"2025-08-01T16:28:04","guid":{"rendered":"https:\/\/uj.adatbank.ro\/lexikon\/termek\/zach-antal\/"},"modified":"2025-08-01T18:28:04","modified_gmt":"2025-08-01T16:28:04","slug":"zach-antal","status":"publish","type":"product","link":"https:\/\/uj.adatbank.ro\/lexikon\/termek\/zach-antal\/","title":{"rendered":"Z\u00c1CH Antal"},"content":{"rendered":"<p>1842? \u2020\u00a0Mv., 1919. m\u00e1j. 27.: zenetan\u00e1r. \u2013 A mv.-i Ref. Koll.-ban tan\u00edtott zen\u00e9t \u00e9s \u00e9neket 50 \u00e9vig (1876\u20131919). A zeneszert\u00e1r \u0151re volt. Mv. zenei \u00e9let\u00e9nek szervez\u0151je a 19. sz. 70-es, 80-as, 90-es \u00e9veiben. Vez\u00e9nyelte a Ref. F\u0151tanoda ifjainak \u00e9nek- \u00e9s zenekar\u00e1t, heged\u0171n is j\u00e1tszott. R\u00e9szleteket adtak el\u0151 t\u00f6bbek k\u00f6z\u00f6tt az Elizonzoi le\u00e1ny \u00e9s a Girofle Girofla c. dalm\u0171vekb\u0151l, amelyeknek zen\u00e9j\u00e9t \u0151 szerezte (1878). Orendi nev\u0171 helyi zongoramesterrel k\u00f6z\u00f6s beadv\u00e1nyban k\u00e9rt\u00e9k a v\u00e1rosi tan\u00e1csot, hogy egy nyilv\u00e1nos zeneiskol\u00e1t l\u00e9tes\u00edtsenek. (1907). <br \/><strong>\u2013 Irod.:<\/strong> F\u00e1si Katalin: Dalk\u00f6r, Zenede, V\u00e1rosi Konzervat\u00f3rium (N\u00fa., 2000. aug. 5.); Gy\u00e1szjelent; Id\u0151t\u00e1r 3; Marosvid\u00e9k (1878. m\u00e1j. 30. p. 168.); Mv. t\u00f6rt. 2.; Par\u00e1di, Sebesty\u00e9n.<\/br><\/p>\n","protected":false},"excerpt":{"rendered":"<p>1842? \u2020\u00a0Mv., 1919. m\u00e1j. 27.: zenetan\u00e1r. \u2013 A mv.-i Ref. Koll.-ban tan\u00edtott zen\u00e9t \u00e9s \u00e9neket 50 \u00e9vig (1876\u20131919). A zeneszert\u00e1r \u0151re volt. Mv. zenei \u00e9let\u00e9nek szervez\u0151je a 19. sz. 70-es, 80-as, 90-es \u00e9veiben. Vez\u00e9nyelte a Ref. F\u0151tanoda ifjainak \u00e9nek- \u00e9s zenekar\u00e1t, heged\u0171n is j\u00e1tszott. R\u00e9szleteket adtak el\u0151 t\u00f6bbek k\u00f6z\u00f6tt az Elizonzoi le\u00e1ny \u00e9s a Girofle [&hellip;]<\/p>\n","protected":false},"featured_media":0,"comment_status":"open","ping_status":"closed","template":"","meta":[],"product_brand":[],"product_cat":[137],"product_tag":[],"class_list":{"0":"post-24971","1":"product","2":"type-product","3":"status-publish","5":"product_cat-maros-megyei-eletrajzi-lexikon","7":"first","8":"instock","9":"shipping-taxable","10":"product-type-simple"},"_links":{"self":[{"href":"https:\/\/uj.adatbank.ro\/lexikon\/wp-json\/wp\/v2\/product\/24971","targetHints":{"allow":["GET"]}}],"collection":[{"href":"https:\/\/uj.adatbank.ro\/lexikon\/wp-json\/wp\/v2\/product"}],"about":[{"href":"https:\/\/uj.adatbank.ro\/lexikon\/wp-json\/wp\/v2\/types\/product"}],"replies":[{"embeddable":true,"href":"https:\/\/uj.adatbank.ro\/lexikon\/wp-json\/wp\/v2\/comments?post=24971"}],"wp:attachment":[{"href":"https:\/\/uj.adatbank.ro\/lexikon\/wp-json\/wp\/v2\/media?parent=24971"}],"wp:term":[{"taxonomy":"product_brand","embeddable":true,"href":"https:\/\/uj.adatbank.ro\/lexikon\/wp-json\/wp\/v2\/product_brand?post=24971"},{"taxonomy":"product_cat","embeddable":true,"href":"https:\/\/uj.adatbank.ro\/lexikon\/wp-json\/wp\/v2\/product_cat?post=24971"},{"taxonomy":"product_tag","embeddable":true,"href":"https:\/\/uj.adatbank.ro\/lexikon\/wp-json\/wp\/v2\/product_tag?post=24971"}],"curies":[{"name":"wp","href":"https:\/\/api.w.org\/{rel}","templated":true}]}}

ZÁCH Antal

<p>1842? † Mv., 1919. máj. 27.: zenetanár. – A mv.-i Ref. Koll.-ban tanított zenét és éneket 50 évig (1876–1919). A zeneszertár őre volt. Mv. zenei életének szervezője a 19. sz. 70-es, 80-as, 90-es éveiben. Vezényelte a Ref. Főtanoda ifjainak ének- és zenekarát, hegedűn is játszott. Részleteket adtak elő többek között az Elizonzoi leány és a Girofle Girofla c. dalművekből, amelyeknek zenéjét ő szerezte (1878). Orendi nevű helyi zongoramesterrel közös beadványban kérték a városi tanácsot, hogy egy nyilvános zeneiskolát létesítsenek. (1907). <br /><strong>– Irod.:</strong> Fási Katalin: Dalkör, Zenede, Városi Konzervatórium (Nú., 2000. aug. 5.); Gyászjelent; Időtár 3; Marosvidék (1878. máj. 30. p. 168.); Mv. tört. 2.; Parádi, Sebestyén.</br></p>

<p>1842? † Mv., 1919. máj. 27.: zenetanár. – A mv.-i Ref. Koll.-ban tanított zenét és éneket 50 évig (1876–1919). A zeneszertár őre volt. Mv. zenei életének szervezője a 19. sz. 70-es, 80-as, 90-es éveiben. Vezényelte a Ref. Főtanoda ifjainak ének- és zenekarát, hegedűn is játszott. Részleteket adtak elő többek között az Elizonzoi leány és a Girofle [&hellip;]</p>
