{"id":24974,"date":"2025-08-01T18:28:11","date_gmt":"2025-08-01T16:28:11","guid":{"rendered":"https:\/\/uj.adatbank.ro\/lexikon\/termek\/zagoni-albu-zoltan\/"},"modified":"2025-08-01T18:28:11","modified_gmt":"2025-08-01T16:28:11","slug":"zagoni-albu-zoltan","status":"publish","type":"product","link":"https:\/\/uj.adatbank.ro\/lexikon\/termek\/zagoni-albu-zoltan\/","title":{"rendered":"Z\u00c1GONI ALBU Zolt\u00e1n"},"content":{"rendered":"<p>Marosludas, 1934. j\u00fal.19., \u2020\u00a0Buk., 2002. m\u00e1j. 5.: ref. lelk\u00e9sz. \u2013 K\u00f6z\u00e9piskolai tanulm\u00e1nyait sz\u00fcl\u0151v\u00e1ros\u00e1ban, a nagyenyedi Bethlen Koll.-ban \u00e9s Brass\u00f3ban v\u00e9gezte. Kv.-on a Ref. Teol\u00f3gi\u00e1n szerzett lelk\u00e9szi k\u00e9pes\u00edt\u00e9st (1956); a hittudom\u00e1nyok doktora (1999). Seg\u00e9dlelk\u00e9sz Mv.-en (1956\u201359); lelk\u00e9sz Radn\u00f3ton (1959. m\u00e1j. \u2013 1974. j\u00fal.); a buk.-i Calvineum ref. egyh\u00e1zk\u00f6zs\u00e9g vezet\u0151 lelk\u00e9sze (1974\u20132002). \u00d6szt\u00f6nd\u00edjas a m\u00fcnsteri egyetemen. Az Erd\u00e9lyi Egyh\u00e1zker\u00fclet p\u00fcsp\u00f6ki \u00f6kumenikus el\u0151ad\u00f3tan\u00e1csosa, egyh\u00e1zker\u00fcleti k\u00e9pvisel\u0151, tan\u00e1csos. Az UNESCO \u00e9gisze alatt m\u0171k\u00f6d\u0151 Buk.-i Nemzetk\u00f6zi \u00d6kumenikus k\u00f6zpont \u00e1ltal l\u00e9trehozott Vil\u00e1gvall\u00e1sok \u00e9s M\u0171vel\u0151d\u00e9st\u00f6rt\u00e9net Nemzetk\u00f6zi Akad.-ja el\u0151ad\u00f3tan\u00e1ra (1993\u20132002). Szakdolgozatai, tanulm\u00e1nyai t\u00e1rgy\u00e1t az egyh\u00e1z \u00e9s vall\u00e1st\u00f6rt\u00e9net, a kereszt\u00e9nys\u00e9g els\u0151 \u00e9vezrede \u00e9s az \u00f6kumenizmus t\u00e1rgyk\u00f6r\u00e9b\u0151l v\u00e1lasztotta \u00e9s k\u00f6z\u00f6lte a Reform\u00e1tus Szemle, A H\u00e9t, Ortodoxia, Armonia c. foly\u00f3iratokban. Cikkei jelentek meg a RMSz, Orient Expressz, Val\u00f3s\u00e1g, V\u00e1ltoz\u00f3 Val\u00f3s\u00e1gban. Kezdem\u00e9nyez\u00e9s\u00e9re \u00fajraalakult a buk.-i Ko\u00f3s Ferenc K\u00f6r (1991). Alap\u00edt\u00f3 tagja \u00e9s egyik aleln\u00f6ke volt a Buk.-ben l\u00e9trehozott Pet\u0151fi M\u0171vel\u0151d\u00e9si T\u00e1rsas\u00e1gnak (1990\u2013). T\u00f6bb kit\u00fcntet\u00e9s birtokosa. \u2013  <strong>F. m..:<\/strong> k\u00e9ziratban: Ecumenism-retrospec\u0163iuni \u015fi m\u0103rturii (Buk., 2002); m. nyelven k\u00e9ziratban; <strong>antol\u00f3g.:<\/strong> A Maros megyei magyars\u00e1g t\u00f6rt\u00e9net\u00e9b\u0151l (Mv., 2000). <br \/><strong>\u2013 Irod.:<\/strong> EMKK 2000; Magy. prof.; RMKK; Iernut.<\/br><\/p>\n","protected":false},"excerpt":{"rendered":"<p>Marosludas, 1934. j\u00fal.19., \u2020\u00a0Buk., 2002. m\u00e1j. 5.: ref. lelk\u00e9sz. \u2013 K\u00f6z\u00e9piskolai tanulm\u00e1nyait sz\u00fcl\u0151v\u00e1ros\u00e1ban, a nagyenyedi Bethlen Koll.-ban \u00e9s Brass\u00f3ban v\u00e9gezte. Kv.-on a Ref. Teol\u00f3gi\u00e1n szerzett lelk\u00e9szi k\u00e9pes\u00edt\u00e9st (1956); a hittudom\u00e1nyok doktora (1999). Seg\u00e9dlelk\u00e9sz Mv.-en (1956\u201359); lelk\u00e9sz Radn\u00f3ton (1959. m\u00e1j. \u2013 1974. j\u00fal.); a buk.-i Calvineum ref. egyh\u00e1zk\u00f6zs\u00e9g vezet\u0151 lelk\u00e9sze (1974\u20132002). \u00d6szt\u00f6nd\u00edjas a m\u00fcnsteri egyetemen. Az [&hellip;]<\/p>\n","protected":false},"featured_media":0,"comment_status":"open","ping_status":"closed","template":"","meta":[],"product_brand":[],"product_cat":[137],"product_tag":[],"class_list":{"0":"post-24974","1":"product","2":"type-product","3":"status-publish","5":"product_cat-maros-megyei-eletrajzi-lexikon","7":"first","8":"instock","9":"shipping-taxable","10":"product-type-simple"},"_links":{"self":[{"href":"https:\/\/uj.adatbank.ro\/lexikon\/wp-json\/wp\/v2\/product\/24974","targetHints":{"allow":["GET"]}}],"collection":[{"href":"https:\/\/uj.adatbank.ro\/lexikon\/wp-json\/wp\/v2\/product"}],"about":[{"href":"https:\/\/uj.adatbank.ro\/lexikon\/wp-json\/wp\/v2\/types\/product"}],"replies":[{"embeddable":true,"href":"https:\/\/uj.adatbank.ro\/lexikon\/wp-json\/wp\/v2\/comments?post=24974"}],"wp:attachment":[{"href":"https:\/\/uj.adatbank.ro\/lexikon\/wp-json\/wp\/v2\/media?parent=24974"}],"wp:term":[{"taxonomy":"product_brand","embeddable":true,"href":"https:\/\/uj.adatbank.ro\/lexikon\/wp-json\/wp\/v2\/product_brand?post=24974"},{"taxonomy":"product_cat","embeddable":true,"href":"https:\/\/uj.adatbank.ro\/lexikon\/wp-json\/wp\/v2\/product_cat?post=24974"},{"taxonomy":"product_tag","embeddable":true,"href":"https:\/\/uj.adatbank.ro\/lexikon\/wp-json\/wp\/v2\/product_tag?post=24974"}],"curies":[{"name":"wp","href":"https:\/\/api.w.org\/{rel}","templated":true}]}}

ZÁGONI ALBU Zoltán

<p>Marosludas, 1934. júl.19., † Buk., 2002. máj. 5.: ref. lelkész. – Középiskolai tanulmányait szülővárosában, a nagyenyedi Bethlen Koll.-ban és Brassóban végezte. Kv.-on a Ref. Teológián szerzett lelkészi képesítést (1956); a hittudományok doktora (1999). Segédlelkész Mv.-en (1956–59); lelkész Radnóton (1959. máj. – 1974. júl.); a buk.-i Calvineum ref. egyházközség vezető lelkésze (1974–2002). Ösztöndíjas a münsteri egyetemen. Az Erdélyi Egyházkerület püspöki ökumenikus előadótanácsosa, egyházkerületi képviselő, tanácsos. Az UNESCO égisze alatt működő Buk.-i Nemzetközi Ökumenikus központ által létrehozott Világvallások és Művelődéstörténet Nemzetközi Akad.-ja előadótanára (1993–2002). Szakdolgozatai, tanulmányai tárgyát az egyház és vallástörténet, a kereszténység első évezrede és az ökumenizmus tárgyköréből választotta és közölte a Református Szemle, A Hét, Ortodoxia, Armonia c. folyóiratokban. Cikkei jelentek meg a RMSz, Orient Expressz, Valóság, Változó Valóságban. Kezdeményezésére újraalakult a buk.-i Koós Ferenc Kör (1991). Alapító tagja és egyik alelnöke volt a Buk.-ben létrehozott Petőfi Művelődési Társaságnak (1990–). Több kitüntetés birtokosa. –  <strong>F. m..:</strong> kéziratban: Ecumenism-retrospecţiuni şi mărturii (Buk., 2002); m. nyelven kéziratban; <strong>antológ.:</strong> A Maros megyei magyarság történetéből (Mv., 2000). <br /><strong>– Irod.:</strong> EMKK 2000; Magy. prof.; RMKK; Iernut.</br></p>

<p>Marosludas, 1934. júl.19., † Buk., 2002. máj. 5.: ref. lelkész. – Középiskolai tanulmányait szülővárosában, a nagyenyedi Bethlen Koll.-ban és Brassóban végezte. Kv.-on a Ref. Teológián szerzett lelkészi képesítést (1956); a hittudományok doktora (1999). Segédlelkész Mv.-en (1956–59); lelkész Radnóton (1959. máj. – 1974. júl.); a buk.-i Calvineum ref. egyházközség vezető lelkésze (1974–2002). Ösztöndíjas a münsteri egyetemen. Az [&hellip;]</p>
