{"id":24977,"date":"2025-08-01T18:28:21","date_gmt":"2025-08-01T16:28:21","guid":{"rendered":"https:\/\/uj.adatbank.ro\/lexikon\/termek\/zagoni-andras-3\/"},"modified":"2025-08-01T18:28:21","modified_gmt":"2025-08-01T16:28:21","slug":"zagoni-andras-3","status":"publish","type":"product","link":"https:\/\/uj.adatbank.ro\/lexikon\/termek\/zagoni-andras-3\/","title":{"rendered":"Z\u00c1GONI Andr\u00e1s"},"content":{"rendered":"<p>? \u2020 ?: ref lelk\u00e9sz. \u2013 A mv-i Ref. koll.-ban v\u00e9gz\u0151s di\u00e1k \u00e9s a teol\u00f3giai oszt\u00e1ly f\u0151n\u00f6ke (1749). K\u00e9s\u0151bb L\u00e1z\u00e1r J\u00e1nos udvari papja Gyulakut\u00e1n. <br \/><strong>\u2013 Irod.:<\/strong> Kov\u00e1sznai; \u0150sz.<\/br><\/p>\n","protected":false},"excerpt":{"rendered":"<p>? \u2020 ?: ref lelk\u00e9sz. \u2013 A mv-i Ref. koll.-ban v\u00e9gz\u0151s di\u00e1k \u00e9s a teol\u00f3giai oszt\u00e1ly f\u0151n\u00f6ke (1749). K\u00e9s\u0151bb L\u00e1z\u00e1r J\u00e1nos udvari papja Gyulakut\u00e1n. \u2013 Irod.: Kov\u00e1sznai; \u0150sz.<\/p>\n","protected":false},"featured_media":0,"comment_status":"open","ping_status":"closed","template":"","meta":[],"product_brand":[],"product_cat":[137],"product_tag":[],"class_list":{"0":"post-24977","1":"product","2":"type-product","3":"status-publish","5":"product_cat-maros-megyei-eletrajzi-lexikon","7":"first","8":"instock","9":"shipping-taxable","10":"product-type-simple"},"_links":{"self":[{"href":"https:\/\/uj.adatbank.ro\/lexikon\/wp-json\/wp\/v2\/product\/24977","targetHints":{"allow":["GET"]}}],"collection":[{"href":"https:\/\/uj.adatbank.ro\/lexikon\/wp-json\/wp\/v2\/product"}],"about":[{"href":"https:\/\/uj.adatbank.ro\/lexikon\/wp-json\/wp\/v2\/types\/product"}],"replies":[{"embeddable":true,"href":"https:\/\/uj.adatbank.ro\/lexikon\/wp-json\/wp\/v2\/comments?post=24977"}],"wp:attachment":[{"href":"https:\/\/uj.adatbank.ro\/lexikon\/wp-json\/wp\/v2\/media?parent=24977"}],"wp:term":[{"taxonomy":"product_brand","embeddable":true,"href":"https:\/\/uj.adatbank.ro\/lexikon\/wp-json\/wp\/v2\/product_brand?post=24977"},{"taxonomy":"product_cat","embeddable":true,"href":"https:\/\/uj.adatbank.ro\/lexikon\/wp-json\/wp\/v2\/product_cat?post=24977"},{"taxonomy":"product_tag","embeddable":true,"href":"https:\/\/uj.adatbank.ro\/lexikon\/wp-json\/wp\/v2\/product_tag?post=24977"}],"curies":[{"name":"wp","href":"https:\/\/api.w.org\/{rel}","templated":true}]}}