{"id":24981,"date":"2025-08-01T18:28:29","date_gmt":"2025-08-01T16:28:29","guid":{"rendered":"https:\/\/uj.adatbank.ro\/lexikon\/termek\/zagoni-dezso-%c2%a7\/"},"modified":"2025-08-01T18:28:29","modified_gmt":"2025-08-01T16:28:29","slug":"zagoni-dezso-%c2%a7","status":"publish","type":"product","link":"https:\/\/uj.adatbank.ro\/lexikon\/termek\/zagoni-dezso-%c2%a7\/","title":{"rendered":"Z\u00c1GONI Dezs\u0151, \u00a7"},"content":{"rendered":"<p>? \u2020\u00a0?: tan\u00e1r. \u2013 A mv.-i Ref. Koll.-ban torn\u00e1t tan\u00edtott (1913\u201314). Az I. vh.-t 4 \u00e9vi frontszolg\u00e1latosk\u00e9nt harcolta v\u00e9gig (1914. aug. 1. \u2013 1918 v\u00e9ge). \u00dajrakezdte a tan\u00edt\u00e1st (1919\u201325\/26). A MSE f\u0151kapit\u00e1nya (1919), akt\u00edv versenyz\u0151 volt, s\u00falydob\u00f3 (1920). Az atl\u00e9tikai szakoszt\u00e1ly\u00e1ban tev\u00e9kenykedett mint tornaoktat\u00f3 (1923). Munk\u00e1ss\u00e1g\u00e1nak eredm\u00e9nyek\u00e9nt megszervezt\u00e9k a torna szakoszt\u00e1lyt is. V\u00edv\u00e1st is tan\u00edtott a MSE v\u00edv\u00f3 egyletesei sz\u00e1m\u00e1ra a koll. tornaterm\u00e9ben Santerini t\u00e1voz\u00e1sa ut\u00e1n (1914\u2013). <br \/><strong>\u2013 Irod.:<\/strong> Almanah Tg. M.; Illy\u00e9s, Mv. t\u00f6rt.2; Sebesty\u00e9n.<\/br><\/p>\n","protected":false},"excerpt":{"rendered":"<p>? \u2020\u00a0?: tan\u00e1r. \u2013 A mv.-i Ref. Koll.-ban torn\u00e1t tan\u00edtott (1913\u201314). Az I. vh.-t 4 \u00e9vi frontszolg\u00e1latosk\u00e9nt harcolta v\u00e9gig (1914. aug. 1. \u2013 1918 v\u00e9ge). \u00dajrakezdte a tan\u00edt\u00e1st (1919\u201325\/26). A MSE f\u0151kapit\u00e1nya (1919), akt\u00edv versenyz\u0151 volt, s\u00falydob\u00f3 (1920). Az atl\u00e9tikai szakoszt\u00e1ly\u00e1ban tev\u00e9kenykedett mint tornaoktat\u00f3 (1923). Munk\u00e1ss\u00e1g\u00e1nak eredm\u00e9nyek\u00e9nt megszervezt\u00e9k a torna szakoszt\u00e1lyt is. V\u00edv\u00e1st is tan\u00edtott [&hellip;]<\/p>\n","protected":false},"featured_media":0,"comment_status":"open","ping_status":"closed","template":"","meta":[],"product_brand":[],"product_cat":[137],"product_tag":[],"class_list":{"0":"post-24981","1":"product","2":"type-product","3":"status-publish","5":"product_cat-maros-megyei-eletrajzi-lexikon","7":"first","8":"instock","9":"shipping-taxable","10":"product-type-simple"},"_links":{"self":[{"href":"https:\/\/uj.adatbank.ro\/lexikon\/wp-json\/wp\/v2\/product\/24981","targetHints":{"allow":["GET"]}}],"collection":[{"href":"https:\/\/uj.adatbank.ro\/lexikon\/wp-json\/wp\/v2\/product"}],"about":[{"href":"https:\/\/uj.adatbank.ro\/lexikon\/wp-json\/wp\/v2\/types\/product"}],"replies":[{"embeddable":true,"href":"https:\/\/uj.adatbank.ro\/lexikon\/wp-json\/wp\/v2\/comments?post=24981"}],"wp:attachment":[{"href":"https:\/\/uj.adatbank.ro\/lexikon\/wp-json\/wp\/v2\/media?parent=24981"}],"wp:term":[{"taxonomy":"product_brand","embeddable":true,"href":"https:\/\/uj.adatbank.ro\/lexikon\/wp-json\/wp\/v2\/product_brand?post=24981"},{"taxonomy":"product_cat","embeddable":true,"href":"https:\/\/uj.adatbank.ro\/lexikon\/wp-json\/wp\/v2\/product_cat?post=24981"},{"taxonomy":"product_tag","embeddable":true,"href":"https:\/\/uj.adatbank.ro\/lexikon\/wp-json\/wp\/v2\/product_tag?post=24981"}],"curies":[{"name":"wp","href":"https:\/\/api.w.org\/{rel}","templated":true}]}}

ZÁGONI Dezső, §

<p>? † ?: tanár. – A mv.-i Ref. Koll.-ban tornát tanított (1913–14). Az I. vh.-t 4 évi frontszolgálatosként harcolta végig (1914. aug. 1. – 1918 vége). Újrakezdte a tanítást (1919–25/26). A MSE főkapitánya (1919), aktív versenyző volt, súlydobó (1920). Az atlétikai szakosztályában tevékenykedett mint tornaoktató (1923). Munkásságának eredményeként megszervezték a torna szakosztályt is. Vívást is tanított a MSE vívó egyletesei számára a koll. tornatermében Santerini távozása után (1914–). <br /><strong>– Irod.:</strong> Almanah Tg. M.; Illyés, Mv. tört.2; Sebestyén.</br></p>

<p>? † ?: tanár. – A mv.-i Ref. Koll.-ban tornát tanított (1913–14). Az I. vh.-t 4 évi frontszolgálatosként harcolta végig (1914. aug. 1. – 1918 vége). Újrakezdte a tanítást (1919–25/26). A MSE főkapitánya (1919), aktív versenyző volt, súlydobó (1920). Az atlétikai szakosztályában tevékenykedett mint tornaoktató (1923). Munkásságának eredményeként megszervezték a torna szakosztályt is. Vívást is tanított [&hellip;]</p>
