{"id":24984,"date":"2025-08-01T18:28:36","date_gmt":"2025-08-01T16:28:36","guid":{"rendered":"https:\/\/uj.adatbank.ro\/lexikon\/termek\/zagoni-istvan-%c2%a7\/"},"modified":"2025-08-01T18:28:36","modified_gmt":"2025-08-01T16:28:36","slug":"zagoni-istvan-%c2%a7","status":"publish","type":"product","link":"https:\/\/uj.adatbank.ro\/lexikon\/termek\/zagoni-istvan-%c2%a7\/","title":{"rendered":"Z\u00c1GONI Istv\u00e1n, \u00a7"},"content":{"rendered":"<p>1887. jan. 22., \u2020\u00a01959.: \u00fajs\u00e1g\u00edr\u00f3, szerk., politikus. \u2013 Mv.-en volt \u00fajs\u00e1g\u00edr\u00f3. \u00d6nk\u00e9ntesk\u00e9nt, tartal\u00e9kos t\u00fcz\u00e9rtiszti rangban vett r\u00e9szt az I. vh.-ban. Egyik kezdem\u00e9nyez\u0151je volt a Sz\u00e9kely Hadoszt\u00e1ly megalak\u00edt\u00e1s\u00e1nak. R\u00e9szt vett a sz\u00e9kelyf\u00f6ldi toborz\u00e1sban. (1918. dec.), de a harcokban nem vett r\u00e9szt. Kv.-on volt \u00fajs\u00e1g\u00edr\u00f3 a Keleti \u00dajs\u00e1gn\u00e1l (1919\u201325) K\u00f3s K\u00e1rollyal, ott fogalmaz\u00f3dott meg az Erd\u00e9lyi Sz\u00e9pm\u0171ves C\u00e9h terve, egyike volt a v\u00e1llalkoz\u00e1s 6 alap\u00edt\u00f3j\u00e1nak. A Ki\u00e1lt\u00f3 Sz\u00f3 c. r\u00f6piratot Pa\u00e1l \u00c1rp\u00e1ddal, K\u00f3s K\u00e1rollyal k\u00f6z\u00f6sen \u00edrt\u00e1k meg (1920 kar\u00e1csony\u00e1n). Az \u00dajs\u00e1g felel\u0151s szerk. (1925\u201327). Bp.-re k\u00f6lt\u00f6z\u00f6tt (1940). \u2013  <strong>F. m..:<\/strong> Sz\u00e9kelyek \u00edt\u00e9letid\u0151ben. (Bp., \u00e9.n.); <strong>antol\u00f3g.:<\/strong> T\u0171z = \u00dcnnepi <strong>k\u00f6nyv:<\/strong> F\u00e9lsz\u00e1zados jubileuma eml\u00e9k\u00e9\u00fcl kiadta a KZST. (Mv., 1930). <br \/><strong>\u2013 Irod.:<\/strong> Bern\u00e1dy; Ga\u00e1l 2001; Gottfried\u2013Nagy; KZST1930; Mv. \u00e9s a h\u00e1bor\u00fa 1.; \u00dcnnepi k\u00f6nyv.<\/br><\/p>\n","protected":false},"excerpt":{"rendered":"<p>1887. jan. 22., \u2020\u00a01959.: \u00fajs\u00e1g\u00edr\u00f3, szerk., politikus. \u2013 Mv.-en volt \u00fajs\u00e1g\u00edr\u00f3. \u00d6nk\u00e9ntesk\u00e9nt, tartal\u00e9kos t\u00fcz\u00e9rtiszti rangban vett r\u00e9szt az I. vh.-ban. Egyik kezdem\u00e9nyez\u0151je volt a Sz\u00e9kely Hadoszt\u00e1ly megalak\u00edt\u00e1s\u00e1nak. R\u00e9szt vett a sz\u00e9kelyf\u00f6ldi toborz\u00e1sban. (1918. dec.), de a harcokban nem vett r\u00e9szt. Kv.-on volt \u00fajs\u00e1g\u00edr\u00f3 a Keleti \u00dajs\u00e1gn\u00e1l (1919\u201325) K\u00f3s K\u00e1rollyal, ott fogalmaz\u00f3dott meg az Erd\u00e9lyi Sz\u00e9pm\u0171ves [&hellip;]<\/p>\n","protected":false},"featured_media":0,"comment_status":"open","ping_status":"closed","template":"","meta":[],"product_brand":[],"product_cat":[137],"product_tag":[],"class_list":{"0":"post-24984","1":"product","2":"type-product","3":"status-publish","5":"product_cat-maros-megyei-eletrajzi-lexikon","7":"first","8":"instock","9":"shipping-taxable","10":"product-type-simple"},"_links":{"self":[{"href":"https:\/\/uj.adatbank.ro\/lexikon\/wp-json\/wp\/v2\/product\/24984","targetHints":{"allow":["GET"]}}],"collection":[{"href":"https:\/\/uj.adatbank.ro\/lexikon\/wp-json\/wp\/v2\/product"}],"about":[{"href":"https:\/\/uj.adatbank.ro\/lexikon\/wp-json\/wp\/v2\/types\/product"}],"replies":[{"embeddable":true,"href":"https:\/\/uj.adatbank.ro\/lexikon\/wp-json\/wp\/v2\/comments?post=24984"}],"wp:attachment":[{"href":"https:\/\/uj.adatbank.ro\/lexikon\/wp-json\/wp\/v2\/media?parent=24984"}],"wp:term":[{"taxonomy":"product_brand","embeddable":true,"href":"https:\/\/uj.adatbank.ro\/lexikon\/wp-json\/wp\/v2\/product_brand?post=24984"},{"taxonomy":"product_cat","embeddable":true,"href":"https:\/\/uj.adatbank.ro\/lexikon\/wp-json\/wp\/v2\/product_cat?post=24984"},{"taxonomy":"product_tag","embeddable":true,"href":"https:\/\/uj.adatbank.ro\/lexikon\/wp-json\/wp\/v2\/product_tag?post=24984"}],"curies":[{"name":"wp","href":"https:\/\/api.w.org\/{rel}","templated":true}]}}

ZÁGONI István, §

<p>1887. jan. 22., † 1959.: újságíró, szerk., politikus. – Mv.-en volt újságíró. Önkéntesként, tartalékos tüzértiszti rangban vett részt az I. vh.-ban. Egyik kezdeményezője volt a Székely Hadosztály megalakításának. Részt vett a székelyföldi toborzásban. (1918. dec.), de a harcokban nem vett részt. Kv.-on volt újságíró a Keleti Újságnál (1919–25) Kós Károllyal, ott fogalmazódott meg az Erdélyi Szépműves Céh terve, egyike volt a vállalkozás 6 alapítójának. A Kiáltó Szó c. röpiratot Paál Árpáddal, Kós Károllyal közösen írták meg (1920 karácsonyán). Az Újság felelős szerk. (1925–27). Bp.-re költözött (1940). –  <strong>F. m..:</strong> Székelyek ítéletidőben. (Bp., é.n.); <strong>antológ.:</strong> Tűz = Ünnepi <strong>könyv:</strong> Félszázados jubileuma emlékéül kiadta a KZST. (Mv., 1930). <br /><strong>– Irod.:</strong> Bernády; Gaál 2001; Gottfried–Nagy; KZST1930; Mv. és a háború 1.; Ünnepi könyv.</br></p>

<p>1887. jan. 22., † 1959.: újságíró, szerk., politikus. – Mv.-en volt újságíró. Önkéntesként, tartalékos tüzértiszti rangban vett részt az I. vh.-ban. Egyik kezdeményezője volt a Székely Hadosztály megalakításának. Részt vett a székelyföldi toborzásban. (1918. dec.), de a harcokban nem vett részt. Kv.-on volt újságíró a Keleti Újságnál (1919–25) Kós Károllyal, ott fogalmazódott meg az Erdélyi Szépműves [&hellip;]</p>
