{"id":24991,"date":"2025-08-01T18:28:53","date_gmt":"2025-08-01T16:28:53","guid":{"rendered":"https:\/\/uj.adatbank.ro\/lexikon\/termek\/zagoni-saska-absolon\/"},"modified":"2025-08-01T18:28:53","modified_gmt":"2025-08-01T16:28:53","slug":"zagoni-saska-absolon","status":"publish","type":"product","link":"https:\/\/uj.adatbank.ro\/lexikon\/termek\/zagoni-saska-absolon\/","title":{"rendered":"Z\u00c1GONI S\u00c1SKA Absolon"},"content":{"rendered":"<p>? \u2020 Balav\u00e1s\u00e1r, 1761. m\u00e1rc. 8.: ref. lelk\u00e9sz. \u2013 A Z\u00e1goni el\u0151nevet a sz\u00fclet\u00e9si hely\u00e9t\u0151l kapta. Sz\u00e1szv\u00e1roson subscrib\u00e1lt (1716), majd Nagyenyeden (1718). Balav\u00e1s\u00e1ron volt lelk\u00e9sz 42 \u00e9vig, hal\u00e1l\u00e1ig (1719\u20131761). Mivel a h\u00edvek nagyon szeg\u00e9nyek voltak, gazd\u00e1lkod\u00e1ssal tartotta el n\u00e9pes csal\u00e1dj\u00e1t. Az \u0151 idej\u00e9ben \u00e9p\u00fclt fel a k\u0151templom (1746), papi lak\u00e1st is megkezdett, de az befejezetlen maradt (1759). <br \/><strong>\u2013 Irod.:<\/strong> Balav\u00e1s\u00e1r \u00e9s egyh\u00e1za; K\u00fck\u00fcll\u0151i Ref. Egyh\u00e1zm. 1.<\/br><\/p>\n","protected":false},"excerpt":{"rendered":"<p>? \u2020 Balav\u00e1s\u00e1r, 1761. m\u00e1rc. 8.: ref. lelk\u00e9sz. \u2013 A Z\u00e1goni el\u0151nevet a sz\u00fclet\u00e9si hely\u00e9t\u0151l kapta. Sz\u00e1szv\u00e1roson subscrib\u00e1lt (1716), majd Nagyenyeden (1718). Balav\u00e1s\u00e1ron volt lelk\u00e9sz 42 \u00e9vig, hal\u00e1l\u00e1ig (1719\u20131761). Mivel a h\u00edvek nagyon szeg\u00e9nyek voltak, gazd\u00e1lkod\u00e1ssal tartotta el n\u00e9pes csal\u00e1dj\u00e1t. Az \u0151 idej\u00e9ben \u00e9p\u00fclt fel a k\u0151templom (1746), papi lak\u00e1st is megkezdett, de az befejezetlen [&hellip;]<\/p>\n","protected":false},"featured_media":0,"comment_status":"open","ping_status":"closed","template":"","meta":[],"product_brand":[],"product_cat":[137],"product_tag":[],"class_list":{"0":"post-24991","1":"product","2":"type-product","3":"status-publish","5":"product_cat-maros-megyei-eletrajzi-lexikon","7":"first","8":"instock","9":"shipping-taxable","10":"product-type-simple"},"_links":{"self":[{"href":"https:\/\/uj.adatbank.ro\/lexikon\/wp-json\/wp\/v2\/product\/24991","targetHints":{"allow":["GET"]}}],"collection":[{"href":"https:\/\/uj.adatbank.ro\/lexikon\/wp-json\/wp\/v2\/product"}],"about":[{"href":"https:\/\/uj.adatbank.ro\/lexikon\/wp-json\/wp\/v2\/types\/product"}],"replies":[{"embeddable":true,"href":"https:\/\/uj.adatbank.ro\/lexikon\/wp-json\/wp\/v2\/comments?post=24991"}],"wp:attachment":[{"href":"https:\/\/uj.adatbank.ro\/lexikon\/wp-json\/wp\/v2\/media?parent=24991"}],"wp:term":[{"taxonomy":"product_brand","embeddable":true,"href":"https:\/\/uj.adatbank.ro\/lexikon\/wp-json\/wp\/v2\/product_brand?post=24991"},{"taxonomy":"product_cat","embeddable":true,"href":"https:\/\/uj.adatbank.ro\/lexikon\/wp-json\/wp\/v2\/product_cat?post=24991"},{"taxonomy":"product_tag","embeddable":true,"href":"https:\/\/uj.adatbank.ro\/lexikon\/wp-json\/wp\/v2\/product_tag?post=24991"}],"curies":[{"name":"wp","href":"https:\/\/api.w.org\/{rel}","templated":true}]}}

ZÁGONI SÁSKA Absolon

<p>? † Balavásár, 1761. márc. 8.: ref. lelkész. – A Zágoni előnevet a születési helyétől kapta. Szászvároson subscribált (1716), majd Nagyenyeden (1718). Balavásáron volt lelkész 42 évig, haláláig (1719–1761). Mivel a hívek nagyon szegények voltak, gazdálkodással tartotta el népes családját. Az ő idejében épült fel a kőtemplom (1746), papi lakást is megkezdett, de az befejezetlen maradt (1759). <br /><strong>– Irod.:</strong> Balavásár és egyháza; Küküllői Ref. Egyházm. 1.</br></p>

<p>? † Balavásár, 1761. márc. 8.: ref. lelkész. – A Zágoni előnevet a születési helyétől kapta. Szászvároson subscribált (1716), majd Nagyenyeden (1718). Balavásáron volt lelkész 42 évig, haláláig (1719–1761). Mivel a hívek nagyon szegények voltak, gazdálkodással tartotta el népes családját. Az ő idejében épült fel a kőtemplom (1746), papi lakást is megkezdett, de az befejezetlen [&hellip;]</p>
