{"id":24996,"date":"2025-08-01T18:29:04","date_gmt":"2025-08-01T16:29:04","guid":{"rendered":"https:\/\/uj.adatbank.ro\/lexikon\/termek\/zagoni-veres-jozsef\/"},"modified":"2025-08-01T18:29:04","modified_gmt":"2025-08-01T16:29:04","slug":"zagoni-veres-jozsef","status":"publish","type":"product","link":"https:\/\/uj.adatbank.ro\/lexikon\/termek\/zagoni-veres-jozsef\/","title":{"rendered":"Z\u00c1GONI VERES J\u00f3zsef"},"content":{"rendered":"<p>? \u2020\u00a0?: ref. lelk\u00e9sz. \u2013 Gernyeszegen (1730\u201331), K\u00f6rtv\u00e9lyf\u00e1j\u00e1n (1737\u201338), Dedr\u00e1dsz\u00e9plakon (1738\u201345), Als\u00f3b\u00f6lk\u00e9nyben (1745\u201357), Marosj\u00e1r\u00e1n (1757\u201364) \u00e9s Magyarf\u00fclp\u00f6s\u00f6n (1765\u201370) volt lelk\u00e9sz. <br \/><strong>\u2013 Irod.:<\/strong> \u0150sz.<\/br><\/p>\n","protected":false},"excerpt":{"rendered":"<p>? \u2020\u00a0?: ref. lelk\u00e9sz. \u2013 Gernyeszegen (1730\u201331), K\u00f6rtv\u00e9lyf\u00e1j\u00e1n (1737\u201338), Dedr\u00e1dsz\u00e9plakon (1738\u201345), Als\u00f3b\u00f6lk\u00e9nyben (1745\u201357), Marosj\u00e1r\u00e1n (1757\u201364) \u00e9s Magyarf\u00fclp\u00f6s\u00f6n (1765\u201370) volt lelk\u00e9sz. \u2013 Irod.: \u0150sz.<\/p>\n","protected":false},"featured_media":0,"comment_status":"open","ping_status":"closed","template":"","meta":[],"product_brand":[],"product_cat":[137],"product_tag":[],"class_list":{"0":"post-24996","1":"product","2":"type-product","3":"status-publish","5":"product_cat-maros-megyei-eletrajzi-lexikon","7":"first","8":"instock","9":"shipping-taxable","10":"product-type-simple"},"_links":{"self":[{"href":"https:\/\/uj.adatbank.ro\/lexikon\/wp-json\/wp\/v2\/product\/24996","targetHints":{"allow":["GET"]}}],"collection":[{"href":"https:\/\/uj.adatbank.ro\/lexikon\/wp-json\/wp\/v2\/product"}],"about":[{"href":"https:\/\/uj.adatbank.ro\/lexikon\/wp-json\/wp\/v2\/types\/product"}],"replies":[{"embeddable":true,"href":"https:\/\/uj.adatbank.ro\/lexikon\/wp-json\/wp\/v2\/comments?post=24996"}],"wp:attachment":[{"href":"https:\/\/uj.adatbank.ro\/lexikon\/wp-json\/wp\/v2\/media?parent=24996"}],"wp:term":[{"taxonomy":"product_brand","embeddable":true,"href":"https:\/\/uj.adatbank.ro\/lexikon\/wp-json\/wp\/v2\/product_brand?post=24996"},{"taxonomy":"product_cat","embeddable":true,"href":"https:\/\/uj.adatbank.ro\/lexikon\/wp-json\/wp\/v2\/product_cat?post=24996"},{"taxonomy":"product_tag","embeddable":true,"href":"https:\/\/uj.adatbank.ro\/lexikon\/wp-json\/wp\/v2\/product_tag?post=24996"}],"curies":[{"name":"wp","href":"https:\/\/api.w.org\/{rel}","templated":true}]}}