{"id":25014,"date":"2025-08-01T18:29:44","date_gmt":"2025-08-01T16:29:44","guid":{"rendered":"https:\/\/uj.adatbank.ro\/lexikon\/termek\/zajzon-pal\/"},"modified":"2025-08-01T18:29:44","modified_gmt":"2025-08-01T16:29:44","slug":"zajzon-pal","status":"publish","type":"product","link":"https:\/\/uj.adatbank.ro\/lexikon\/termek\/zajzon-pal\/","title":{"rendered":"ZAJZON P\u00e1l"},"content":{"rendered":"<p>Mv., 1929. j\u00fan. 29., \u2020\u00a0?: kos\u00e1rlabd\u00e1z\u00f3, testnevel\u0151 tan\u00e1r. \u2013 \u00c9retts\u00e9gizett Mv.-en a Bolyai Farkas L\u00edceumban (1950), majd Buk.-ben testnevel\u0151 tan\u00e1ri \u00e9s kos\u00e1rlabda szakedz\u0151i oklevelet szerzett (1954). A mv.-i Eg\u00e9szs\u00e9g\u00fcgyi L\u00edceum (1954\u201364), a Sportiskola (1964\u201371) tan\u00e1ra \u00e9s kos\u00e1rlabda edz\u0151je; A Maros megyei TST (1971\u2013), majd a Maros megyei Sportigazgat\u00f3s\u00e1g munkat\u00e1rsa (1990\u2013) az egy\u00e9ni sport\u00e1gak oszt\u00e1lyvezet\u0151je. Kos\u00e1rlabd\u00e1zott a mv.-i CFR, \u015etiinta, Dinamo, valamint a buk.-i \u015etiinta \u00e9s Dinamo kos\u00e1rlabda csapat\u00e1ban, mely csapatokkal az orsz\u00e1gos bajnoks\u00e1gokon 2., ill. harmadik helyez\u00e9st \u00e9rt el (1950\u201360), 13 szoros rom\u00e1n v\u00e1logatott (1951\u201354), 24 szeres rom\u00e1n ut\u00e1np\u00f3tl\u00e1s \u00e9s f\u0151iskolai v\u00e1logatott. Cikkei: a Revista de cultur\u0103 fizic\u0103 \u015fi sport. <br \/><strong>\u2013 Irod.:<\/strong> Kl\u00f3sz\u2013Tolok\u00e1n; KKACs; RMKK.<\/br><\/p>\n","protected":false},"excerpt":{"rendered":"<p>Mv., 1929. j\u00fan. 29., \u2020\u00a0?: kos\u00e1rlabd\u00e1z\u00f3, testnevel\u0151 tan\u00e1r. \u2013 \u00c9retts\u00e9gizett Mv.-en a Bolyai Farkas L\u00edceumban (1950), majd Buk.-ben testnevel\u0151 tan\u00e1ri \u00e9s kos\u00e1rlabda szakedz\u0151i oklevelet szerzett (1954). A mv.-i Eg\u00e9szs\u00e9g\u00fcgyi L\u00edceum (1954\u201364), a Sportiskola (1964\u201371) tan\u00e1ra \u00e9s kos\u00e1rlabda edz\u0151je; A Maros megyei TST (1971\u2013), majd a Maros megyei Sportigazgat\u00f3s\u00e1g munkat\u00e1rsa (1990\u2013) az egy\u00e9ni sport\u00e1gak oszt\u00e1lyvezet\u0151je. Kos\u00e1rlabd\u00e1zott [&hellip;]<\/p>\n","protected":false},"featured_media":0,"comment_status":"open","ping_status":"closed","template":"","meta":[],"product_brand":[],"product_cat":[137],"product_tag":[],"class_list":{"0":"post-25014","1":"product","2":"type-product","3":"status-publish","5":"product_cat-maros-megyei-eletrajzi-lexikon","7":"first","8":"instock","9":"shipping-taxable","10":"product-type-simple"},"_links":{"self":[{"href":"https:\/\/uj.adatbank.ro\/lexikon\/wp-json\/wp\/v2\/product\/25014","targetHints":{"allow":["GET"]}}],"collection":[{"href":"https:\/\/uj.adatbank.ro\/lexikon\/wp-json\/wp\/v2\/product"}],"about":[{"href":"https:\/\/uj.adatbank.ro\/lexikon\/wp-json\/wp\/v2\/types\/product"}],"replies":[{"embeddable":true,"href":"https:\/\/uj.adatbank.ro\/lexikon\/wp-json\/wp\/v2\/comments?post=25014"}],"wp:attachment":[{"href":"https:\/\/uj.adatbank.ro\/lexikon\/wp-json\/wp\/v2\/media?parent=25014"}],"wp:term":[{"taxonomy":"product_brand","embeddable":true,"href":"https:\/\/uj.adatbank.ro\/lexikon\/wp-json\/wp\/v2\/product_brand?post=25014"},{"taxonomy":"product_cat","embeddable":true,"href":"https:\/\/uj.adatbank.ro\/lexikon\/wp-json\/wp\/v2\/product_cat?post=25014"},{"taxonomy":"product_tag","embeddable":true,"href":"https:\/\/uj.adatbank.ro\/lexikon\/wp-json\/wp\/v2\/product_tag?post=25014"}],"curies":[{"name":"wp","href":"https:\/\/api.w.org\/{rel}","templated":true}]}}

ZAJZON Pál

<p>Mv., 1929. jún. 29., † ?: kosárlabdázó, testnevelő tanár. – Érettségizett Mv.-en a Bolyai Farkas Líceumban (1950), majd Buk.-ben testnevelő tanári és kosárlabda szakedzői oklevelet szerzett (1954). A mv.-i Egészségügyi Líceum (1954–64), a Sportiskola (1964–71) tanára és kosárlabda edzője; A Maros megyei TST (1971–), majd a Maros megyei Sportigazgatóság munkatársa (1990–) az egyéni sportágak osztályvezetője. Kosárlabdázott a mv.-i CFR, Ştiinta, Dinamo, valamint a buk.-i Ştiinta és Dinamo kosárlabda csapatában, mely csapatokkal az országos bajnokságokon 2., ill. harmadik helyezést ért el (1950–60), 13 szoros román válogatott (1951–54), 24 szeres román utánpótlás és főiskolai válogatott. Cikkei: a Revista de cultură fizică şi sport. <br /><strong>– Irod.:</strong> Klósz–Tolokán; KKACs; RMKK.</br></p>

<p>Mv., 1929. jún. 29., † ?: kosárlabdázó, testnevelő tanár. – Érettségizett Mv.-en a Bolyai Farkas Líceumban (1950), majd Buk.-ben testnevelő tanári és kosárlabda szakedzői oklevelet szerzett (1954). A mv.-i Egészségügyi Líceum (1954–64), a Sportiskola (1964–71) tanára és kosárlabda edzője; A Maros megyei TST (1971–), majd a Maros megyei Sportigazgatóság munkatársa (1990–) az egyéni sportágak osztályvezetője. Kosárlabdázott [&hellip;]</p>
