{"id":25017,"date":"2025-08-01T18:29:51","date_gmt":"2025-08-01T16:29:51","guid":{"rendered":"https:\/\/uj.adatbank.ro\/lexikon\/termek\/zaka-laszlo\/"},"modified":"2025-08-01T18:29:51","modified_gmt":"2025-08-01T16:29:51","slug":"zaka-laszlo","status":"publish","type":"product","link":"https:\/\/uj.adatbank.ro\/lexikon\/termek\/zaka-laszlo\/","title":{"rendered":"ZAKA L\u00e1szl\u00f3"},"content":{"rendered":"<p>? \u2020\u00a0?: kocsigy\u00e1ros. \u2013 Mv.-en volt kocsigy\u00e1ra (1911). Gy\u00e1rtott hint\u00f3kat, \u00fczleti kocsikat, str\u00e1fszekereket \u00e9s jav\u00edt\u00e1sokat is v\u00e9gzett. Az alkalmazottai sz\u00e1ma 24. <br \/><strong>\u2013 Irod.:<\/strong> Maros megyei m.-s\u00e1g. 4.; Szentgy\u00f6rgyi.<\/br><\/p>\n","protected":false},"excerpt":{"rendered":"<p>? \u2020\u00a0?: kocsigy\u00e1ros. \u2013 Mv.-en volt kocsigy\u00e1ra (1911). Gy\u00e1rtott hint\u00f3kat, \u00fczleti kocsikat, str\u00e1fszekereket \u00e9s jav\u00edt\u00e1sokat is v\u00e9gzett. Az alkalmazottai sz\u00e1ma 24. \u2013 Irod.: Maros megyei m.-s\u00e1g. 4.; Szentgy\u00f6rgyi.<\/p>\n","protected":false},"featured_media":0,"comment_status":"open","ping_status":"closed","template":"","meta":[],"product_brand":[],"product_cat":[137],"product_tag":[],"class_list":{"0":"post-25017","1":"product","2":"type-product","3":"status-publish","5":"product_cat-maros-megyei-eletrajzi-lexikon","7":"first","8":"instock","9":"shipping-taxable","10":"product-type-simple"},"_links":{"self":[{"href":"https:\/\/uj.adatbank.ro\/lexikon\/wp-json\/wp\/v2\/product\/25017","targetHints":{"allow":["GET"]}}],"collection":[{"href":"https:\/\/uj.adatbank.ro\/lexikon\/wp-json\/wp\/v2\/product"}],"about":[{"href":"https:\/\/uj.adatbank.ro\/lexikon\/wp-json\/wp\/v2\/types\/product"}],"replies":[{"embeddable":true,"href":"https:\/\/uj.adatbank.ro\/lexikon\/wp-json\/wp\/v2\/comments?post=25017"}],"wp:attachment":[{"href":"https:\/\/uj.adatbank.ro\/lexikon\/wp-json\/wp\/v2\/media?parent=25017"}],"wp:term":[{"taxonomy":"product_brand","embeddable":true,"href":"https:\/\/uj.adatbank.ro\/lexikon\/wp-json\/wp\/v2\/product_brand?post=25017"},{"taxonomy":"product_cat","embeddable":true,"href":"https:\/\/uj.adatbank.ro\/lexikon\/wp-json\/wp\/v2\/product_cat?post=25017"},{"taxonomy":"product_tag","embeddable":true,"href":"https:\/\/uj.adatbank.ro\/lexikon\/wp-json\/wp\/v2\/product_tag?post=25017"}],"curies":[{"name":"wp","href":"https:\/\/api.w.org\/{rel}","templated":true}]}}