{"id":25019,"date":"2025-08-01T18:29:55","date_gmt":"2025-08-01T16:29:55","guid":{"rendered":"https:\/\/uj.adatbank.ro\/lexikon\/termek\/zakarias-ferenc\/"},"modified":"2025-08-01T18:29:55","modified_gmt":"2025-08-01T16:29:55","slug":"zakarias-ferenc","status":"publish","type":"product","link":"https:\/\/uj.adatbank.ro\/lexikon\/termek\/zakarias-ferenc\/","title":{"rendered":"ZAKARI\u00c1S Ferenc"},"content":{"rendered":"<p>Gyimesb\u00fckk, 1875, \u2020 Mv., 1936: \u00e1llom\u00e1sf\u0151n\u00f6k. \u2013 Z. Zaki (1843\u20131899) \u00e9s D\u00e1vid Kata (1846\u20131929) fia. Feles\u00e9ge: 1. Antok Mariska (1886\u20131929), 2. Antok Ter\u00e9z (1888\u2013 ?). \u2013 Mv.-en \u00e1llom\u00e1sf\u0151n\u00f6k. <br \/><strong>\u2013 Irod.:<\/strong> Sz\u00e1va; Sz\u00e1va 2012.<\/br><\/p>\n","protected":false},"excerpt":{"rendered":"<p>Gyimesb\u00fckk, 1875, \u2020 Mv., 1936: \u00e1llom\u00e1sf\u0151n\u00f6k. \u2013 Z. Zaki (1843\u20131899) \u00e9s D\u00e1vid Kata (1846\u20131929) fia. Feles\u00e9ge: 1. Antok Mariska (1886\u20131929), 2. Antok Ter\u00e9z (1888\u2013 ?). \u2013 Mv.-en \u00e1llom\u00e1sf\u0151n\u00f6k. \u2013 Irod.: Sz\u00e1va; Sz\u00e1va 2012.<\/p>\n","protected":false},"featured_media":0,"comment_status":"open","ping_status":"closed","template":"","meta":[],"product_brand":[],"product_cat":[137],"product_tag":[],"class_list":{"0":"post-25019","1":"product","2":"type-product","3":"status-publish","5":"product_cat-maros-megyei-eletrajzi-lexikon","7":"first","8":"instock","9":"shipping-taxable","10":"product-type-simple"},"_links":{"self":[{"href":"https:\/\/uj.adatbank.ro\/lexikon\/wp-json\/wp\/v2\/product\/25019","targetHints":{"allow":["GET"]}}],"collection":[{"href":"https:\/\/uj.adatbank.ro\/lexikon\/wp-json\/wp\/v2\/product"}],"about":[{"href":"https:\/\/uj.adatbank.ro\/lexikon\/wp-json\/wp\/v2\/types\/product"}],"replies":[{"embeddable":true,"href":"https:\/\/uj.adatbank.ro\/lexikon\/wp-json\/wp\/v2\/comments?post=25019"}],"wp:attachment":[{"href":"https:\/\/uj.adatbank.ro\/lexikon\/wp-json\/wp\/v2\/media?parent=25019"}],"wp:term":[{"taxonomy":"product_brand","embeddable":true,"href":"https:\/\/uj.adatbank.ro\/lexikon\/wp-json\/wp\/v2\/product_brand?post=25019"},{"taxonomy":"product_cat","embeddable":true,"href":"https:\/\/uj.adatbank.ro\/lexikon\/wp-json\/wp\/v2\/product_cat?post=25019"},{"taxonomy":"product_tag","embeddable":true,"href":"https:\/\/uj.adatbank.ro\/lexikon\/wp-json\/wp\/v2\/product_tag?post=25019"}],"curies":[{"name":"wp","href":"https:\/\/api.w.org\/{rel}","templated":true}]}}