{"id":25027,"date":"2025-08-01T18:30:14","date_gmt":"2025-08-01T16:30:14","guid":{"rendered":"https:\/\/uj.adatbank.ro\/lexikon\/termek\/zakarias-zoltan\/"},"modified":"2025-08-01T18:30:14","modified_gmt":"2025-08-01T16:30:14","slug":"zakarias-zoltan","status":"publish","type":"product","link":"https:\/\/uj.adatbank.ro\/lexikon\/termek\/zakarias-zoltan\/","title":{"rendered":"ZAKARI\u00c1S Zolt\u00e1n"},"content":{"rendered":"<p>Uzon, 1923. m\u00e1j. 22., \u2020 Mv., 1999. jan. 22.: orvos, f\u00fcl-orr-g\u00e9g\u00e9sz. \u2013 Z. Barab\u00e1s \u00e9s P\u00e1pai Margit fia. Feles\u00e9ge: magyarr\u00e9geni Vert\u00e1n Magda (Sz\u00e1szr\u00e9gen, 1925\u20132020). Gyermekeik: Zolt\u00e1n (1952); Kl\u00e1ra (1957\u2013), sz\u00edn\u00e9szn\u0151 \u2013 B\u00f6l\u00f6ni L\u00e1szl\u00f3n\u00e9. \u2013 Elemi iskol\u00e1it Uzonban, a k\u00f6z\u00e9piskol\u00e1t Sepsiszentgy\u00f6rgy\u00f6n a Sz\u00e9kely Mik\u00f3 Koll.-ben v\u00e9gezte. A kv.-i majd a mv.-i OGYI-n szerzett orvosi diplom\u00e1t (1950); az orvostudom\u00e1nyok doktora (1972). Katonai hadifogoly (1942\u201345). A mv.-i Anat\u00f3miai Int\u00e9zet tan\u00e1rseg\u00e9de (1948\u201357), majd adjunktusa (1955\u201357); az Orr-F\u00fcl-G\u00e9ge Klinika tan\u00e1rseg\u00e9de (1957\u201369), el\u0151ad\u00f3tan\u00e1r (1964\u201369). A mv.-i 1. sz Poliklinika f\u0151orvosa (1969\u201388); az OGYI adjunktusa. Klinikai \u00e9s poliklinikai f\u0151orvos, a Poliklinik\u00e1nak r\u00f6vid ideig igazgat\u00f3ja. Doktor\u00e1lt (1972). A securitate megfigyeltette (1964 k.). \u2013  <strong>F. m..:<\/strong>  <strong>t\u00e1rssz.:<\/strong> T\u00e1janat\u00f3mia 2. r\u00e9sz. (Maros Tiborral \u00e9s Gross Frigyessel, Mv., 1948, 1956); Embriol\u00f3gia (Mv., 1951); Fejl\u0151d\u00e9stan (Mv., 1957); F\u00fcl- orr-g\u00e9g\u00e9szet (Vend\u00e9g Vinc\u00e9vel, T\u00f6r\u00f6k Ferenccel, Mv., 1958); Seb\u00e9szeti m\u0171t\u00e9tan (Mv., 1958); Contribu\u0163ii la histomorfologia mucoaselor urecii medii \u00een afec\u0163iunile de natur\u0103 inflamatorie (Mv., 1972);  <strong>ford.:<\/strong> Kolesznyikov: Az ember anat\u00f3mi\u00e1ja (L\u00e1z\u00e1r L\u00e1szl\u00f3val, Buk, 1955.). <br \/><strong>\u2013 Irod.:<\/strong> Bartos 2012; Genersich; Kiss\u2013P\u00e9terffy\u2013P\u00e9terffy; [Nekrol\u00f3g] (N\u00fa., 1999. jan. 23.); P\u00e9ter; Sz\u00e1va; Sz\u00e1va 2012; Tizenk\u00e9t \u00e9v, Todea.<\/br><\/p>\n","protected":false},"excerpt":{"rendered":"<p>Uzon, 1923. m\u00e1j. 22., \u2020 Mv., 1999. jan. 22.: orvos, f\u00fcl-orr-g\u00e9g\u00e9sz. \u2013 Z. Barab\u00e1s \u00e9s P\u00e1pai Margit fia. Feles\u00e9ge: magyarr\u00e9geni Vert\u00e1n Magda (Sz\u00e1szr\u00e9gen, 1925\u20132020). Gyermekeik: Zolt\u00e1n (1952); Kl\u00e1ra (1957\u2013), sz\u00edn\u00e9szn\u0151 \u2013 B\u00f6l\u00f6ni L\u00e1szl\u00f3n\u00e9. \u2013 Elemi iskol\u00e1it Uzonban, a k\u00f6z\u00e9piskol\u00e1t Sepsiszentgy\u00f6rgy\u00f6n a Sz\u00e9kely Mik\u00f3 Koll.-ben v\u00e9gezte. A kv.-i majd a mv.-i OGYI-n szerzett orvosi diplom\u00e1t (1950); [&hellip;]<\/p>\n","protected":false},"featured_media":0,"comment_status":"open","ping_status":"closed","template":"","meta":[],"product_brand":[],"product_cat":[137],"product_tag":[],"class_list":{"0":"post-25027","1":"product","2":"type-product","3":"status-publish","5":"product_cat-maros-megyei-eletrajzi-lexikon","7":"first","8":"instock","9":"shipping-taxable","10":"product-type-simple"},"_links":{"self":[{"href":"https:\/\/uj.adatbank.ro\/lexikon\/wp-json\/wp\/v2\/product\/25027","targetHints":{"allow":["GET"]}}],"collection":[{"href":"https:\/\/uj.adatbank.ro\/lexikon\/wp-json\/wp\/v2\/product"}],"about":[{"href":"https:\/\/uj.adatbank.ro\/lexikon\/wp-json\/wp\/v2\/types\/product"}],"replies":[{"embeddable":true,"href":"https:\/\/uj.adatbank.ro\/lexikon\/wp-json\/wp\/v2\/comments?post=25027"}],"wp:attachment":[{"href":"https:\/\/uj.adatbank.ro\/lexikon\/wp-json\/wp\/v2\/media?parent=25027"}],"wp:term":[{"taxonomy":"product_brand","embeddable":true,"href":"https:\/\/uj.adatbank.ro\/lexikon\/wp-json\/wp\/v2\/product_brand?post=25027"},{"taxonomy":"product_cat","embeddable":true,"href":"https:\/\/uj.adatbank.ro\/lexikon\/wp-json\/wp\/v2\/product_cat?post=25027"},{"taxonomy":"product_tag","embeddable":true,"href":"https:\/\/uj.adatbank.ro\/lexikon\/wp-json\/wp\/v2\/product_tag?post=25027"}],"curies":[{"name":"wp","href":"https:\/\/api.w.org\/{rel}","templated":true}]}}