{"id":25028,"date":"2025-08-01T18:30:17","date_gmt":"2025-08-01T16:30:17","guid":{"rendered":"https:\/\/uj.adatbank.ro\/lexikon\/termek\/zakarias-zoltanne-vertan-magda-dr\/"},"modified":"2025-08-01T18:30:17","modified_gmt":"2025-08-01T16:30:17","slug":"zakarias-zoltanne-vertan-magda-dr","status":"publish","type":"product","link":"https:\/\/uj.adatbank.ro\/lexikon\/termek\/zakarias-zoltanne-vertan-magda-dr\/","title":{"rendered":"ZAKARI\u00c1S Zolt\u00e1nn\u00e9, Vert\u00e1n Magda, dr."},"content":{"rendered":"<p>Sz\u00e1szr\u00e9gen, 1925 \u2020 Mv., 2020. Gyermekeik: Zolt\u00e1n (1952.); Kl\u00e1ra (1957\u2013), sz\u00edn\u00e9szn\u0151 \u2013 B\u00f6l\u00f6ni L\u00e1szl\u00f3n\u00e9. \u2013 K\u00f6z\u00e9piskol\u00e1t Kv.-on v\u00e9gzett a Ref. Le\u00e1nyiskol\u00e1ban. A h\u00e1bor\u00fa alatt Ausztri\u00e1ba menek\u00fcltek, visszat\u00e9rtek (1945). A MOGYI K\u00f6zeg\u00e9szs\u00e9g\u00fcgyi Karon v\u00e9gzett (1951). Gyakornok az \u00c9lettanon (1947). A Belgy\u00f3gy\u00e1szati Klinika laborat\u00f3rium\u00e1ban dolgozik. Szakorvos, majd f\u0151orvos \u00e9s laborvezet\u0151. <br \/><strong>\u2013 Irod.:<\/strong> Kiss Cs. M 4.<\/br><\/p>\n","protected":false},"excerpt":{"rendered":"<p>Sz\u00e1szr\u00e9gen, 1925 \u2020 Mv., 2020. Gyermekeik: Zolt\u00e1n (1952.); Kl\u00e1ra (1957\u2013), sz\u00edn\u00e9szn\u0151 \u2013 B\u00f6l\u00f6ni L\u00e1szl\u00f3n\u00e9. \u2013 K\u00f6z\u00e9piskol\u00e1t Kv.-on v\u00e9gzett a Ref. Le\u00e1nyiskol\u00e1ban. A h\u00e1bor\u00fa alatt Ausztri\u00e1ba menek\u00fcltek, visszat\u00e9rtek (1945). A MOGYI K\u00f6zeg\u00e9szs\u00e9g\u00fcgyi Karon v\u00e9gzett (1951). Gyakornok az \u00c9lettanon (1947). A Belgy\u00f3gy\u00e1szati Klinika laborat\u00f3rium\u00e1ban dolgozik. Szakorvos, majd f\u0151orvos \u00e9s laborvezet\u0151. \u2013 Irod.: Kiss Cs. M 4.<\/p>\n","protected":false},"featured_media":0,"comment_status":"open","ping_status":"closed","template":"","meta":[],"product_brand":[],"product_cat":[137],"product_tag":[],"class_list":{"0":"post-25028","1":"product","2":"type-product","3":"status-publish","5":"product_cat-maros-megyei-eletrajzi-lexikon","7":"first","8":"instock","9":"shipping-taxable","10":"product-type-simple"},"_links":{"self":[{"href":"https:\/\/uj.adatbank.ro\/lexikon\/wp-json\/wp\/v2\/product\/25028","targetHints":{"allow":["GET"]}}],"collection":[{"href":"https:\/\/uj.adatbank.ro\/lexikon\/wp-json\/wp\/v2\/product"}],"about":[{"href":"https:\/\/uj.adatbank.ro\/lexikon\/wp-json\/wp\/v2\/types\/product"}],"replies":[{"embeddable":true,"href":"https:\/\/uj.adatbank.ro\/lexikon\/wp-json\/wp\/v2\/comments?post=25028"}],"wp:attachment":[{"href":"https:\/\/uj.adatbank.ro\/lexikon\/wp-json\/wp\/v2\/media?parent=25028"}],"wp:term":[{"taxonomy":"product_brand","embeddable":true,"href":"https:\/\/uj.adatbank.ro\/lexikon\/wp-json\/wp\/v2\/product_brand?post=25028"},{"taxonomy":"product_cat","embeddable":true,"href":"https:\/\/uj.adatbank.ro\/lexikon\/wp-json\/wp\/v2\/product_cat?post=25028"},{"taxonomy":"product_tag","embeddable":true,"href":"https:\/\/uj.adatbank.ro\/lexikon\/wp-json\/wp\/v2\/product_tag?post=25028"}],"curies":[{"name":"wp","href":"https:\/\/api.w.org\/{rel}","templated":true}]}}

ZAKARIÁS Zoltánné, Vertán Magda, dr.

<p>Szászrégen, 1925 † Mv., 2020. Gyermekeik: Zoltán (1952.); Klára (1957–), színésznő – Bölöni Lászlóné. – Középiskolát Kv.-on végzett a Ref. Leányiskolában. A háború alatt Ausztriába menekültek, visszatértek (1945). A MOGYI Közegészségügyi Karon végzett (1951). Gyakornok az Élettanon (1947). A Belgyógyászati Klinika laboratóriumában dolgozik. Szakorvos, majd főorvos és laborvezető. <br /><strong>– Irod.:</strong> Kiss Cs. M 4.</br></p>

<p>Szászrégen, 1925 † Mv., 2020. Gyermekeik: Zoltán (1952.); Klára (1957–), színésznő – Bölöni Lászlóné. – Középiskolát Kv.-on végzett a Ref. Leányiskolában. A háború alatt Ausztriába menekültek, visszatértek (1945). A MOGYI Közegészségügyi Karon végzett (1951). Gyakornok az Élettanon (1947). A Belgyógyászati Klinika laboratóriumában dolgozik. Szakorvos, majd főorvos és laborvezető. – Irod.: Kiss Cs. M 4.</p>
