{"id":25029,"date":"2025-08-01T18:30:19","date_gmt":"2025-08-01T16:30:19","guid":{"rendered":"https:\/\/uj.adatbank.ro\/lexikon\/termek\/zako-andras\/"},"modified":"2025-08-01T18:30:19","modified_gmt":"2025-08-01T16:30:19","slug":"zako-andras","status":"publish","type":"product","link":"https:\/\/uj.adatbank.ro\/lexikon\/termek\/zako-andras\/","title":{"rendered":"Z\u00c1K\u00d3 Andr\u00e1s"},"content":{"rendered":"<p>Brass\u00f3, 1898. m\u00e1rc. 23., \u2020\u00a0M\u00fcnchen, 1968. m\u00e1rc. 13.: vez\u00e9rez\u0151rnagy. \u2013 Az erd\u00e9lyi bevonul\u00e1s ut\u00e1n a Hadiakad\u00e9mi\u00e1n a hadm\u0171veleti vez\u00e9rkari szolg\u00e1lat tan\u00e1ra. Ezredes (1942. \u00e1pr. 1.\u2013). A 27. sz\u00e9kely k\u00f6nny\u0171 hadoszt\u00e1ly parancsnoka (1943. okt. 1. \u2013). Alakulat\u00e1val r\u00e9szt vett a gal\u00edciai hadm\u0171veletekben, majd a Vez\u00e9rkar f\u0151n\u00f6ke vez\u00e9r\u0151rnagyi rendfokozatban (1944. okt. 16.\u2013). Amerikai hadifogs\u00e1gba esett (1945. m\u00e1j.\u2013), a h\u00e1bor\u00fa ut\u00e1n nyugaton telepedett le. <br \/><strong>\u2013 Irod.:<\/strong> Berekm\u00e9ri: A mv.-i 27. hadoszt\u00e1ly.<\/br><\/p>\n","protected":false},"excerpt":{"rendered":"<p>Brass\u00f3, 1898. m\u00e1rc. 23., \u2020\u00a0M\u00fcnchen, 1968. m\u00e1rc. 13.: vez\u00e9rez\u0151rnagy. \u2013 Az erd\u00e9lyi bevonul\u00e1s ut\u00e1n a Hadiakad\u00e9mi\u00e1n a hadm\u0171veleti vez\u00e9rkari szolg\u00e1lat tan\u00e1ra. Ezredes (1942. \u00e1pr. 1.\u2013). A 27. sz\u00e9kely k\u00f6nny\u0171 hadoszt\u00e1ly parancsnoka (1943. okt. 1. \u2013). Alakulat\u00e1val r\u00e9szt vett a gal\u00edciai hadm\u0171veletekben, majd a Vez\u00e9rkar f\u0151n\u00f6ke vez\u00e9r\u0151rnagyi rendfokozatban (1944. okt. 16.\u2013). Amerikai hadifogs\u00e1gba esett (1945. m\u00e1j.\u2013), [&hellip;]<\/p>\n","protected":false},"featured_media":0,"comment_status":"open","ping_status":"closed","template":"","meta":[],"product_brand":[],"product_cat":[137],"product_tag":[],"class_list":{"0":"post-25029","1":"product","2":"type-product","3":"status-publish","5":"product_cat-maros-megyei-eletrajzi-lexikon","7":"first","8":"instock","9":"shipping-taxable","10":"product-type-simple"},"_links":{"self":[{"href":"https:\/\/uj.adatbank.ro\/lexikon\/wp-json\/wp\/v2\/product\/25029","targetHints":{"allow":["GET"]}}],"collection":[{"href":"https:\/\/uj.adatbank.ro\/lexikon\/wp-json\/wp\/v2\/product"}],"about":[{"href":"https:\/\/uj.adatbank.ro\/lexikon\/wp-json\/wp\/v2\/types\/product"}],"replies":[{"embeddable":true,"href":"https:\/\/uj.adatbank.ro\/lexikon\/wp-json\/wp\/v2\/comments?post=25029"}],"wp:attachment":[{"href":"https:\/\/uj.adatbank.ro\/lexikon\/wp-json\/wp\/v2\/media?parent=25029"}],"wp:term":[{"taxonomy":"product_brand","embeddable":true,"href":"https:\/\/uj.adatbank.ro\/lexikon\/wp-json\/wp\/v2\/product_brand?post=25029"},{"taxonomy":"product_cat","embeddable":true,"href":"https:\/\/uj.adatbank.ro\/lexikon\/wp-json\/wp\/v2\/product_cat?post=25029"},{"taxonomy":"product_tag","embeddable":true,"href":"https:\/\/uj.adatbank.ro\/lexikon\/wp-json\/wp\/v2\/product_tag?post=25029"}],"curies":[{"name":"wp","href":"https:\/\/api.w.org\/{rel}","templated":true}]}}

ZÁKÓ András

<p>Brassó, 1898. márc. 23., † München, 1968. márc. 13.: vezérezőrnagy. – Az erdélyi bevonulás után a Hadiakadémián a hadműveleti vezérkari szolgálat tanára. Ezredes (1942. ápr. 1.–). A 27. székely könnyű hadosztály parancsnoka (1943. okt. 1. –). Alakulatával részt vett a galíciai hadműveletekben, majd a Vezérkar főnöke vezérőrnagyi rendfokozatban (1944. okt. 16.–). Amerikai hadifogságba esett (1945. máj.–), a háború után nyugaton telepedett le. <br /><strong>– Irod.:</strong> Berekméri: A mv.-i 27. hadosztály.</br></p>

<p>Brassó, 1898. márc. 23., † München, 1968. márc. 13.: vezérezőrnagy. – Az erdélyi bevonulás után a Hadiakadémián a hadműveleti vezérkari szolgálat tanára. Ezredes (1942. ápr. 1.–). A 27. székely könnyű hadosztály parancsnoka (1943. okt. 1. –). Alakulatával részt vett a galíciai hadműveletekben, majd a Vezérkar főnöke vezérőrnagyi rendfokozatban (1944. okt. 16.–). Amerikai hadifogságba esett (1945. máj.–), [&hellip;]</p>
