{"id":25033,"date":"2025-08-01T18:30:27","date_gmt":"2025-08-01T16:30:27","guid":{"rendered":"https:\/\/uj.adatbank.ro\/lexikon\/termek\/zalanyi-boldizsar\/"},"modified":"2025-08-01T18:30:27","modified_gmt":"2025-08-01T16:30:27","slug":"zalanyi-boldizsar","status":"publish","type":"product","link":"https:\/\/uj.adatbank.ro\/lexikon\/termek\/zalanyi-boldizsar\/","title":{"rendered":"ZAL\u00c1NYI Boldizs\u00e1r"},"content":{"rendered":"<p>? \u2020\u00a0?: ref. lelk\u00e9sz. \u2013 K\u00fclf\u00f6ldi tanulm\u00e1ny\u00fatj\u00e1ra k\u00eds\u00e9rte Teleki P\u00e1lt (1677\u20131731), akivel Frankfurtban, Franekerben tanultak nyelveket \u00e9s teol\u00f3gi\u00e1t (1695\u2013), holland \u00e9s angol v\u00e1rosokat l\u00e1togattak (1697 nyar\u00e1n), Marburgban (1698. j\u00fan.), majd Sv\u00e1jcban, Franciao.-ban \u00e9s v\u00e9g\u00fcl B\u00e9csben j\u00e1rtak (1699). Visszat\u00e9rtek Erd\u00e9lybe (1701). Val\u00f3sz\u00edn\u0171, hogy udvari lp. volt Gernyeszegen. <br \/><strong>\u2013 Irod.:<\/strong> B\u00f6jthe Andor: A g\u00f6rg\u00e9nyi ev. ref. egyh\u00e1zmegye t\u00f6rt\u00e9nete [k\u00e9zirat]; Szab\u00f3\u2013Tonk; Ver\u00f3k Attila: Erd\u00e9lyi k\u00f6nyves eml\u00e9kek Hall\u00e9ban az 1800 el\u0151tti id\u0151szakb\u00f3l = K\u00f6nyvek \u00e1ltal\u2026<\/br><\/p>\n","protected":false},"excerpt":{"rendered":"<p>? \u2020\u00a0?: ref. lelk\u00e9sz. \u2013 K\u00fclf\u00f6ldi tanulm\u00e1ny\u00fatj\u00e1ra k\u00eds\u00e9rte Teleki P\u00e1lt (1677\u20131731), akivel Frankfurtban, Franekerben tanultak nyelveket \u00e9s teol\u00f3gi\u00e1t (1695\u2013), holland \u00e9s angol v\u00e1rosokat l\u00e1togattak (1697 nyar\u00e1n), Marburgban (1698. j\u00fan.), majd Sv\u00e1jcban, Franciao.-ban \u00e9s v\u00e9g\u00fcl B\u00e9csben j\u00e1rtak (1699). Visszat\u00e9rtek Erd\u00e9lybe (1701). Val\u00f3sz\u00edn\u0171, hogy udvari lp. volt Gernyeszegen. \u2013 Irod.: B\u00f6jthe Andor: A g\u00f6rg\u00e9nyi ev. ref. egyh\u00e1zmegye [&hellip;]<\/p>\n","protected":false},"featured_media":0,"comment_status":"open","ping_status":"closed","template":"","meta":[],"product_brand":[],"product_cat":[137],"product_tag":[],"class_list":{"0":"post-25033","1":"product","2":"type-product","3":"status-publish","5":"product_cat-maros-megyei-eletrajzi-lexikon","7":"first","8":"instock","9":"shipping-taxable","10":"product-type-simple"},"_links":{"self":[{"href":"https:\/\/uj.adatbank.ro\/lexikon\/wp-json\/wp\/v2\/product\/25033","targetHints":{"allow":["GET"]}}],"collection":[{"href":"https:\/\/uj.adatbank.ro\/lexikon\/wp-json\/wp\/v2\/product"}],"about":[{"href":"https:\/\/uj.adatbank.ro\/lexikon\/wp-json\/wp\/v2\/types\/product"}],"replies":[{"embeddable":true,"href":"https:\/\/uj.adatbank.ro\/lexikon\/wp-json\/wp\/v2\/comments?post=25033"}],"wp:attachment":[{"href":"https:\/\/uj.adatbank.ro\/lexikon\/wp-json\/wp\/v2\/media?parent=25033"}],"wp:term":[{"taxonomy":"product_brand","embeddable":true,"href":"https:\/\/uj.adatbank.ro\/lexikon\/wp-json\/wp\/v2\/product_brand?post=25033"},{"taxonomy":"product_cat","embeddable":true,"href":"https:\/\/uj.adatbank.ro\/lexikon\/wp-json\/wp\/v2\/product_cat?post=25033"},{"taxonomy":"product_tag","embeddable":true,"href":"https:\/\/uj.adatbank.ro\/lexikon\/wp-json\/wp\/v2\/product_tag?post=25033"}],"curies":[{"name":"wp","href":"https:\/\/api.w.org\/{rel}","templated":true}]}}

ZALÁNYI Boldizsár

<p>? † ?: ref. lelkész. – Külföldi tanulmányútjára kísérte Teleki Pált (1677–1731), akivel Frankfurtban, Franekerben tanultak nyelveket és teológiát (1695–), holland és angol városokat látogattak (1697 nyarán), Marburgban (1698. jún.), majd Svájcban, Franciao.-ban és végül Bécsben jártak (1699). Visszatértek Erdélybe (1701). Valószínű, hogy udvari lp. volt Gernyeszegen. <br /><strong>– Irod.:</strong> Böjthe Andor: A görgényi ev. ref. egyházmegye története [kézirat]; Szabó–Tonk; Verók Attila: Erdélyi könyves emlékek Halléban az 1800 előtti időszakból = Könyvek által…</br></p>

<p>? † ?: ref. lelkész. – Külföldi tanulmányútjára kísérte Teleki Pált (1677–1731), akivel Frankfurtban, Franekerben tanultak nyelveket és teológiát (1695–), holland és angol városokat látogattak (1697 nyarán), Marburgban (1698. jún.), majd Svájcban, Franciao.-ban és végül Bécsben jártak (1699). Visszatértek Erdélybe (1701). Valószínű, hogy udvari lp. volt Gernyeszegen. – Irod.: Böjthe Andor: A görgényi ev. ref. egyházmegye [&hellip;]</p>
