{"id":25037,"date":"2025-08-01T18:30:37","date_gmt":"2025-08-01T16:30:37","guid":{"rendered":"https:\/\/uj.adatbank.ro\/lexikon\/termek\/zalanyi-gyorgy-2\/"},"modified":"2025-08-01T18:30:37","modified_gmt":"2025-08-01T16:30:37","slug":"zalanyi-gyorgy-2","status":"publish","type":"product","link":"https:\/\/uj.adatbank.ro\/lexikon\/termek\/zalanyi-gyorgy-2\/","title":{"rendered":"ZAL\u00c1NYI Gy\u00f6rgy"},"content":{"rendered":"<p>1788? \u2020\u00a0Mv., 1876. m\u00e1rc. 24.: v\u00e1rosi k\u00e9pvisel\u0151. \u2013 Feles\u00e9ge: 1?, 2.Szathm\u00e1ri Juli\u00e1nna (1794? \u2013 Mv., 1885. dec. 8.) \u00e9s els\u0151 f\u00e9rj\u00e9t\u0151l gyermekei: Enyedi S\u00e1muel; Ferenc, feles\u00e9ge Tollas M\u00e1ria; Zsuzs\u00e1nna \u2013 K\u00e1d\u00e1r Lajosn\u00e9; J\u00f3zsef; M\u00e1ria \u2013 Szigethi S\u00e1ndorn\u00e9; Juli\u00e1nna \u2013 Dab\u00f3czi J\u00e1nosn\u00e9; Anna \u2013 Nagy M\u00e1rtonn\u00e9; R\u00f3za \u2013 Petri K\u00e1rolyn\u00e9. \u2013 Mv. v\u00e1rosi k\u00e9pvisel\u0151 \u00e9s ev. ref. consistor \u00e9s k\u00e9pvisel\u0151. <br \/><strong>\u2013 Irod.:<\/strong> Gy\u00e1szjelent\u0151.<\/br><\/p>\n","protected":false},"excerpt":{"rendered":"<p>1788? \u2020\u00a0Mv., 1876. m\u00e1rc. 24.: v\u00e1rosi k\u00e9pvisel\u0151. \u2013 Feles\u00e9ge: 1?, 2.Szathm\u00e1ri Juli\u00e1nna (1794? \u2013 Mv., 1885. dec. 8.) \u00e9s els\u0151 f\u00e9rj\u00e9t\u0151l gyermekei: Enyedi S\u00e1muel; Ferenc, feles\u00e9ge Tollas M\u00e1ria; Zsuzs\u00e1nna \u2013 K\u00e1d\u00e1r Lajosn\u00e9; J\u00f3zsef; M\u00e1ria \u2013 Szigethi S\u00e1ndorn\u00e9; Juli\u00e1nna \u2013 Dab\u00f3czi J\u00e1nosn\u00e9; Anna \u2013 Nagy M\u00e1rtonn\u00e9; R\u00f3za \u2013 Petri K\u00e1rolyn\u00e9. \u2013 Mv. v\u00e1rosi k\u00e9pvisel\u0151 \u00e9s ev. [&hellip;]<\/p>\n","protected":false},"featured_media":0,"comment_status":"open","ping_status":"closed","template":"","meta":[],"product_brand":[],"product_cat":[137],"product_tag":[],"class_list":{"0":"post-25037","1":"product","2":"type-product","3":"status-publish","5":"product_cat-maros-megyei-eletrajzi-lexikon","7":"first","8":"instock","9":"shipping-taxable","10":"product-type-simple"},"_links":{"self":[{"href":"https:\/\/uj.adatbank.ro\/lexikon\/wp-json\/wp\/v2\/product\/25037","targetHints":{"allow":["GET"]}}],"collection":[{"href":"https:\/\/uj.adatbank.ro\/lexikon\/wp-json\/wp\/v2\/product"}],"about":[{"href":"https:\/\/uj.adatbank.ro\/lexikon\/wp-json\/wp\/v2\/types\/product"}],"replies":[{"embeddable":true,"href":"https:\/\/uj.adatbank.ro\/lexikon\/wp-json\/wp\/v2\/comments?post=25037"}],"wp:attachment":[{"href":"https:\/\/uj.adatbank.ro\/lexikon\/wp-json\/wp\/v2\/media?parent=25037"}],"wp:term":[{"taxonomy":"product_brand","embeddable":true,"href":"https:\/\/uj.adatbank.ro\/lexikon\/wp-json\/wp\/v2\/product_brand?post=25037"},{"taxonomy":"product_cat","embeddable":true,"href":"https:\/\/uj.adatbank.ro\/lexikon\/wp-json\/wp\/v2\/product_cat?post=25037"},{"taxonomy":"product_tag","embeddable":true,"href":"https:\/\/uj.adatbank.ro\/lexikon\/wp-json\/wp\/v2\/product_tag?post=25037"}],"curies":[{"name":"wp","href":"https:\/\/api.w.org\/{rel}","templated":true}]}}

ZALÁNYI György

<p>1788? † Mv., 1876. márc. 24.: városi képviselő. – Felesége: 1?, 2.Szathmári Juliánna (1794? – Mv., 1885. dec. 8.) és első férjétől gyermekei: Enyedi Sámuel; Ferenc, felesége Tollas Mária; Zsuzsánna – Kádár Lajosné; József; Mária – Szigethi Sándorné; Juliánna – Dabóczi Jánosné; Anna – Nagy Mártonné; Róza – Petri Károlyné. – Mv. városi képviselő és ev. ref. consistor és képviselő. <br /><strong>– Irod.:</strong> Gyászjelentő.</br></p>

<p>1788? † Mv., 1876. márc. 24.: városi képviselő. – Felesége: 1?, 2.Szathmári Juliánna (1794? – Mv., 1885. dec. 8.) és első férjétől gyermekei: Enyedi Sámuel; Ferenc, felesége Tollas Mária; Zsuzsánna – Kádár Lajosné; József; Mária – Szigethi Sándorné; Juliánna – Dabóczi Jánosné; Anna – Nagy Mártonné; Róza – Petri Károlyné. – Mv. városi képviselő és ev. [&hellip;]</p>
