{"id":25045,"date":"2025-08-01T18:30:54","date_gmt":"2025-08-01T16:30:54","guid":{"rendered":"https:\/\/uj.adatbank.ro\/lexikon\/termek\/zalanyi-tibor-%c2%a7\/"},"modified":"2025-08-01T18:30:54","modified_gmt":"2025-08-01T16:30:54","slug":"zalanyi-tibor-%c2%a7","status":"publish","type":"product","link":"https:\/\/uj.adatbank.ro\/lexikon\/termek\/zalanyi-tibor-%c2%a7\/","title":{"rendered":"ZAL\u00c1NYI Tibor, \u00a7"},"content":{"rendered":"<p>Mv., 1911. jan. 22., \u2020\u00a0Sz\u00e9kelyudvarhely, 1992. aug. 21.: mez\u0151gazdas\u00e1gi m\u00e9rn\u00f6k, tan\u00e1r. \u2013 Z. B\u00e9la \u00e9s Urr Ilona fia. \u2013 A csal\u00e1d \u00e1tk\u00f6lt\u00f6z\u00f6tt Kv.-ra (1913). K\u00f6z\u00e9piskol\u00e1it Kv.-on v\u00e9gezve (1929), beiratkozott az I. Ferdin\u00e1nd Egyetemre, el\u0151bb jogot, majd f\u00f6ldrajzot hallgatott, v\u00e9g\u00fcl a Mez\u0151gazdas\u00e1gi Akad\u00e9mi\u00e1t v\u00e9gezte el (1938). A R. K. St\u00e1tus k\u00e9zdiv\u00e1s\u00e1rhelyi T\u00e9li Gazdas\u00e1gi Iskol\u00e1j\u00e1ban helyettes tan\u00e1r (1938\u201340); a kv.-i Mez\u0151gazdas\u00e1gi Akad\u00e9mi\u00e1hoz tartoz\u00f3 EMGE Z\u00f6ldmez\u0151 \u00dcgyoszt\u00e1ly titk\u00e1ra (1940\u2013). Megyei \u00e9s j\u00e1r\u00e1si tanfolyamokat szervezett. A hidalm\u00e1si j\u00e1r\u00e1s gazdas\u00e1gi fel\u00fcgyel\u0151je (1944); A Mez\u0151gazdas\u00e1gi Akad. kolozsmonostori tangazdas\u00e1g\u00e1nak vezet\u0151je (1945), a m. tan\u00edt\u00f3k\u00e9pz\u0151ben a mez\u0151gazdas\u00e1gtan tan\u00e1ra (\u20131947); Sz\u00e9kelykereszt\u00faron (1947\u2013), majd Sz\u00e9kelyudvarhelyen (1950) mez\u0151gazdas\u00e1gi, ill. \u00e1llatteny\u00e9szt\u00e9si fel\u00fcgyel\u0151; kollekt\u00edv gazdas\u00e1gok vezet\u0151je Sz\u00e9kelyszentl\u00e9leken, Malomfalv\u00e1n, Farc\u00e1don, Atyh\u00e1n (1952\u2013), k\u00f6zben a sz\u00e9kelyudvarhelyi Mez\u0151gazdas\u00e1gi K\u00f6z\u00e9piskol\u00e1ban tan\u00edtott (1957\u201360). Szaktanulm\u00e1nyai, cikkei az Erd\u00e9lyi Gazda \u00e9s a Gazdanapt\u00e1rban jelentek meg. \u2013  <strong>F. m..:<\/strong> A sz\u00e1nt\u00f3f\u00f6ldi takarm\u00e1nyn\u00f6v\u00e9nyek (Kv., 1944). <br \/><strong>\u2013 Irod.:<\/strong> Kelemen Albert: A Maj\u00e1lis utc\u00e1t\u00f3l az atyhai kollekt\u00edv gazdas\u00e1gig: Z. T. \u00e9let\u00fatja (\u00d6r\u00f6ks\u00e9g\u00fcnk, 2012, 3. sz.); RMIL.<\/br><\/p>\n","protected":false},"excerpt":{"rendered":"<p>Mv., 1911. jan. 22., \u2020\u00a0Sz\u00e9kelyudvarhely, 1992. aug. 21.: mez\u0151gazdas\u00e1gi m\u00e9rn\u00f6k, tan\u00e1r. \u2013 Z. B\u00e9la \u00e9s Urr Ilona fia. \u2013 A csal\u00e1d \u00e1tk\u00f6lt\u00f6z\u00f6tt Kv.-ra (1913). K\u00f6z\u00e9piskol\u00e1it Kv.-on v\u00e9gezve (1929), beiratkozott az I. Ferdin\u00e1nd Egyetemre, el\u0151bb jogot, majd f\u00f6ldrajzot hallgatott, v\u00e9g\u00fcl a Mez\u0151gazdas\u00e1gi Akad\u00e9mi\u00e1t v\u00e9gezte el (1938). A R. K. St\u00e1tus k\u00e9zdiv\u00e1s\u00e1rhelyi T\u00e9li Gazdas\u00e1gi Iskol\u00e1j\u00e1ban helyettes tan\u00e1r [&hellip;]<\/p>\n","protected":false},"featured_media":0,"comment_status":"open","ping_status":"closed","template":"","meta":[],"product_brand":[],"product_cat":[137],"product_tag":[],"class_list":{"0":"post-25045","1":"product","2":"type-product","3":"status-publish","5":"product_cat-maros-megyei-eletrajzi-lexikon","7":"first","8":"instock","9":"shipping-taxable","10":"product-type-simple"},"_links":{"self":[{"href":"https:\/\/uj.adatbank.ro\/lexikon\/wp-json\/wp\/v2\/product\/25045","targetHints":{"allow":["GET"]}}],"collection":[{"href":"https:\/\/uj.adatbank.ro\/lexikon\/wp-json\/wp\/v2\/product"}],"about":[{"href":"https:\/\/uj.adatbank.ro\/lexikon\/wp-json\/wp\/v2\/types\/product"}],"replies":[{"embeddable":true,"href":"https:\/\/uj.adatbank.ro\/lexikon\/wp-json\/wp\/v2\/comments?post=25045"}],"wp:attachment":[{"href":"https:\/\/uj.adatbank.ro\/lexikon\/wp-json\/wp\/v2\/media?parent=25045"}],"wp:term":[{"taxonomy":"product_brand","embeddable":true,"href":"https:\/\/uj.adatbank.ro\/lexikon\/wp-json\/wp\/v2\/product_brand?post=25045"},{"taxonomy":"product_cat","embeddable":true,"href":"https:\/\/uj.adatbank.ro\/lexikon\/wp-json\/wp\/v2\/product_cat?post=25045"},{"taxonomy":"product_tag","embeddable":true,"href":"https:\/\/uj.adatbank.ro\/lexikon\/wp-json\/wp\/v2\/product_tag?post=25045"}],"curies":[{"name":"wp","href":"https:\/\/api.w.org\/{rel}","templated":true}]}}

ZALÁNYI Tibor, §

<p>Mv., 1911. jan. 22., † Székelyudvarhely, 1992. aug. 21.: mezőgazdasági mérnök, tanár. – Z. Béla és Urr Ilona fia. – A család átköltözött Kv.-ra (1913). Középiskoláit Kv.-on végezve (1929), beiratkozott az I. Ferdinánd Egyetemre, előbb jogot, majd földrajzot hallgatott, végül a Mezőgazdasági Akadémiát végezte el (1938). A R. K. Státus kézdivásárhelyi Téli Gazdasági Iskolájában helyettes tanár (1938–40); a kv.-i Mezőgazdasági Akadémiához tartozó EMGE Zöldmező Ügyosztály titkára (1940–). Megyei és járási tanfolyamokat szervezett. A hidalmási járás gazdasági felügyelője (1944); A Mezőgazdasági Akad. kolozsmonostori tangazdaságának vezetője (1945), a m. tanítóképzőben a mezőgazdaságtan tanára (–1947); Székelykeresztúron (1947–), majd Székelyudvarhelyen (1950) mezőgazdasági, ill. állattenyésztési felügyelő; kollektív gazdaságok vezetője Székelyszentléleken, Malomfalván, Farcádon, Atyhán (1952–), közben a székelyudvarhelyi Mezőgazdasági Középiskolában tanított (1957–60). Szaktanulmányai, cikkei az Erdélyi Gazda és a Gazdanaptárban jelentek meg. –  <strong>F. m..:</strong> A szántóföldi takarmánynövények (Kv., 1944). <br /><strong>– Irod.:</strong> Kelemen Albert: A Majális utcától az atyhai kollektív gazdaságig: Z. T. életútja (Örökségünk, 2012, 3. sz.); RMIL.</br></p>

<p>Mv., 1911. jan. 22., † Székelyudvarhely, 1992. aug. 21.: mezőgazdasági mérnök, tanár. – Z. Béla és Urr Ilona fia. – A család átköltözött Kv.-ra (1913). Középiskoláit Kv.-on végezve (1929), beiratkozott az I. Ferdinánd Egyetemre, előbb jogot, majd földrajzot hallgatott, végül a Mezőgazdasági Akadémiát végezte el (1938). A R. K. Státus kézdivásárhelyi Téli Gazdasági Iskolájában helyettes tanár [&hellip;]</p>
