{"id":25046,"date":"2025-08-01T18:30:56","date_gmt":"2025-08-01T16:30:56","guid":{"rendered":"https:\/\/uj.adatbank.ro\/lexikon\/termek\/zambler-domokos-alcsernatoni-zamler-domokos\/"},"modified":"2025-08-01T18:30:56","modified_gmt":"2025-08-01T16:30:56","slug":"zambler-domokos-alcsernatoni-zamler-domokos","status":"publish","type":"product","link":"https:\/\/uj.adatbank.ro\/lexikon\/termek\/zambler-domokos-alcsernatoni-zamler-domokos\/","title":{"rendered":"ZAMBLER Domokos, alcsern\u00e1toni, Z\u00e1mler Domokos"},"content":{"rendered":"<p>? \u2020\u00a0Mv., 1927. jan. 15.: alezredes. \u2013 Testv\u00e9re: Z. Mariska Gy\u00e1rf\u00e1s Benedekn\u00e9; Feles\u00e9ge: 1. radn\u00f3ti Szab\u00f3 Margit. Le\u00e1nyuk: Z. Margit \u00c9rdi K\u00e1lm\u00e1nn\u00e9; 2. als\u00f3csern\u00e1toni Moln\u00e1r Gizella. Fi\u00fak: Z. Domokos. [Gy\u00e1szh\u00e1z: Mv. Kinizsi P\u00e1l u. 1. sz.]. H\u00e1za Mv.-en \u201eB\u201d kateg\u00f3ri\u00e1ba tartoz\u00f3 m\u0171eml\u00e9k (\u015etefan cel Mare \/ volt Gecse D\u00e1niel u. 8. sz.). Feles\u00e9ge kor\u00e1n meghalt, \u00fajb\u00f3l megn\u0151s\u00fclt, fiuk Domokos. Egy gyeng\u00e9bb pillanat\u00e1ban v\u00e1lt\u00f3t \u00edrt al\u00e1, fizetni nem tudott \u00e9s \u00f6ngyilkos lett. Feles\u00e9ge eladta a h\u00e1zat, kifizette az ad\u00f3ss\u00e1got. <br \/><strong>\u2013 Irod.:<\/strong> Gy\u00e1szjelent\u0151; Sipos; Valori mure\u015fene de patrimoniu.<\/br><\/p>\n","protected":false},"excerpt":{"rendered":"<p>? \u2020\u00a0Mv., 1927. jan. 15.: alezredes. \u2013 Testv\u00e9re: Z. Mariska Gy\u00e1rf\u00e1s Benedekn\u00e9; Feles\u00e9ge: 1. radn\u00f3ti Szab\u00f3 Margit. Le\u00e1nyuk: Z. Margit \u00c9rdi K\u00e1lm\u00e1nn\u00e9; 2. als\u00f3csern\u00e1toni Moln\u00e1r Gizella. Fi\u00fak: Z. Domokos. [Gy\u00e1szh\u00e1z: Mv. Kinizsi P\u00e1l u. 1. sz.]. H\u00e1za Mv.-en \u201eB\u201d kateg\u00f3ri\u00e1ba tartoz\u00f3 m\u0171eml\u00e9k (\u015etefan cel Mare \/ volt Gecse D\u00e1niel u. 8. sz.). Feles\u00e9ge kor\u00e1n meghalt, [&hellip;]<\/p>\n","protected":false},"featured_media":0,"comment_status":"open","ping_status":"closed","template":"","meta":[],"product_brand":[],"product_cat":[137],"product_tag":[],"class_list":{"0":"post-25046","1":"product","2":"type-product","3":"status-publish","5":"product_cat-maros-megyei-eletrajzi-lexikon","7":"first","8":"instock","9":"shipping-taxable","10":"product-type-simple"},"_links":{"self":[{"href":"https:\/\/uj.adatbank.ro\/lexikon\/wp-json\/wp\/v2\/product\/25046","targetHints":{"allow":["GET"]}}],"collection":[{"href":"https:\/\/uj.adatbank.ro\/lexikon\/wp-json\/wp\/v2\/product"}],"about":[{"href":"https:\/\/uj.adatbank.ro\/lexikon\/wp-json\/wp\/v2\/types\/product"}],"replies":[{"embeddable":true,"href":"https:\/\/uj.adatbank.ro\/lexikon\/wp-json\/wp\/v2\/comments?post=25046"}],"wp:attachment":[{"href":"https:\/\/uj.adatbank.ro\/lexikon\/wp-json\/wp\/v2\/media?parent=25046"}],"wp:term":[{"taxonomy":"product_brand","embeddable":true,"href":"https:\/\/uj.adatbank.ro\/lexikon\/wp-json\/wp\/v2\/product_brand?post=25046"},{"taxonomy":"product_cat","embeddable":true,"href":"https:\/\/uj.adatbank.ro\/lexikon\/wp-json\/wp\/v2\/product_cat?post=25046"},{"taxonomy":"product_tag","embeddable":true,"href":"https:\/\/uj.adatbank.ro\/lexikon\/wp-json\/wp\/v2\/product_tag?post=25046"}],"curies":[{"name":"wp","href":"https:\/\/api.w.org\/{rel}","templated":true}]}}

ZAMBLER Domokos, alcsernátoni, Zámler Domokos

<p>? † Mv., 1927. jan. 15.: alezredes. – Testvére: Z. Mariska Gyárfás Benedekné; Felesége: 1. radnóti Szabó Margit. Leányuk: Z. Margit Érdi Kálmánné; 2. alsócsernátoni Molnár Gizella. Fiúk: Z. Domokos. [Gyászház: Mv. Kinizsi Pál u. 1. sz.]. Háza Mv.-en „B” kategóriába tartozó műemlék (Ştefan cel Mare / volt Gecse Dániel u. 8. sz.). Felesége korán meghalt, újból megnősült, fiuk Domokos. Egy gyengébb pillanatában váltót írt alá, fizetni nem tudott és öngyilkos lett. Felesége eladta a házat, kifizette az adósságot. <br /><strong>– Irod.:</strong> Gyászjelentő; Sipos; Valori mureşene de patrimoniu.</br></p>

<p>? † Mv., 1927. jan. 15.: alezredes. – Testvére: Z. Mariska Gyárfás Benedekné; Felesége: 1. radnóti Szabó Margit. Leányuk: Z. Margit Érdi Kálmánné; 2. alsócsernátoni Molnár Gizella. Fiúk: Z. Domokos. [Gyászház: Mv. Kinizsi Pál u. 1. sz.]. Háza Mv.-en „B” kategóriába tartozó műemlék (Ştefan cel Mare / volt Gecse Dániel u. 8. sz.). Felesége korán meghalt, [&hellip;]</p>
