{"id":25052,"date":"2025-08-01T18:31:09","date_gmt":"2025-08-01T16:31:09","guid":{"rendered":"https:\/\/uj.adatbank.ro\/lexikon\/termek\/zathureczky-berta-kelemen-lajosne\/"},"modified":"2025-08-01T18:31:09","modified_gmt":"2025-08-01T16:31:09","slug":"zathureczky-berta-kelemen-lajosne","status":"publish","type":"product","link":"https:\/\/uj.adatbank.ro\/lexikon\/termek\/zathureczky-berta-kelemen-lajosne\/","title":{"rendered":"ZATHURECZKY Berta, Kelemen Lajosn\u00e9"},"content":{"rendered":"<p>Homor\u00f3dszentm\u00e1rton, 1858., \u2020\u00a0Erd\u0151szentgy\u00f6rgy, 1924. jan.: \u00edr\u00f3, zeneszerz\u0151. \u2013 \u00cdr\u00e1sai bp.-i \u00e9s vid\u00e9ki lapokban jelentek meg. T\u00f6bb szerzem\u00e9nye volt, megzen\u00e9s\u00edtette Beksics Guszt\u00e1vn\u00e9nak egy operett sz\u00f6vegk\u00f6nyv\u00e9t. \u2013  <strong>F. m..:<\/strong> Eml\u00e9kezz\u00fcnk r\u00e9giekr\u0151l (Kv., 1912); R\u00e9gi alakok, r\u00e9gi szenved\u00e9lyek (Kv., 1913). <br \/><strong>\u2013 Irod.:<\/strong> RNL.<\/br><\/p>\n","protected":false},"excerpt":{"rendered":"<p>Homor\u00f3dszentm\u00e1rton, 1858., \u2020\u00a0Erd\u0151szentgy\u00f6rgy, 1924. jan.: \u00edr\u00f3, zeneszerz\u0151. \u2013 \u00cdr\u00e1sai bp.-i \u00e9s vid\u00e9ki lapokban jelentek meg. T\u00f6bb szerzem\u00e9nye volt, megzen\u00e9s\u00edtette Beksics Guszt\u00e1vn\u00e9nak egy operett sz\u00f6vegk\u00f6nyv\u00e9t. \u2013 F. m..: Eml\u00e9kezz\u00fcnk r\u00e9giekr\u0151l (Kv., 1912); R\u00e9gi alakok, r\u00e9gi szenved\u00e9lyek (Kv., 1913). \u2013 Irod.: RNL.<\/p>\n","protected":false},"featured_media":0,"comment_status":"open","ping_status":"closed","template":"","meta":[],"product_brand":[],"product_cat":[137],"product_tag":[],"class_list":{"0":"post-25052","1":"product","2":"type-product","3":"status-publish","5":"product_cat-maros-megyei-eletrajzi-lexikon","7":"first","8":"instock","9":"shipping-taxable","10":"product-type-simple"},"_links":{"self":[{"href":"https:\/\/uj.adatbank.ro\/lexikon\/wp-json\/wp\/v2\/product\/25052","targetHints":{"allow":["GET"]}}],"collection":[{"href":"https:\/\/uj.adatbank.ro\/lexikon\/wp-json\/wp\/v2\/product"}],"about":[{"href":"https:\/\/uj.adatbank.ro\/lexikon\/wp-json\/wp\/v2\/types\/product"}],"replies":[{"embeddable":true,"href":"https:\/\/uj.adatbank.ro\/lexikon\/wp-json\/wp\/v2\/comments?post=25052"}],"wp:attachment":[{"href":"https:\/\/uj.adatbank.ro\/lexikon\/wp-json\/wp\/v2\/media?parent=25052"}],"wp:term":[{"taxonomy":"product_brand","embeddable":true,"href":"https:\/\/uj.adatbank.ro\/lexikon\/wp-json\/wp\/v2\/product_brand?post=25052"},{"taxonomy":"product_cat","embeddable":true,"href":"https:\/\/uj.adatbank.ro\/lexikon\/wp-json\/wp\/v2\/product_cat?post=25052"},{"taxonomy":"product_tag","embeddable":true,"href":"https:\/\/uj.adatbank.ro\/lexikon\/wp-json\/wp\/v2\/product_tag?post=25052"}],"curies":[{"name":"wp","href":"https:\/\/api.w.org\/{rel}","templated":true}]}}