{"id":25056,"date":"2025-08-01T18:31:19","date_gmt":"2025-08-01T16:31:19","guid":{"rendered":"https:\/\/uj.adatbank.ro\/lexikon\/termek\/zavoda-laszlo-zavoda-ii\/"},"modified":"2025-08-01T18:31:19","modified_gmt":"2025-08-01T16:31:19","slug":"zavoda-laszlo-zavoda-ii","status":"publish","type":"product","link":"https:\/\/uj.adatbank.ro\/lexikon\/termek\/zavoda-laszlo-zavoda-ii\/","title":{"rendered":"ZAVODA L\u00e1szl\u00f3, Zavoda II."},"content":{"rendered":"<p>\u00d3radna, 1929 j\u00fal. 26., \u2020\u00a0?: labdar\u00fag\u00f3, edz\u0151, tan\u00e1r. \u2013 A Nagyb\u00e1nyai SE (1940\u201344), Ph\u00f6nix, Clubul Muncitoresc Kv. (1945\u201349); a CCA, ill. Steaua (1950\u201364); a mv.-i ASA (1965) labdar\u00fag\u00f3ja, jobbh\u00e1tv\u00e9d. T\u00f6bbsz\u00f6r\u00f6s Rom\u00e1n Kupa-gy\u0151ztes \u00e9s orsz\u00e1gos bajnok. Sportmester (1956), \u00e9rdemes sportmester (1966). H\u00faszszoros rom\u00e1n v\u00e1logatott (1951\u201362). A Steaua p\u00e1lyaedz\u0151je (1965). <br \/><strong>\u2013 Irod.:<\/strong> KKACs.<\/br><\/p>\n","protected":false},"excerpt":{"rendered":"<p>\u00d3radna, 1929 j\u00fal. 26., \u2020\u00a0?: labdar\u00fag\u00f3, edz\u0151, tan\u00e1r. \u2013 A Nagyb\u00e1nyai SE (1940\u201344), Ph\u00f6nix, Clubul Muncitoresc Kv. (1945\u201349); a CCA, ill. Steaua (1950\u201364); a mv.-i ASA (1965) labdar\u00fag\u00f3ja, jobbh\u00e1tv\u00e9d. T\u00f6bbsz\u00f6r\u00f6s Rom\u00e1n Kupa-gy\u0151ztes \u00e9s orsz\u00e1gos bajnok. Sportmester (1956), \u00e9rdemes sportmester (1966). H\u00faszszoros rom\u00e1n v\u00e1logatott (1951\u201362). A Steaua p\u00e1lyaedz\u0151je (1965). \u2013 Irod.: KKACs.<\/p>\n","protected":false},"featured_media":0,"comment_status":"open","ping_status":"closed","template":"","meta":[],"product_brand":[],"product_cat":[137],"product_tag":[],"class_list":{"0":"post-25056","1":"product","2":"type-product","3":"status-publish","5":"product_cat-maros-megyei-eletrajzi-lexikon","7":"first","8":"instock","9":"shipping-taxable","10":"product-type-simple"},"_links":{"self":[{"href":"https:\/\/uj.adatbank.ro\/lexikon\/wp-json\/wp\/v2\/product\/25056","targetHints":{"allow":["GET"]}}],"collection":[{"href":"https:\/\/uj.adatbank.ro\/lexikon\/wp-json\/wp\/v2\/product"}],"about":[{"href":"https:\/\/uj.adatbank.ro\/lexikon\/wp-json\/wp\/v2\/types\/product"}],"replies":[{"embeddable":true,"href":"https:\/\/uj.adatbank.ro\/lexikon\/wp-json\/wp\/v2\/comments?post=25056"}],"wp:attachment":[{"href":"https:\/\/uj.adatbank.ro\/lexikon\/wp-json\/wp\/v2\/media?parent=25056"}],"wp:term":[{"taxonomy":"product_brand","embeddable":true,"href":"https:\/\/uj.adatbank.ro\/lexikon\/wp-json\/wp\/v2\/product_brand?post=25056"},{"taxonomy":"product_cat","embeddable":true,"href":"https:\/\/uj.adatbank.ro\/lexikon\/wp-json\/wp\/v2\/product_cat?post=25056"},{"taxonomy":"product_tag","embeddable":true,"href":"https:\/\/uj.adatbank.ro\/lexikon\/wp-json\/wp\/v2\/product_tag?post=25056"}],"curies":[{"name":"wp","href":"https:\/\/api.w.org\/{rel}","templated":true}]}}