{"id":25057,"date":"2025-08-01T18:31:21","date_gmt":"2025-08-01T16:31:21","guid":{"rendered":"https:\/\/uj.adatbank.ro\/lexikon\/termek\/zay-martin-gottlieb\/"},"modified":"2025-08-01T18:31:21","modified_gmt":"2025-08-01T16:31:21","slug":"zay-martin-gottlieb","status":"publish","type":"product","link":"https:\/\/uj.adatbank.ro\/lexikon\/termek\/zay-martin-gottlieb\/","title":{"rendered":"ZAY, Martin Gottlieb"},"content":{"rendered":"<p>1778., \u2020 Segesd, 1831. \u00e1pr. 21.: ev. lelk\u00e9sz. \u2013 T\u00f6bb \u00e9vig volt a segesv\u00e1ri sz\u00e1sz gimn\u00e1ziumnak a rektora, onnan Segesdre ker\u00fclt lelk\u00e9sznek (1818. febr.\u2013). Lebontatta a 13. sz.-ban \u00e9p\u00fclt templomot (1819), majd Melischek Karl Joseph \u00e9p\u00edt\u00e9sz vezet\u00e9s\u00e9vel, k\u00f6zadakoz\u00e1sb\u00f3l \u00e9s k\u00f6zmunk\u00e1val \u00faj templom \u00e9p\u00edt\u00e9s\u00e9t kezdte meg (1820), de az \u00e9p\u00edt\u00e9sznek a helyis\u00e9g vezet\u0151ivel t\u00e1madt n\u00e9zetelt\u00e9r\u00e9sei miatt az \u00e9p\u00edtkez\u00e9s abbamaradt. K\u00e9s\u0151bb Condradt N. mester fejezte be (1826), a maga kor\u00e1ban ritkas\u00e1g sz\u00e1mba men\u0151 \u00e9p\u00edtkez\u00e9st: a torony 47 m magas, a falak 1,5\u20132 m sz\u00e9lesek. A lelk\u00e9sz m\u00e1r nem \u00e9rte meg a felszentel\u00e9s\u00e9t (1832. szept. 30.). <br \/><strong>\u2013 Irod.:<\/strong> Apold.<\/br><\/p>\n","protected":false},"excerpt":{"rendered":"<p>1778., \u2020 Segesd, 1831. \u00e1pr. 21.: ev. lelk\u00e9sz. \u2013 T\u00f6bb \u00e9vig volt a segesv\u00e1ri sz\u00e1sz gimn\u00e1ziumnak a rektora, onnan Segesdre ker\u00fclt lelk\u00e9sznek (1818. febr.\u2013). Lebontatta a 13. sz.-ban \u00e9p\u00fclt templomot (1819), majd Melischek Karl Joseph \u00e9p\u00edt\u00e9sz vezet\u00e9s\u00e9vel, k\u00f6zadakoz\u00e1sb\u00f3l \u00e9s k\u00f6zmunk\u00e1val \u00faj templom \u00e9p\u00edt\u00e9s\u00e9t kezdte meg (1820), de az \u00e9p\u00edt\u00e9sznek a helyis\u00e9g vezet\u0151ivel t\u00e1madt n\u00e9zetelt\u00e9r\u00e9sei miatt [&hellip;]<\/p>\n","protected":false},"featured_media":0,"comment_status":"open","ping_status":"closed","template":"","meta":[],"product_brand":[],"product_cat":[137],"product_tag":[],"class_list":{"0":"post-25057","1":"product","2":"type-product","3":"status-publish","5":"product_cat-maros-megyei-eletrajzi-lexikon","7":"first","8":"instock","9":"shipping-taxable","10":"product-type-simple"},"_links":{"self":[{"href":"https:\/\/uj.adatbank.ro\/lexikon\/wp-json\/wp\/v2\/product\/25057","targetHints":{"allow":["GET"]}}],"collection":[{"href":"https:\/\/uj.adatbank.ro\/lexikon\/wp-json\/wp\/v2\/product"}],"about":[{"href":"https:\/\/uj.adatbank.ro\/lexikon\/wp-json\/wp\/v2\/types\/product"}],"replies":[{"embeddable":true,"href":"https:\/\/uj.adatbank.ro\/lexikon\/wp-json\/wp\/v2\/comments?post=25057"}],"wp:attachment":[{"href":"https:\/\/uj.adatbank.ro\/lexikon\/wp-json\/wp\/v2\/media?parent=25057"}],"wp:term":[{"taxonomy":"product_brand","embeddable":true,"href":"https:\/\/uj.adatbank.ro\/lexikon\/wp-json\/wp\/v2\/product_brand?post=25057"},{"taxonomy":"product_cat","embeddable":true,"href":"https:\/\/uj.adatbank.ro\/lexikon\/wp-json\/wp\/v2\/product_cat?post=25057"},{"taxonomy":"product_tag","embeddable":true,"href":"https:\/\/uj.adatbank.ro\/lexikon\/wp-json\/wp\/v2\/product_tag?post=25057"}],"curies":[{"name":"wp","href":"https:\/\/api.w.org\/{rel}","templated":true}]}}

<p>1778., † Segesd, 1831. ápr. 21.: ev. lelkész. – Több évig volt a segesvári szász gimnáziumnak a rektora, onnan Segesdre került lelkésznek (1818. febr.–). Lebontatta a 13. sz.-ban épült templomot (1819), majd Melischek Karl Joseph építész vezetésével, közadakozásból és közmunkával új templom építését kezdte meg (1820), de az építésznek a helyiség vezetőivel támadt nézeteltérései miatt az építkezés abbamaradt. Később Condradt N. mester fejezte be (1826), a maga korában ritkaság számba menő építkezést: a torony 47 m magas, a falak 1,5–2 m szélesek. A lelkész már nem érte meg a felszentelését (1832. szept. 30.). <br /><strong>– Irod.:</strong> Apold.</br></p>

<p>1778., † Segesd, 1831. ápr. 21.: ev. lelkész. – Több évig volt a segesvári szász gimnáziumnak a rektora, onnan Segesdre került lelkésznek (1818. febr.–). Lebontatta a 13. sz.-ban épült templomot (1819), majd Melischek Karl Joseph építész vezetésével, közadakozásból és közmunkával új templom építését kezdte meg (1820), de az építésznek a helyiség vezetőivel támadt nézeteltérései miatt [&hellip;]</p>
