{"id":25058,"date":"2025-08-01T18:31:23","date_gmt":"2025-08-01T16:31:23","guid":{"rendered":"https:\/\/uj.adatbank.ro\/lexikon\/termek\/zayzon-mihaly\/"},"modified":"2025-08-01T18:31:23","modified_gmt":"2025-08-01T16:31:23","slug":"zayzon-mihaly","status":"publish","type":"product","link":"https:\/\/uj.adatbank.ro\/lexikon\/termek\/zayzon-mihaly\/","title":{"rendered":"ZAYZON Mih\u00e1ly"},"content":{"rendered":"<p>Maross\u00e1rpatak, 1872, \u2020\u00a0?: ref. lelk\u00e9sz. \u2013 Gernyeszegen k\u00e1pl\u00e1n (1894\u2013), \u00e9s m\u00e1sodtan\u00edt\u00f3. <br \/><strong>\u2013 Irod.:<\/strong> B\u00f6jthe Andor: A g\u00f6rg\u00e9nyi ev. ref. egyh\u00e1zmegye t\u00f6rt\u00e9nete [k\u00e9zirat].<\/br><\/p>\n","protected":false},"excerpt":{"rendered":"<p>Maross\u00e1rpatak, 1872, \u2020\u00a0?: ref. lelk\u00e9sz. \u2013 Gernyeszegen k\u00e1pl\u00e1n (1894\u2013), \u00e9s m\u00e1sodtan\u00edt\u00f3. \u2013 Irod.: B\u00f6jthe Andor: A g\u00f6rg\u00e9nyi ev. ref. egyh\u00e1zmegye t\u00f6rt\u00e9nete [k\u00e9zirat].<\/p>\n","protected":false},"featured_media":0,"comment_status":"open","ping_status":"closed","template":"","meta":[],"product_brand":[],"product_cat":[137],"product_tag":[],"class_list":{"0":"post-25058","1":"product","2":"type-product","3":"status-publish","5":"product_cat-maros-megyei-eletrajzi-lexikon","7":"first","8":"instock","9":"shipping-taxable","10":"product-type-simple"},"_links":{"self":[{"href":"https:\/\/uj.adatbank.ro\/lexikon\/wp-json\/wp\/v2\/product\/25058","targetHints":{"allow":["GET"]}}],"collection":[{"href":"https:\/\/uj.adatbank.ro\/lexikon\/wp-json\/wp\/v2\/product"}],"about":[{"href":"https:\/\/uj.adatbank.ro\/lexikon\/wp-json\/wp\/v2\/types\/product"}],"replies":[{"embeddable":true,"href":"https:\/\/uj.adatbank.ro\/lexikon\/wp-json\/wp\/v2\/comments?post=25058"}],"wp:attachment":[{"href":"https:\/\/uj.adatbank.ro\/lexikon\/wp-json\/wp\/v2\/media?parent=25058"}],"wp:term":[{"taxonomy":"product_brand","embeddable":true,"href":"https:\/\/uj.adatbank.ro\/lexikon\/wp-json\/wp\/v2\/product_brand?post=25058"},{"taxonomy":"product_cat","embeddable":true,"href":"https:\/\/uj.adatbank.ro\/lexikon\/wp-json\/wp\/v2\/product_cat?post=25058"},{"taxonomy":"product_tag","embeddable":true,"href":"https:\/\/uj.adatbank.ro\/lexikon\/wp-json\/wp\/v2\/product_tag?post=25058"}],"curies":[{"name":"wp","href":"https:\/\/api.w.org\/{rel}","templated":true}]}}