{"id":25059,"date":"2025-08-01T18:31:24","date_gmt":"2025-08-01T16:31:24","guid":{"rendered":"https:\/\/uj.adatbank.ro\/lexikon\/termek\/zeff-adolf\/"},"modified":"2025-08-01T18:31:24","modified_gmt":"2025-08-01T16:31:24","slug":"zeff-adolf","status":"publish","type":"product","link":"https:\/\/uj.adatbank.ro\/lexikon\/termek\/zeff-adolf\/","title":{"rendered":"ZEFF Adolf"},"content":{"rendered":"<p>Saj\u00f3magyaros, 1888., \u2020\u00a0?: tan\u00edt\u00f3. \u2013 A mv.-i Statusquo zsid\u00f3 hitk\u00f6zs\u00e9g halad\u00f3 Talmud-T\u00f3ra pedag\u00f3gusa. Mv.-r\u0151l a feles\u00e9g\u00e9vel (1898) egy\u00fctt deport\u00e1lt\u00e1k (1944. m\u00e1j. 29.) <br \/><strong>\u2013 Irod.:<\/strong> Mv. zsid\u00f3s\u00e1ga.<\/br><\/p>\n","protected":false},"excerpt":{"rendered":"<p>Saj\u00f3magyaros, 1888., \u2020\u00a0?: tan\u00edt\u00f3. \u2013 A mv.-i Statusquo zsid\u00f3 hitk\u00f6zs\u00e9g halad\u00f3 Talmud-T\u00f3ra pedag\u00f3gusa. Mv.-r\u0151l a feles\u00e9g\u00e9vel (1898) egy\u00fctt deport\u00e1lt\u00e1k (1944. m\u00e1j. 29.) \u2013 Irod.: Mv. zsid\u00f3s\u00e1ga.<\/p>\n","protected":false},"featured_media":0,"comment_status":"open","ping_status":"closed","template":"","meta":[],"product_brand":[],"product_cat":[137],"product_tag":[],"class_list":{"0":"post-25059","1":"product","2":"type-product","3":"status-publish","5":"product_cat-maros-megyei-eletrajzi-lexikon","7":"first","8":"instock","9":"shipping-taxable","10":"product-type-simple"},"_links":{"self":[{"href":"https:\/\/uj.adatbank.ro\/lexikon\/wp-json\/wp\/v2\/product\/25059","targetHints":{"allow":["GET"]}}],"collection":[{"href":"https:\/\/uj.adatbank.ro\/lexikon\/wp-json\/wp\/v2\/product"}],"about":[{"href":"https:\/\/uj.adatbank.ro\/lexikon\/wp-json\/wp\/v2\/types\/product"}],"replies":[{"embeddable":true,"href":"https:\/\/uj.adatbank.ro\/lexikon\/wp-json\/wp\/v2\/comments?post=25059"}],"wp:attachment":[{"href":"https:\/\/uj.adatbank.ro\/lexikon\/wp-json\/wp\/v2\/media?parent=25059"}],"wp:term":[{"taxonomy":"product_brand","embeddable":true,"href":"https:\/\/uj.adatbank.ro\/lexikon\/wp-json\/wp\/v2\/product_brand?post=25059"},{"taxonomy":"product_cat","embeddable":true,"href":"https:\/\/uj.adatbank.ro\/lexikon\/wp-json\/wp\/v2\/product_cat?post=25059"},{"taxonomy":"product_tag","embeddable":true,"href":"https:\/\/uj.adatbank.ro\/lexikon\/wp-json\/wp\/v2\/product_tag?post=25059"}],"curies":[{"name":"wp","href":"https:\/\/api.w.org\/{rel}","templated":true}]}}