{"id":25062,"date":"2025-08-01T18:31:30","date_gmt":"2025-08-01T16:31:30","guid":{"rendered":"https:\/\/uj.adatbank.ro\/lexikon\/termek\/zehan-vasile-ladislau-zean\/"},"modified":"2025-08-01T18:31:30","modified_gmt":"2025-08-01T16:31:30","slug":"zehan-vasile-ladislau-zean","status":"publish","type":"product","link":"https:\/\/uj.adatbank.ro\/lexikon\/termek\/zehan-vasile-ladislau-zean\/","title":{"rendered":"ZEHAN, Vasile, Ladislau; Zean"},"content":{"rendered":"<p>Mez\u0151t\u00f3h\u00e1t, 1843. jan. 30. \u2020\u00a0Franzensbad (Cseh o.), 1906. j\u00fal. 20., temetve Dics\u0151szentm\u00e1rtonban, 1906. j\u00fal. 31.: \u00fcgyv\u00e9d, politikus. \u2013 Mv.-en a r. k. iskol\u00e1ban tanult, majd a ref. koll.-ban k\u00e9t \u00e9v filoz\u00f3fi\u00e1t \u00e9s n\u00e9gy \u00e9v jogot v\u00e9gzett (1862\u201370), kancellista \u00e9s \u00fcgyv\u00e9di fogalmaz\u00f3. Dics\u0151szentm\u00e1rtonban nyitott \u00fcgyv\u00e9di irod\u00e1t (1873. febr. 1. \u2013), ahol 30 \u00e9vig volt mag\u00e1npraxisa \u00e9s a Takar\u00e9kbank \u00fcgyv\u00e9dje. A Rom\u00e1n Nemzeti P\u00e1rt alap\u00edt\u00f3 tagjak\u00e9nt r\u00e9szt vett a tev\u00e9kenys\u00e9g\u00e9ben, k\u00e9pviselte a Kis-K\u00fck\u00fcll\u0151 megye rom\u00e1ns\u00e1g\u00e1nak \u00e9rdekeit. Az ASTRA dics\u0151szentm\u00e1rtoni tagozat\u00e1nak alap\u00edt\u00f3tagja \u00e9s els\u0151 eln\u00f6ke (1890. dec. 26. \u2013 1906.), a T\u00e1rsas\u00e1g a rom\u00e1n sz\u00ednh\u00e1z l\u00e9trehoz\u00e1s\u00e1\u00e9rt tev\u00e9kenykedik (1905\u2013). Anyagilag t\u00e1mogatott k\u00fcl\u00f6nb\u00f6z\u0151 rom\u00e1n kultur\u00e1lis \u00e9s vall\u00e1si int\u00e9zm\u00e9nyeket. Alap\u00edt\u00f3 tagja a \u015eulu\u0163iu Alap\u00edtv\u00e1nynak. <br \/><strong>\u2013 Irod.:<\/strong> Dics\u0151szentm\u00e1rton r\u00e9gi arca; Profiluri mure\u015fene. 2.; Szab\u00f3 Ferenc: Erd\u00e9ly \u00e9s a rom\u00e1n k\u00e9rd\u00e9s (Mv., 1910); T\u00e2rn\u0103veni, cult.- ist.; Todea 2013.<\/br><\/p>\n","protected":false},"excerpt":{"rendered":"<p>Mez\u0151t\u00f3h\u00e1t, 1843. jan. 30. \u2020\u00a0Franzensbad (Cseh o.), 1906. j\u00fal. 20., temetve Dics\u0151szentm\u00e1rtonban, 1906. j\u00fal. 31.: \u00fcgyv\u00e9d, politikus. \u2013 Mv.-en a r. k. iskol\u00e1ban tanult, majd a ref. koll.-ban k\u00e9t \u00e9v filoz\u00f3fi\u00e1t \u00e9s n\u00e9gy \u00e9v jogot v\u00e9gzett (1862\u201370), kancellista \u00e9s \u00fcgyv\u00e9di fogalmaz\u00f3. Dics\u0151szentm\u00e1rtonban nyitott \u00fcgyv\u00e9di irod\u00e1t (1873. febr. 1. \u2013), ahol 30 \u00e9vig volt mag\u00e1npraxisa \u00e9s [&hellip;]<\/p>\n","protected":false},"featured_media":0,"comment_status":"open","ping_status":"closed","template":"","meta":[],"product_brand":[],"product_cat":[137],"product_tag":[],"class_list":{"0":"post-25062","1":"product","2":"type-product","3":"status-publish","5":"product_cat-maros-megyei-eletrajzi-lexikon","7":"first","8":"instock","9":"shipping-taxable","10":"product-type-simple"},"_links":{"self":[{"href":"https:\/\/uj.adatbank.ro\/lexikon\/wp-json\/wp\/v2\/product\/25062","targetHints":{"allow":["GET"]}}],"collection":[{"href":"https:\/\/uj.adatbank.ro\/lexikon\/wp-json\/wp\/v2\/product"}],"about":[{"href":"https:\/\/uj.adatbank.ro\/lexikon\/wp-json\/wp\/v2\/types\/product"}],"replies":[{"embeddable":true,"href":"https:\/\/uj.adatbank.ro\/lexikon\/wp-json\/wp\/v2\/comments?post=25062"}],"wp:attachment":[{"href":"https:\/\/uj.adatbank.ro\/lexikon\/wp-json\/wp\/v2\/media?parent=25062"}],"wp:term":[{"taxonomy":"product_brand","embeddable":true,"href":"https:\/\/uj.adatbank.ro\/lexikon\/wp-json\/wp\/v2\/product_brand?post=25062"},{"taxonomy":"product_cat","embeddable":true,"href":"https:\/\/uj.adatbank.ro\/lexikon\/wp-json\/wp\/v2\/product_cat?post=25062"},{"taxonomy":"product_tag","embeddable":true,"href":"https:\/\/uj.adatbank.ro\/lexikon\/wp-json\/wp\/v2\/product_tag?post=25062"}],"curies":[{"name":"wp","href":"https:\/\/api.w.org\/{rel}","templated":true}]}}

<p>Mezőtóhát, 1843. jan. 30. † Franzensbad (Cseh o.), 1906. júl. 20., temetve Dicsőszentmártonban, 1906. júl. 31.: ügyvéd, politikus. – Mv.-en a r. k. iskolában tanult, majd a ref. koll.-ban két év filozófiát és négy év jogot végzett (1862–70), kancellista és ügyvédi fogalmazó. Dicsőszentmártonban nyitott ügyvédi irodát (1873. febr. 1. –), ahol 30 évig volt magánpraxisa és a Takarékbank ügyvédje. A Román Nemzeti Párt alapító tagjaként részt vett a tevékenységében, képviselte a Kis-Küküllő megye románságának érdekeit. Az ASTRA dicsőszentmártoni tagozatának alapítótagja és első elnöke (1890. dec. 26. – 1906.), a Társaság a román színház létrehozásáért tevékenykedik (1905–). Anyagilag támogatott különböző román kulturális és vallási intézményeket. Alapító tagja a Şuluţiu Alapítványnak. <br /><strong>– Irod.:</strong> Dicsőszentmárton régi arca; Profiluri mureşene. 2.; Szabó Ferenc: Erdély és a román kérdés (Mv., 1910); Târnăveni, cult.- ist.; Todea 2013.</br></p>

<p>Mezőtóhát, 1843. jan. 30. † Franzensbad (Cseh o.), 1906. júl. 20., temetve Dicsőszentmártonban, 1906. júl. 31.: ügyvéd, politikus. – Mv.-en a r. k. iskolában tanult, majd a ref. koll.-ban két év filozófiát és négy év jogot végzett (1862–70), kancellista és ügyvédi fogalmazó. Dicsőszentmártonban nyitott ügyvédi irodát (1873. febr. 1. –), ahol 30 évig volt magánpraxisa és [&hellip;]</p>
