{"id":25066,"date":"2025-08-01T18:31:39","date_gmt":"2025-08-01T16:31:39","guid":{"rendered":"https:\/\/uj.adatbank.ro\/lexikon\/termek\/zekeli-lucas-friedrich\/"},"modified":"2025-08-01T18:31:39","modified_gmt":"2025-08-01T16:31:39","slug":"zekeli-lucas-friedrich","status":"publish","type":"product","link":"https:\/\/uj.adatbank.ro\/lexikon\/termek\/zekeli-lucas-friedrich\/","title":{"rendered":"ZEKELI, Lucas Friedrich"},"content":{"rendered":"<p>Segesv\u00e1r, 1823. jan. 13., \u2020 Eisenach, 1881. j\u00fal. 4.: tan\u00e1r, ev. lelk\u00e9sz, geol\u00f3gus, paleontol\u00f3gus. \u2013 Tanulm\u00e1nyait: ev. teol\u00f3gia, filoz\u00f3fia, term\u00e9szettudom\u00e1nyok Hall\u00e9ban (1841-ig), majd B\u00e9csben v\u00e9gezte. Segesv\u00e1ron gimn\u00e1ziumi tan\u00e1r (1845\u201350) \u00e9s hitsz\u00f3nok (1848\u2013). Filoz\u00f3fi\u00e1b\u00f3l doktor\u00e1lt Hall\u00e9ban (1851), B\u00e9csben egyetemi mag\u00e1ntan\u00e1ri k\u00e9pes\u00edt\u00e9st szerzett a term\u00e9szettudom\u00e1nyokb\u00f3l (1852), \u0151 volt az els\u0151 sz\u00e1sz mag\u00e1ntan\u00e1r Erd\u00e9lyben. A b\u00e9csi egyetemen paleontol\u00f3gi\u00e1t \u00e9s geol\u00f3gi\u00e1t tan\u00edtott (1852\u201358), a b\u00e9csi kereskedelmi akad\u00e9mia tan\u00e1ra (1857\u2013), Obersch\u00fctzenben az ev. iskolak\u00f6zpont igazgat\u00f3ja (1859\u201366), majd Berlinben gimn\u00e1ziumi tan\u00e1r (1866\u201381). \u2013  <strong>F. m..:<\/strong> Terti\u00e4rverversteinerungen von Bujtur (Buituri) und Lapusnyak (Lapusnic) (n\u00e4chst Vajda Hunyad) im SW von Siebenb\u00fcrgen, verlichen mit denen entsprechender Localit\u00e4ten und mit einigen Bemerkungen begleitet (Hermannstadt, 1851; Berlin, 1852); Das Genus Inoceramus und seine Verbreitung in den Grosaugenbilden der \u00f6stl. Alpen (berlin, 1852);  <strong>t\u00e1rssz.:<\/strong> Terti\u00e4rfossilien aus Siebenb\u00fcrgen (Wien, 1851). \u2013  <strong>F. m..:<\/strong> LSS.<\/br><\/p>\n","protected":false},"excerpt":{"rendered":"<p>Segesv\u00e1r, 1823. jan. 13., \u2020 Eisenach, 1881. j\u00fal. 4.: tan\u00e1r, ev. lelk\u00e9sz, geol\u00f3gus, paleontol\u00f3gus. \u2013 Tanulm\u00e1nyait: ev. teol\u00f3gia, filoz\u00f3fia, term\u00e9szettudom\u00e1nyok Hall\u00e9ban (1841-ig), majd B\u00e9csben v\u00e9gezte. Segesv\u00e1ron gimn\u00e1ziumi tan\u00e1r (1845\u201350) \u00e9s hitsz\u00f3nok (1848\u2013). Filoz\u00f3fi\u00e1b\u00f3l doktor\u00e1lt Hall\u00e9ban (1851), B\u00e9csben egyetemi mag\u00e1ntan\u00e1ri k\u00e9pes\u00edt\u00e9st szerzett a term\u00e9szettudom\u00e1nyokb\u00f3l (1852), \u0151 volt az els\u0151 sz\u00e1sz mag\u00e1ntan\u00e1r Erd\u00e9lyben. A b\u00e9csi egyetemen paleontol\u00f3gi\u00e1t [&hellip;]<\/p>\n","protected":false},"featured_media":0,"comment_status":"open","ping_status":"closed","template":"","meta":[],"product_brand":[],"product_cat":[137],"product_tag":[],"class_list":{"0":"post-25066","1":"product","2":"type-product","3":"status-publish","5":"product_cat-maros-megyei-eletrajzi-lexikon","7":"first","8":"instock","9":"shipping-taxable","10":"product-type-simple"},"_links":{"self":[{"href":"https:\/\/uj.adatbank.ro\/lexikon\/wp-json\/wp\/v2\/product\/25066","targetHints":{"allow":["GET"]}}],"collection":[{"href":"https:\/\/uj.adatbank.ro\/lexikon\/wp-json\/wp\/v2\/product"}],"about":[{"href":"https:\/\/uj.adatbank.ro\/lexikon\/wp-json\/wp\/v2\/types\/product"}],"replies":[{"embeddable":true,"href":"https:\/\/uj.adatbank.ro\/lexikon\/wp-json\/wp\/v2\/comments?post=25066"}],"wp:attachment":[{"href":"https:\/\/uj.adatbank.ro\/lexikon\/wp-json\/wp\/v2\/media?parent=25066"}],"wp:term":[{"taxonomy":"product_brand","embeddable":true,"href":"https:\/\/uj.adatbank.ro\/lexikon\/wp-json\/wp\/v2\/product_brand?post=25066"},{"taxonomy":"product_cat","embeddable":true,"href":"https:\/\/uj.adatbank.ro\/lexikon\/wp-json\/wp\/v2\/product_cat?post=25066"},{"taxonomy":"product_tag","embeddable":true,"href":"https:\/\/uj.adatbank.ro\/lexikon\/wp-json\/wp\/v2\/product_tag?post=25066"}],"curies":[{"name":"wp","href":"https:\/\/api.w.org\/{rel}","templated":true}]}}

<p>Segesvár, 1823. jan. 13., † Eisenach, 1881. júl. 4.: tanár, ev. lelkész, geológus, paleontológus. – Tanulmányait: ev. teológia, filozófia, természettudományok Halléban (1841-ig), majd Bécsben végezte. Segesváron gimnáziumi tanár (1845–50) és hitszónok (1848–). Filozófiából doktorált Halléban (1851), Bécsben egyetemi magántanári képesítést szerzett a természettudományokból (1852), ő volt az első szász magántanár Erdélyben. A bécsi egyetemen paleontológiát és geológiát tanított (1852–58), a bécsi kereskedelmi akadémia tanára (1857–), Oberschützenben az ev. iskolaközpont igazgatója (1859–66), majd Berlinben gimnáziumi tanár (1866–81). –  <strong>F. m..:</strong> Tertiärverversteinerungen von Bujtur (Buituri) und Lapusnyak (Lapusnic) (nächst Vajda Hunyad) im SW von Siebenbürgen, verlichen mit denen entsprechender Localitäten und mit einigen Bemerkungen begleitet (Hermannstadt, 1851; Berlin, 1852); Das Genus Inoceramus und seine Verbreitung in den Grosaugenbilden der östl. Alpen (berlin, 1852);  <strong>társsz.:</strong> Tertiärfossilien aus Siebenbürgen (Wien, 1851). –  <strong>F. m..:</strong> LSS.</br></p>

<p>Segesvár, 1823. jan. 13., † Eisenach, 1881. júl. 4.: tanár, ev. lelkész, geológus, paleontológus. – Tanulmányait: ev. teológia, filozófia, természettudományok Halléban (1841-ig), majd Bécsben végezte. Segesváron gimnáziumi tanár (1845–50) és hitszónok (1848–). Filozófiából doktorált Halléban (1851), Bécsben egyetemi magántanári képesítést szerzett a természettudományokból (1852), ő volt az első szász magántanár Erdélyben. A bécsi egyetemen paleontológiát [&hellip;]</p>
