{"id":25076,"date":"2025-08-01T18:32:06","date_gmt":"2025-08-01T16:32:06","guid":{"rendered":"https:\/\/uj.adatbank.ro\/lexikon\/termek\/zerich-tivadar-zerich-todor\/"},"modified":"2025-08-01T18:32:06","modified_gmt":"2025-08-01T16:32:06","slug":"zerich-tivadar-zerich-todor","status":"publish","type":"product","link":"https:\/\/uj.adatbank.ro\/lexikon\/termek\/zerich-tivadar-zerich-todor\/","title":{"rendered":"ZERICH Tivadar, Zerich T\u00f3dor"},"content":{"rendered":"<p>Gyergy\u00f3szentmikl\u00f3s, 1815. nov. 22., \u2020 Mv., 1887. j\u00fan. 11.: r. k. egyh\u00e1zi \u00edr\u00f3. \u2013 A pesti k\u00f6zponti papnevel\u0151 int.-ben teol\u00f3gi\u00e1t tanult (1833\u2013), a pesti egy.-en teol. doktori oklevelet szerzett (1840). Gyulafeh\u00e9rv\u00e1rott papp\u00e1 szentelt\u00e9k (1840. okt. 6.). A gyulafeh\u00e9rv\u00e1ri papnevel\u0151 int.-ben tanulm\u00e1nyi fel\u00fcgyel\u0151 \u00e9s a dogmatika tan\u00e1ra (1840\u2013), egy\u00fattal az egyh\u00e1zi sz\u00e1mvev\u0151hivatal tagja, szentsz\u00e9ki \u00fcln\u00f6k (1842\u2013). A papnevel\u0151 int.-ben a szent\u00edr\u00e1studom\u00e1ny (1853\u2013), az egyh\u00e1zt\u00f6rt\u00e9net \u00e9s az egyh\u00e1zjog tan\u00e1ra (1854\u20131860), k\u00f6zben gyergy\u00f3szentmikl\u00f3si h. pl\u00e9b\u00e1nos (1849\u201350), sz\u00e9kesegyh\u00e1zi hitsz\u00f3nok volt (1852). A pesti egy.-en a lelkip\u00e1sztorkod\u00e1stan ny. r. tan\u00e1ra (1860. okt. \u2013 1864. m\u00e1j.). A mv.-i papnevel\u0151 int., gimn. \u00e9s koll. igazgat\u00f3ja (1864\u2013). Uzonban nyugd\u00edjas (1868). Cikkeit, tanulm\u00e1nyait k\u00f6z\u00f6lte: M\u00falt \u00e9s Jelen, Csal\u00e1di Lapok., Religio, Fut\u00e1r, M. Sion. \u2013  <strong>F. m..:<\/strong> A p\u00e1pai fejedelems\u00e9g \u00e9s birtokok (Kv., 1860); Kritikai jegyzetek Vesz\u00e9ly K\u00e1roly Compilati\u00f3i \u00e9s felvil\u00e1gos\u00edt\u00e1saira (Kv., 1862); Az erd\u00e9lyi katholikus statusgy\u0171l\u00e9s s a marosv\u00e1s\u00e1rhelyi kath. tanoda \u00e9s nevelde jogt\u00f6rt\u00e9nelmi szempontb\u00f3l (Mv., 1868). <br \/><strong>\u2013 Irod.:<\/strong> Ferenczi S\u00e1ndor 2009; Szinnyei; \u00daM\u00c9L.<\/br><\/p>\n","protected":false},"excerpt":{"rendered":"<p>Gyergy\u00f3szentmikl\u00f3s, 1815. nov. 22., \u2020 Mv., 1887. j\u00fan. 11.: r. k. egyh\u00e1zi \u00edr\u00f3. \u2013 A pesti k\u00f6zponti papnevel\u0151 int.-ben teol\u00f3gi\u00e1t tanult (1833\u2013), a pesti egy.-en teol. doktori oklevelet szerzett (1840). Gyulafeh\u00e9rv\u00e1rott papp\u00e1 szentelt\u00e9k (1840. okt. 6.). A gyulafeh\u00e9rv\u00e1ri papnevel\u0151 int.-ben tanulm\u00e1nyi fel\u00fcgyel\u0151 \u00e9s a dogmatika tan\u00e1ra (1840\u2013), egy\u00fattal az egyh\u00e1zi sz\u00e1mvev\u0151hivatal tagja, szentsz\u00e9ki \u00fcln\u00f6k (1842\u2013). [&hellip;]<\/p>\n","protected":false},"featured_media":0,"comment_status":"open","ping_status":"closed","template":"","meta":[],"product_brand":[],"product_cat":[137],"product_tag":[],"class_list":{"0":"post-25076","1":"product","2":"type-product","3":"status-publish","5":"product_cat-maros-megyei-eletrajzi-lexikon","7":"first","8":"instock","9":"shipping-taxable","10":"product-type-simple"},"_links":{"self":[{"href":"https:\/\/uj.adatbank.ro\/lexikon\/wp-json\/wp\/v2\/product\/25076","targetHints":{"allow":["GET"]}}],"collection":[{"href":"https:\/\/uj.adatbank.ro\/lexikon\/wp-json\/wp\/v2\/product"}],"about":[{"href":"https:\/\/uj.adatbank.ro\/lexikon\/wp-json\/wp\/v2\/types\/product"}],"replies":[{"embeddable":true,"href":"https:\/\/uj.adatbank.ro\/lexikon\/wp-json\/wp\/v2\/comments?post=25076"}],"wp:attachment":[{"href":"https:\/\/uj.adatbank.ro\/lexikon\/wp-json\/wp\/v2\/media?parent=25076"}],"wp:term":[{"taxonomy":"product_brand","embeddable":true,"href":"https:\/\/uj.adatbank.ro\/lexikon\/wp-json\/wp\/v2\/product_brand?post=25076"},{"taxonomy":"product_cat","embeddable":true,"href":"https:\/\/uj.adatbank.ro\/lexikon\/wp-json\/wp\/v2\/product_cat?post=25076"},{"taxonomy":"product_tag","embeddable":true,"href":"https:\/\/uj.adatbank.ro\/lexikon\/wp-json\/wp\/v2\/product_tag?post=25076"}],"curies":[{"name":"wp","href":"https:\/\/api.w.org\/{rel}","templated":true}]}}

ZERICH Tivadar, Zerich Tódor

<p>Gyergyószentmiklós, 1815. nov. 22., † Mv., 1887. jún. 11.: r. k. egyházi író. – A pesti központi papnevelő int.-ben teológiát tanult (1833–), a pesti egy.-en teol. doktori oklevelet szerzett (1840). Gyulafehérvárott pappá szentelték (1840. okt. 6.). A gyulafehérvári papnevelő int.-ben tanulmányi felügyelő és a dogmatika tanára (1840–), egyúttal az egyházi számvevőhivatal tagja, szentszéki ülnök (1842–). A papnevelő int.-ben a szentírástudomány (1853–), az egyháztörténet és az egyházjog tanára (1854–1860), közben gyergyószentmiklósi h. plébános (1849–50), székesegyházi hitszónok volt (1852). A pesti egy.-en a lelkipásztorkodástan ny. r. tanára (1860. okt. – 1864. máj.). A mv.-i papnevelő int., gimn. és koll. igazgatója (1864–). Uzonban nyugdíjas (1868). Cikkeit, tanulmányait közölte: Múlt és Jelen, Családi Lapok., Religio, Futár, M. Sion. –  <strong>F. m..:</strong> A pápai fejedelemség és birtokok (Kv., 1860); Kritikai jegyzetek Veszély Károly Compilatiói és felvilágosításaira (Kv., 1862); Az erdélyi katholikus statusgyűlés s a marosvásárhelyi kath. tanoda és nevelde jogtörténelmi szempontból (Mv., 1868). <br /><strong>– Irod.:</strong> Ferenczi Sándor 2009; Szinnyei; ÚMÉL.</br></p>

<p>Gyergyószentmiklós, 1815. nov. 22., † Mv., 1887. jún. 11.: r. k. egyházi író. – A pesti központi papnevelő int.-ben teológiát tanult (1833–), a pesti egy.-en teol. doktori oklevelet szerzett (1840). Gyulafehérvárott pappá szentelték (1840. okt. 6.). A gyulafehérvári papnevelő int.-ben tanulmányi felügyelő és a dogmatika tanára (1840–), egyúttal az egyházi számvevőhivatal tagja, szentszéki ülnök (1842–). [&hellip;]</p>
