{"id":25082,"date":"2025-08-01T18:32:20","date_gmt":"2025-08-01T16:32:20","guid":{"rendered":"https:\/\/uj.adatbank.ro\/lexikon\/termek\/zeyk-daniel-zejkfalvi-br-2\/"},"modified":"2025-08-01T18:32:20","modified_gmt":"2025-08-01T16:32:20","slug":"zeyk-daniel-zejkfalvi-br-2","status":"publish","type":"product","link":"https:\/\/uj.adatbank.ro\/lexikon\/termek\/zeyk-daniel-zejkfalvi-br-2\/","title":{"rendered":"ZEYK D\u00e1niel, zejkfalvi br."},"content":{"rendered":"<p>1778. jan. 2., \u2020 ? 1846. aug. 29.: az erd\u00e9lyi Kir. T\u00e1bla eln\u00f6ke, marossz\u00e9ki f\u0151kapit\u00e1ny, f\u0151korm\u00e1nysz\u00e9ki tan\u00e1csos, di\u00e9tai k\u00f6vet. \u2013 Kv.-on a Ref. G\u00f6tting\u00e1ban \u00e9s m\u00e1s k\u00fclf\u00f6ldi egyetemeken v\u00e9gezte tanulm\u00e1nyait. Kir. T\u00e1blai \u00fcln\u00f6k (1804); Marossz\u00e9k f\u0151kir\u00e1lyb\u00edr\u00f3i helytart\u00f3ja (1830. nov. \u2013); Marossz\u00e9k f\u0151kapit\u00e1nya (1831); korm\u00e1nysz\u00e9ki tan\u00e1csos (1833\u201335); Als\u00f3feh\u00e9rmegye k\u00f6vete (1837\u2013). F\u0151kir\u00e1lyb\u00edr\u00f3i k\u00f6rlev\u00e9lben statisztikai felm\u00e9r\u00e9st rendelt el Marossz\u00e9kben (1831), melynek c\u00e9lja a sz\u00e9k \u00e1ltal\u00e1nos helyzet\u00e9nek a hat\u00f3s\u00e1g t\u00e1j\u00e9koz\u00f3d\u00e1s\u00e1t szolg\u00e1l\u00f3 sz\u00e1mbav\u00e9tele. Szerepet j\u00e1tszott a mv.-i els\u0151 k\u00f3rh\u00e1z l\u00e9tes\u00edt\u00e9s\u00e9ben, anyagilag is t\u00e1mogatta. A mv.-i Koll.-nak f\u0151gondnoka volt \u00e9s ezen min\u0151s\u00e9g\u00e9ben a Gecse-f\u00e9le Emberszereteti Int\u00e9zet alap\u00edt\u00f3 bizotts\u00e1g\u00e1nak a hagyom\u00e1nyoz\u00f3 \u00e1ltal kinevezett egyik eln\u00f6ke volt. A Nagyenyeden kelt meghagy\u00e1s\u00e1val (1845) megsz\u00fcntette az \u00fcnnepi leg\u00e1ci\u00f3t s helyette k\u00e9t ifj\u00fa r\u00e9sz\u00e9re 30\u201330 v\u00e1lt\u00f3 frt. jutalmat biztos\u00edtott; majd 400 ez\u00fcst frt. alap\u00edtv\u00e1nyt tett a koll. jav\u00e1ra (1846). Tiszts\u00e9ge Mv.-hez k\u00f6t\u00f6tte. Feles\u00e9ge vajai br. Vay Katalin. (1785\u20131871). K\u00f6z\u00edr\u00f3k\u00e9nt is ismert. Gazdas\u00e1gi \u00e9s t\u00e1rsadalmi cikkei jelentek meg k\u00fcl\u00f6nb\u00f6z\u0151 lapokban: A Pesti H\u00edrlap, M. Gazda, Vas\u00e1rnapi \u00dajs\u00e1g stb. \u2013  <strong>F. m..:<\/strong> J\u00f3 tan\u00edt\u00e1s a gazd\u00e1knak A juhok m\u00e9tely\u00e9r\u0151l, Koronk\u00e1ban, szept. 15., 1831 (s.l, s.a.); J\u00f3tan\u00e1cs a choler\u00e1ban (Mv., 1831). <br \/><strong>\u2013 Irod.:<\/strong> Bolyai Farkas; Castellum \u00c9rtes\u00edt\u0151 (2001, 6. sz.); Gudenus; Id\u0151t\u00e1r 1; H\u00edres polg\u00e1rok; K\u0151v\u00e1ry; K\u0151v\u00e1ry L\u00e1szl\u00f3; Kr\u00f3n. F\u00fcz. (1939, 4\/6); Nagy S\u00e1ndor: H\u00e1romsz\u00e9k \u00f6nv\u00e9delmi harca 1848\u201349 (Kv., 1896); Paget; P\u00e1l-Antal 2003; P\u00e1lmay, P\u00e9terfi K\u00e1roly: Az igaz filoz\u00f3fus karakter (Debrecen, 1820); Szinnyei J., Szotyori; Todea.<\/br><\/p>\n","protected":false},"excerpt":{"rendered":"<p>1778. jan. 2., \u2020 ? 1846. aug. 29.: az erd\u00e9lyi Kir. T\u00e1bla eln\u00f6ke, marossz\u00e9ki f\u0151kapit\u00e1ny, f\u0151korm\u00e1nysz\u00e9ki tan\u00e1csos, di\u00e9tai k\u00f6vet. \u2013 Kv.-on a Ref. G\u00f6tting\u00e1ban \u00e9s m\u00e1s k\u00fclf\u00f6ldi egyetemeken v\u00e9gezte tanulm\u00e1nyait. Kir. T\u00e1blai \u00fcln\u00f6k (1804); Marossz\u00e9k f\u0151kir\u00e1lyb\u00edr\u00f3i helytart\u00f3ja (1830. nov. \u2013); Marossz\u00e9k f\u0151kapit\u00e1nya (1831); korm\u00e1nysz\u00e9ki tan\u00e1csos (1833\u201335); Als\u00f3feh\u00e9rmegye k\u00f6vete (1837\u2013). F\u0151kir\u00e1lyb\u00edr\u00f3i k\u00f6rlev\u00e9lben statisztikai felm\u00e9r\u00e9st rendelt el [&hellip;]<\/p>\n","protected":false},"featured_media":0,"comment_status":"open","ping_status":"closed","template":"","meta":[],"product_brand":[],"product_cat":[137],"product_tag":[],"class_list":{"0":"post-25082","1":"product","2":"type-product","3":"status-publish","5":"product_cat-maros-megyei-eletrajzi-lexikon","7":"first","8":"instock","9":"shipping-taxable","10":"product-type-simple"},"_links":{"self":[{"href":"https:\/\/uj.adatbank.ro\/lexikon\/wp-json\/wp\/v2\/product\/25082","targetHints":{"allow":["GET"]}}],"collection":[{"href":"https:\/\/uj.adatbank.ro\/lexikon\/wp-json\/wp\/v2\/product"}],"about":[{"href":"https:\/\/uj.adatbank.ro\/lexikon\/wp-json\/wp\/v2\/types\/product"}],"replies":[{"embeddable":true,"href":"https:\/\/uj.adatbank.ro\/lexikon\/wp-json\/wp\/v2\/comments?post=25082"}],"wp:attachment":[{"href":"https:\/\/uj.adatbank.ro\/lexikon\/wp-json\/wp\/v2\/media?parent=25082"}],"wp:term":[{"taxonomy":"product_brand","embeddable":true,"href":"https:\/\/uj.adatbank.ro\/lexikon\/wp-json\/wp\/v2\/product_brand?post=25082"},{"taxonomy":"product_cat","embeddable":true,"href":"https:\/\/uj.adatbank.ro\/lexikon\/wp-json\/wp\/v2\/product_cat?post=25082"},{"taxonomy":"product_tag","embeddable":true,"href":"https:\/\/uj.adatbank.ro\/lexikon\/wp-json\/wp\/v2\/product_tag?post=25082"}],"curies":[{"name":"wp","href":"https:\/\/api.w.org\/{rel}","templated":true}]}}

ZEYK Dániel, zejkfalvi br.

<p>1778. jan. 2., † ? 1846. aug. 29.: az erdélyi Kir. Tábla elnöke, marosszéki főkapitány, főkormányszéki tanácsos, diétai követ. – Kv.-on a Ref. Göttingában és más külföldi egyetemeken végezte tanulmányait. Kir. Táblai ülnök (1804); Marosszék főkirálybírói helytartója (1830. nov. –); Marosszék főkapitánya (1831); kormányszéki tanácsos (1833–35); Alsófehérmegye követe (1837–). Főkirálybírói körlevélben statisztikai felmérést rendelt el Marosszékben (1831), melynek célja a szék általános helyzetének a hatóság tájékozódását szolgáló számbavétele. Szerepet játszott a mv.-i első kórház létesítésében, anyagilag is támogatta. A mv.-i Koll.-nak főgondnoka volt és ezen minőségében a Gecse-féle Emberszereteti Intézet alapító bizottságának a hagyományozó által kinevezett egyik elnöke volt. A Nagyenyeden kelt meghagyásával (1845) megszüntette az ünnepi legációt s helyette két ifjú részére 30–30 váltó frt. jutalmat biztosított; majd 400 ezüst frt. alapítványt tett a koll. javára (1846). Tisztsége Mv.-hez kötötte. Felesége vajai br. Vay Katalin. (1785–1871). Közíróként is ismert. Gazdasági és társadalmi cikkei jelentek meg különböző lapokban: A Pesti Hírlap, M. Gazda, Vasárnapi Újság stb. –  <strong>F. m..:</strong> Jó tanítás a gazdáknak A juhok mételyéről, Koronkában, szept. 15., 1831 (s.l, s.a.); Jótanács a cholerában (Mv., 1831). <br /><strong>– Irod.:</strong> Bolyai Farkas; Castellum Értesítő (2001, 6. sz.); Gudenus; Időtár 1; Híres polgárok; Kőváry; Kőváry László; Krón. Füz. (1939, 4/6); Nagy Sándor: Háromszék önvédelmi harca 1848–49 (Kv., 1896); Paget; Pál-Antal 2003; Pálmay, Péterfi Károly: Az igaz filozófus karakter (Debrecen, 1820); Szinnyei J., Szotyori; Todea.</br></p>

<p>1778. jan. 2., † ? 1846. aug. 29.: az erdélyi Kir. Tábla elnöke, marosszéki főkapitány, főkormányszéki tanácsos, diétai követ. – Kv.-on a Ref. Göttingában és más külföldi egyetemeken végezte tanulmányait. Kir. Táblai ülnök (1804); Marosszék főkirálybírói helytartója (1830. nov. –); Marosszék főkapitánya (1831); kormányszéki tanácsos (1833–35); Alsófehérmegye követe (1837–). Főkirálybírói körlevélben statisztikai felmérést rendelt el [&hellip;]</p>
