{"id":25086,"date":"2025-08-01T18:32:30","date_gmt":"2025-08-01T16:32:30","guid":{"rendered":"https:\/\/uj.adatbank.ro\/lexikon\/termek\/zeyk-gabor\/"},"modified":"2025-08-01T18:32:30","modified_gmt":"2025-08-01T16:32:30","slug":"zeyk-gabor","status":"publish","type":"product","link":"https:\/\/uj.adatbank.ro\/lexikon\/termek\/zeyk-gabor\/","title":{"rendered":"ZEYK G\u00e1bor"},"content":{"rendered":"<p>Mv., 1848., \u2020\u00a0?: k\u00e9pvisel\u0151, hivatalnok, jog\u00e1sz. Z. Domokos fia. \u2013 K\u00f6z\u00e9piskolai tanulm\u00e1nyait Enyeden \u00e9s Mv.-en, a jogot Bp.-en v\u00e9gezte. Als\u00f3feh\u00e9rmegye k\u00f6zgy\u0171l\u00e9seiben tev\u00e9kenykedett (1871\u2013). Ref. gondnok. K\u00e9pvisel\u0151je V\u00edzakna v\u00e1ros\u00e1nak szabadelv\u0171p\u00e1rti programmal (1896\u2013). P\u00f3ttagja a valutarendez\u00e9s c\u00e9lj\u00e1b\u00f3l sz\u00fcks\u00e9ges arany beszerz\u00e9s\u00e9t \u00e9s felhaszn\u00e1l\u00e1s\u00e1t ellen\u0151rz\u0151 bizotts\u00e1gnak. <br \/><strong>\u2013 Irod.:<\/strong> A Mo.-i Ev. Ref. Egyh\u00e1z 1891. dec. 5-\u00e9n megny\u00edlt egyetemes zsinat\u00e1nak napl\u00f3ja (Bp., 1892), Ogy-i almanach (1897\u20131901).<\/br><\/p>\n","protected":false},"excerpt":{"rendered":"<p>Mv., 1848., \u2020\u00a0?: k\u00e9pvisel\u0151, hivatalnok, jog\u00e1sz. Z. Domokos fia. \u2013 K\u00f6z\u00e9piskolai tanulm\u00e1nyait Enyeden \u00e9s Mv.-en, a jogot Bp.-en v\u00e9gezte. Als\u00f3feh\u00e9rmegye k\u00f6zgy\u0171l\u00e9seiben tev\u00e9kenykedett (1871\u2013). Ref. gondnok. K\u00e9pvisel\u0151je V\u00edzakna v\u00e1ros\u00e1nak szabadelv\u0171p\u00e1rti programmal (1896\u2013). P\u00f3ttagja a valutarendez\u00e9s c\u00e9lj\u00e1b\u00f3l sz\u00fcks\u00e9ges arany beszerz\u00e9s\u00e9t \u00e9s felhaszn\u00e1l\u00e1s\u00e1t ellen\u0151rz\u0151 bizotts\u00e1gnak. \u2013 Irod.: A Mo.-i Ev. Ref. Egyh\u00e1z 1891. dec. 5-\u00e9n megny\u00edlt egyetemes zsinat\u00e1nak [&hellip;]<\/p>\n","protected":false},"featured_media":0,"comment_status":"open","ping_status":"closed","template":"","meta":[],"product_brand":[],"product_cat":[137],"product_tag":[],"class_list":{"0":"post-25086","1":"product","2":"type-product","3":"status-publish","5":"product_cat-maros-megyei-eletrajzi-lexikon","7":"first","8":"instock","9":"shipping-taxable","10":"product-type-simple"},"_links":{"self":[{"href":"https:\/\/uj.adatbank.ro\/lexikon\/wp-json\/wp\/v2\/product\/25086","targetHints":{"allow":["GET"]}}],"collection":[{"href":"https:\/\/uj.adatbank.ro\/lexikon\/wp-json\/wp\/v2\/product"}],"about":[{"href":"https:\/\/uj.adatbank.ro\/lexikon\/wp-json\/wp\/v2\/types\/product"}],"replies":[{"embeddable":true,"href":"https:\/\/uj.adatbank.ro\/lexikon\/wp-json\/wp\/v2\/comments?post=25086"}],"wp:attachment":[{"href":"https:\/\/uj.adatbank.ro\/lexikon\/wp-json\/wp\/v2\/media?parent=25086"}],"wp:term":[{"taxonomy":"product_brand","embeddable":true,"href":"https:\/\/uj.adatbank.ro\/lexikon\/wp-json\/wp\/v2\/product_brand?post=25086"},{"taxonomy":"product_cat","embeddable":true,"href":"https:\/\/uj.adatbank.ro\/lexikon\/wp-json\/wp\/v2\/product_cat?post=25086"},{"taxonomy":"product_tag","embeddable":true,"href":"https:\/\/uj.adatbank.ro\/lexikon\/wp-json\/wp\/v2\/product_tag?post=25086"}],"curies":[{"name":"wp","href":"https:\/\/api.w.org\/{rel}","templated":true}]}}

ZEYK Gábor

<p>Mv., 1848., † ?: képviselő, hivatalnok, jogász. Z. Domokos fia. – Középiskolai tanulmányait Enyeden és Mv.-en, a jogot Bp.-en végezte. Alsófehérmegye közgyűléseiben tevékenykedett (1871–). Ref. gondnok. Képviselője Vízakna városának szabadelvűpárti programmal (1896–). Póttagja a valutarendezés céljából szükséges arany beszerzését és felhasználását ellenőrző bizottságnak. <br /><strong>– Irod.:</strong> A Mo.-i Ev. Ref. Egyház 1891. dec. 5-én megnyílt egyetemes zsinatának naplója (Bp., 1892), Ogy-i almanach (1897–1901).</br></p>

<p>Mv., 1848., † ?: képviselő, hivatalnok, jogász. Z. Domokos fia. – Középiskolai tanulmányait Enyeden és Mv.-en, a jogot Bp.-en végezte. Alsófehérmegye közgyűléseiben tevékenykedett (1871–). Ref. gondnok. Képviselője Vízakna városának szabadelvűpárti programmal (1896–). Póttagja a valutarendezés céljából szükséges arany beszerzését és felhasználását ellenőrző bizottságnak. – Irod.: A Mo.-i Ev. Ref. Egyház 1891. dec. 5-én megnyílt egyetemes zsinatának [&hellip;]</p>
