{"id":25088,"date":"2025-08-01T18:32:34","date_gmt":"2025-08-01T16:32:34","guid":{"rendered":"https:\/\/uj.adatbank.ro\/lexikon\/termek\/zeyk-janos-zejkfalvi-id\/"},"modified":"2025-08-01T18:32:34","modified_gmt":"2025-08-01T16:32:34","slug":"zeyk-janos-zejkfalvi-id","status":"publish","type":"product","link":"https:\/\/uj.adatbank.ro\/lexikon\/termek\/zeyk-janos-zejkfalvi-id\/","title":{"rendered":"ZEYK J\u00e1nos, zejkfalvi, id."},"content":{"rendered":"<p>Kutyfalva, 1786. j\u00fan. 26., \u2020 Mv., 1860. febr. 9., Kutyfalv\u00e1n temett\u00e9k: kutyfalvi birtokos, politikus, t\u00f6bb v\u00e1rmegye t\u00e1blab\u00edr\u00e1ja, \u00edr\u00f3, dramaturg. \u2013 Feles\u00e9ge Teleki Krisztina (1803? \u2013 Mv., 1869. jan. 10., Erd\u0151szentgy\u00f6rgy\u00f6n a csal\u00e1di s\u00edrboltba temett\u00e9k). Gyermekeik: Z. S\u00e1ndor, feles\u00e9ge Szab\u00f3 Anna; Gyula; L\u00e1szl\u00f3; Juli\u00e1nna \u2013 Fekete Lajosn\u00e9. \u2013 Tanult Kv.-on Tord\u00e1n \u00e9s Nagyenyeden. Udvarh\u00e1zuk volt k\u00f6zepes nagys\u00e1g\u00fa bels\u0151s\u00e9get tartottak fenn Erd\u0151szentgy\u00f6rgy\u00f6n (16. sz.-b\u00f3l, amit lebontottak 1940-ben). Ebben az udvarh\u00e1zban sz\u00fcletett Kis J\u00e1nos t\u00e1bornok. Gazdatisztj\u00fck Jobb\u00e1gy K\u00e1roly volt, kinek fia a k\u00e9s\u0151bbi fest\u0151m\u0171v\u00e9sz T\u00fari Jobb\u00e1gy K\u00e1roly. Els\u0151sorban sz\u00e9p\u00edr\u00f3. K\u00f6ltem\u00e9nyei, valamint reg\u00e9nyes romantikus sz\u00ednm\u0171veit \u00f6n\u00e1ll\u00f3 k\u00f6tetekben is kiadt\u00e1k. Neves kort\u00e1rsaihoz \u00edrt versei \u00e9s cikkei k\u00fcl\u00f6nb\u00f6z\u0151 foly\u00f3iratokban jelentek meg: H\u00e9be, Reg\u00e9l\u0151, Honm\u0171v\u00e9sz, Vas\u00e1rnapi \u00dajs\u00e1g, Kedvesked\u0151, Nemzeti T\u00e1rsalkod\u00f3, Sokf\u00e9le, Sas. Sz\u00e1mos \u00fatle\u00edr\u00e1s szerz\u0151je, amelyekben a polg\u00e1ri szabads\u00e1g eszm\u00e9i\u00e9rt lelkesedik. Bej\u00e1rta a Nyugati-K\u00e1rp\u00e1tokat, Hunyad- Krass\u00f3- \u00e9s Temes megy\u00e9ket. Kutyfalv\u00e1n n\u00e9pmes\u00e9t jegyzett le rom\u00e1n juh\u00e1sz\u00e1t\u00f3l (1850). \u0150t tartj\u00e1k a legkor\u00e1bbi rom\u00e1n n\u00e9pmesegy\u0171jt\u0151nek. A nagyenyedi di\u00e1kt\u00e1rsas\u00e1g tagjaival egy\u00fctt adta ki verseit a Vir\u00e1gkos\u00e1r c. zsebk\u00f6nyvben (1837). A kutyfalvi ref. egyh\u00e1znak r\u00e9szben aranyozott ez\u00fcst keny\u00e9roszt\u00f3 t\u00e1ny\u00e9rt adom\u00e1nyozott k\u00f6z\u00f6sen Mik\u00f3 Kl\u00e1r\u00e1val (1812). A Mv.-i Kaszin\u00f3 alap\u00edt\u00f3tagja (18 32).\u00d6n\u00e9letrajz\u00e1t \u00f6regkor\u00e1ban \u00edrta. Megelevenednek benne enyedi tanul\u00f3kora, kancellistas\u00e1ga \u00e9s ifj\u00fa gazda\u00e9vei. \u2013  <strong>F. m..:<\/strong> A nemes ember (k\u00f6ltem\u00e9ny, h.n., \u00e9.n.); Az igaz \u00e9rdembets\u00fcl\u00e9s szavai (B\u00e9cs, 1819); S\u00f3hajt\u00e1s Herepei \u00c1d\u00e1m \u00e1rny\u00e9k\u00e1hoz (k\u00f6lt.; h. n., 1828); Z. J. munk\u00e1ji, I\u2013II. (Nagyenyed, 1832\u201433); Halotti besz\u00e9dek Bethleni gr. Bethlen Rosalia felett [1832] (s.n., s.a); Nyelv\u00e9szeti p\u00f6r (Nagyenyed, 1838); Balduina, Libanoni Dry\u00e1sh\u00f6lgy (sz\u00ednm\u0171; Kv., 1842); Z. J. sz\u00ednm\u0171vei, 1\u20132. (Kv., 1842\u201343); D\u00e9k\u00e9b\u00e1l. Utols\u00f3 d\u00e1k kir\u00e1ly&#8230; (sz\u00ednm\u0171; Kv., 1843); <strong>antol\u00f3g.:<\/strong> B\u00e1ns\u00e1gi utaz\u00e1s 1838-ban = Az utaz\u00e1s divatja (Buk., 1973). <br \/><strong>\u2013 Irod.:<\/strong> Bi\u00e1s Istv\u00e1n; Datcu; Gy\u00e1szjelent\u0151; Kelemen Lajos 2009, Keresztes Gyula: \u00d6r\u00f6ks\u00e9g\u00fcnk 64.: Udvarh\u00e1zak Kisk\u00fck\u00fcll\u0151 v\u00f6lgy\u00e9ben (N\u00fa., 1994. okt. 1.); K\u00fck\u00fcll\u0151i Ref. Egyh\u00e1zm. 3.; Nagy Bod\u00f3Tibor. Korunk egyik legd\u00edszesebb kast\u00e9lya (K\u00f6zpont, 2016. m\u00e1rc.24\u201330.); P\u00e1lmay; Szinnyei; \u00daM\u00c9L, Az utaz\u00e1s divatja (Buk., 1973).<\/br><\/p>\n","protected":false},"excerpt":{"rendered":"<p>Kutyfalva, 1786. j\u00fan. 26., \u2020 Mv., 1860. febr. 9., Kutyfalv\u00e1n temett\u00e9k: kutyfalvi birtokos, politikus, t\u00f6bb v\u00e1rmegye t\u00e1blab\u00edr\u00e1ja, \u00edr\u00f3, dramaturg. \u2013 Feles\u00e9ge Teleki Krisztina (1803? \u2013 Mv., 1869. jan. 10., Erd\u0151szentgy\u00f6rgy\u00f6n a csal\u00e1di s\u00edrboltba temett\u00e9k). Gyermekeik: Z. S\u00e1ndor, feles\u00e9ge Szab\u00f3 Anna; Gyula; L\u00e1szl\u00f3; Juli\u00e1nna \u2013 Fekete Lajosn\u00e9. \u2013 Tanult Kv.-on Tord\u00e1n \u00e9s Nagyenyeden. Udvarh\u00e1zuk volt k\u00f6zepes [&hellip;]<\/p>\n","protected":false},"featured_media":0,"comment_status":"open","ping_status":"closed","template":"","meta":[],"product_brand":[],"product_cat":[137],"product_tag":[],"class_list":{"0":"post-25088","1":"product","2":"type-product","3":"status-publish","5":"product_cat-maros-megyei-eletrajzi-lexikon","7":"first","8":"instock","9":"shipping-taxable","10":"product-type-simple"},"_links":{"self":[{"href":"https:\/\/uj.adatbank.ro\/lexikon\/wp-json\/wp\/v2\/product\/25088","targetHints":{"allow":["GET"]}}],"collection":[{"href":"https:\/\/uj.adatbank.ro\/lexikon\/wp-json\/wp\/v2\/product"}],"about":[{"href":"https:\/\/uj.adatbank.ro\/lexikon\/wp-json\/wp\/v2\/types\/product"}],"replies":[{"embeddable":true,"href":"https:\/\/uj.adatbank.ro\/lexikon\/wp-json\/wp\/v2\/comments?post=25088"}],"wp:attachment":[{"href":"https:\/\/uj.adatbank.ro\/lexikon\/wp-json\/wp\/v2\/media?parent=25088"}],"wp:term":[{"taxonomy":"product_brand","embeddable":true,"href":"https:\/\/uj.adatbank.ro\/lexikon\/wp-json\/wp\/v2\/product_brand?post=25088"},{"taxonomy":"product_cat","embeddable":true,"href":"https:\/\/uj.adatbank.ro\/lexikon\/wp-json\/wp\/v2\/product_cat?post=25088"},{"taxonomy":"product_tag","embeddable":true,"href":"https:\/\/uj.adatbank.ro\/lexikon\/wp-json\/wp\/v2\/product_tag?post=25088"}],"curies":[{"name":"wp","href":"https:\/\/api.w.org\/{rel}","templated":true}]}}

ZEYK János, zejkfalvi, id.

<p>Kutyfalva, 1786. jún. 26., † Mv., 1860. febr. 9., Kutyfalván temették: kutyfalvi birtokos, politikus, több vármegye táblabírája, író, dramaturg. – Felesége Teleki Krisztina (1803? – Mv., 1869. jan. 10., Erdőszentgyörgyön a családi sírboltba temették). Gyermekeik: Z. Sándor, felesége Szabó Anna; Gyula; László; Juliánna – Fekete Lajosné. – Tanult Kv.-on Tordán és Nagyenyeden. Udvarházuk volt közepes nagyságú belsőséget tartottak fenn Erdőszentgyörgyön (16. sz.-ból, amit lebontottak 1940-ben). Ebben az udvarházban született Kis János tábornok. Gazdatisztjük Jobbágy Károly volt, kinek fia a későbbi festőművész Túri Jobbágy Károly. Elsősorban szépíró. Költeményei, valamint regényes romantikus színműveit önálló kötetekben is kiadták. Neves kortársaihoz írt versei és cikkei különböző folyóiratokban jelentek meg: Hébe, Regélő, Honművész, Vasárnapi Újság, Kedveskedő, Nemzeti Társalkodó, Sokféle, Sas. Számos útleírás szerzője, amelyekben a polgári szabadság eszméiért lelkesedik. Bejárta a Nyugati-Kárpátokat, Hunyad- Krassó- és Temes megyéket. Kutyfalván népmesét jegyzett le román juhászától (1850). Őt tartják a legkorábbi román népmesegyűjtőnek. A nagyenyedi diáktársaság tagjaival együtt adta ki verseit a Virágkosár c. zsebkönyvben (1837). A kutyfalvi ref. egyháznak részben aranyozott ezüst kenyérosztó tányért adományozott közösen Mikó Klárával (1812). A Mv.-i Kaszinó alapítótagja (18 32).Önéletrajzát öregkorában írta. Megelevenednek benne enyedi tanulókora, kancellistasága és ifjú gazdaévei. –  <strong>F. m..:</strong> A nemes ember (költemény, h.n., é.n.); Az igaz érdembetsülés szavai (Bécs, 1819); Sóhajtás Herepei Ádám árnyékához (költ.; h. n., 1828); Z. J. munkáji, I–II. (Nagyenyed, 1832—33); Halotti beszédek Bethleni gr. Bethlen Rosalia felett [1832] (s.n., s.a); Nyelvészeti pör (Nagyenyed, 1838); Balduina, Libanoni Dryáshölgy (színmű; Kv., 1842); Z. J. színművei, 1–2. (Kv., 1842–43); Dékébál. Utolsó dák király&#8230; (színmű; Kv., 1843); <strong>antológ.:</strong> Bánsági utazás 1838-ban = Az utazás divatja (Buk., 1973). <br /><strong>– Irod.:</strong> Biás István; Datcu; Gyászjelentő; Kelemen Lajos 2009, Keresztes Gyula: Örökségünk 64.: Udvarházak Kisküküllő völgyében (Nú., 1994. okt. 1.); Küküllői Ref. Egyházm. 3.; Nagy BodóTibor. Korunk egyik legdíszesebb kastélya (Központ, 2016. márc.24–30.); Pálmay; Szinnyei; ÚMÉL, Az utazás divatja (Buk., 1973).</br></p>

<p>Kutyfalva, 1786. jún. 26., † Mv., 1860. febr. 9., Kutyfalván temették: kutyfalvi birtokos, politikus, több vármegye táblabírája, író, dramaturg. – Felesége Teleki Krisztina (1803? – Mv., 1869. jan. 10., Erdőszentgyörgyön a családi sírboltba temették). Gyermekeik: Z. Sándor, felesége Szabó Anna; Gyula; László; Juliánna – Fekete Lajosné. – Tanult Kv.-on Tordán és Nagyenyeden. Udvarházuk volt közepes [&hellip;]</p>
