{"id":25090,"date":"2025-08-01T18:32:39","date_gmt":"2025-08-01T16:32:39","guid":{"rendered":"https:\/\/uj.adatbank.ro\/lexikon\/termek\/zeyk-jozsef-zejkfalvi-br-2\/"},"modified":"2025-08-01T18:32:39","modified_gmt":"2025-08-01T16:32:39","slug":"zeyk-jozsef-zejkfalvi-br-2","status":"publish","type":"product","link":"https:\/\/uj.adatbank.ro\/lexikon\/termek\/zeyk-jozsef-zejkfalvi-br-2\/","title":{"rendered":"ZEYK J\u00f3zsef, zejkfalvi br."},"content":{"rendered":"<p>Kv., 1864. szept. 27., \u2020 S\u00e1romberke, 1901. aug. 7. aug. 18., temetve a s\u00e1romberki Teleki-kript\u00e1ba: cs. \u00e9s kir. kamar\u00e1s, a m. f\u0151rendih\u00e1z \u00f6r\u00f6k\u00f6s tagja, m. kir. honv\u00e9df\u0151hadnagy, a kv.-i ev. ref. egyh\u00e1zk\u00f6zs\u00e9g f\u0151gondnoka, b\u00e1r\u00f3i rangra emelkedett (1895. j\u00fan. 25.). \u2013 Az Afrika-kutat\u00f3 Teleki Samu \u00c1gnes nev\u0171 testv\u00e9r\u00e9nek fia. Feles\u00e9ge: baranyicskai br. J\u00f3sika Erzs\u00e9bet (1864\u20131935), esk\u00fcv\u0151 Kv., 1888. <br \/><strong>\u2013 Irod.:<\/strong> Gudenus; Nemes Gyula: A maross\u00e1rpataki Teleki kripta \u00e9rt\u00e9keit mentik (K\u00f6zpont, 2016. j\u00fan. 2\u20138.); S\u00e1romberke, 1319\u20131994 (S\u00e1romberke, 1994).<\/br><\/p>\n","protected":false},"excerpt":{"rendered":"<p>Kv., 1864. szept. 27., \u2020 S\u00e1romberke, 1901. aug. 7. aug. 18., temetve a s\u00e1romberki Teleki-kript\u00e1ba: cs. \u00e9s kir. kamar\u00e1s, a m. f\u0151rendih\u00e1z \u00f6r\u00f6k\u00f6s tagja, m. kir. honv\u00e9df\u0151hadnagy, a kv.-i ev. ref. egyh\u00e1zk\u00f6zs\u00e9g f\u0151gondnoka, b\u00e1r\u00f3i rangra emelkedett (1895. j\u00fan. 25.). \u2013 Az Afrika-kutat\u00f3 Teleki Samu \u00c1gnes nev\u0171 testv\u00e9r\u00e9nek fia. Feles\u00e9ge: baranyicskai br. J\u00f3sika Erzs\u00e9bet (1864\u20131935), esk\u00fcv\u0151 [&hellip;]<\/p>\n","protected":false},"featured_media":0,"comment_status":"open","ping_status":"closed","template":"","meta":[],"product_brand":[],"product_cat":[137],"product_tag":[],"class_list":{"0":"post-25090","1":"product","2":"type-product","3":"status-publish","5":"product_cat-maros-megyei-eletrajzi-lexikon","7":"first","8":"instock","9":"shipping-taxable","10":"product-type-simple"},"_links":{"self":[{"href":"https:\/\/uj.adatbank.ro\/lexikon\/wp-json\/wp\/v2\/product\/25090","targetHints":{"allow":["GET"]}}],"collection":[{"href":"https:\/\/uj.adatbank.ro\/lexikon\/wp-json\/wp\/v2\/product"}],"about":[{"href":"https:\/\/uj.adatbank.ro\/lexikon\/wp-json\/wp\/v2\/types\/product"}],"replies":[{"embeddable":true,"href":"https:\/\/uj.adatbank.ro\/lexikon\/wp-json\/wp\/v2\/comments?post=25090"}],"wp:attachment":[{"href":"https:\/\/uj.adatbank.ro\/lexikon\/wp-json\/wp\/v2\/media?parent=25090"}],"wp:term":[{"taxonomy":"product_brand","embeddable":true,"href":"https:\/\/uj.adatbank.ro\/lexikon\/wp-json\/wp\/v2\/product_brand?post=25090"},{"taxonomy":"product_cat","embeddable":true,"href":"https:\/\/uj.adatbank.ro\/lexikon\/wp-json\/wp\/v2\/product_cat?post=25090"},{"taxonomy":"product_tag","embeddable":true,"href":"https:\/\/uj.adatbank.ro\/lexikon\/wp-json\/wp\/v2\/product_tag?post=25090"}],"curies":[{"name":"wp","href":"https:\/\/api.w.org\/{rel}","templated":true}]}}

ZEYK József, zejkfalvi br.

<p>Kv., 1864. szept. 27., † Sáromberke, 1901. aug. 7. aug. 18., temetve a sáromberki Teleki-kriptába: cs. és kir. kamarás, a m. főrendiház örökös tagja, m. kir. honvédfőhadnagy, a kv.-i ev. ref. egyházközség főgondnoka, bárói rangra emelkedett (1895. jún. 25.). – Az Afrika-kutató Teleki Samu Ágnes nevű testvérének fia. Felesége: baranyicskai br. Jósika Erzsébet (1864–1935), esküvő Kv., 1888. <br /><strong>– Irod.:</strong> Gudenus; Nemes Gyula: A marossárpataki Teleki kripta értékeit mentik (Központ, 2016. jún. 2–8.); Sáromberke, 1319–1994 (Sáromberke, 1994).</br></p>

<p>Kv., 1864. szept. 27., † Sáromberke, 1901. aug. 7. aug. 18., temetve a sáromberki Teleki-kriptába: cs. és kir. kamarás, a m. főrendiház örökös tagja, m. kir. honvédfőhadnagy, a kv.-i ev. ref. egyházközség főgondnoka, bárói rangra emelkedett (1895. jún. 25.). – Az Afrika-kutató Teleki Samu Ágnes nevű testvérének fia. Felesége: baranyicskai br. Jósika Erzsébet (1864–1935), esküvő [&hellip;]</p>
