{"id":25091,"date":"2025-08-01T18:32:40","date_gmt":"2025-08-01T16:32:40","guid":{"rendered":"https:\/\/uj.adatbank.ro\/lexikon\/termek\/zeyk-karoly\/"},"modified":"2025-08-01T18:32:40","modified_gmt":"2025-08-01T16:32:40","slug":"zeyk-karoly","status":"publish","type":"product","link":"https:\/\/uj.adatbank.ro\/lexikon\/termek\/zeyk-karoly\/","title":{"rendered":"ZEYK K\u00e1roly"},"content":{"rendered":"<p>1811., \u2020\u00a0Nagyenyed, 1885. \u00e1pr. 23.: f\u0151isp\u00e1n, k\u00f6vet. \u2013 Testv\u00e9rei: Z. Johanna Zeyk Mikl\u00f3sn\u00e9; Z. Mikl\u00f3s; Z. Kata Borb\u00e9ly J\u00f3zsefn\u00e9; Feles\u00e9ge: magyargyer\u0151monostori br. Kem\u00e9ny Judit. Gyermekeik: Z. Linka \u2013 br. Kem\u00e9ny Gyul\u00e1n\u00e9; Z. K\u00e1roly; Z. D\u00e1niel; Z. K\u00e1lm\u00e1n. \u2013 El\u0151bb a mv.-i \u00edt\u00e9l\u0151t\u00e1bl\u00e1n k\u00e9s\u0151bb B\u00e9csben az ad\u00f3kancell\u00e1ri\u00e1n\u00e1l fogalmaz\u00f3. T\u00f6bb \u00edzben az erd\u00e9lyi ogy.-en k\u00f6vet (1837\u2013). A forradalomban a m. korm\u00e1ny bel\u00fcgyi oszt\u00e1lyf\u0151n\u00f6ke. A kiegyez\u00e9s ut\u00e1n Als\u00f3-Feh\u00e9r vm. f\u0151isp\u00e1nja volt (1875\u201385), \u0151t k\u00f6vette Kem\u00e9ny K\u00e1lm\u00e1n a f\u0151isp\u00e1ni sz\u00e9kben. Az erd\u00e9lyi ev. ref. egyh\u00e1zker\u00fclet \u00e1llamgondnoka, a nagyenyedi ref. Bethlen-f\u0151tanoda, a gyulafeh\u00e9rv\u00e1ri egyh\u00e1zmegye f\u0151gondnoka. <br \/><strong>\u2013 Irod.:<\/strong> Gy\u00e1szjelent\u0151; Mo. f\u0151isp\u00e1njai, P\u00e1lffy; Politikai Mo.<\/br><\/p>\n","protected":false},"excerpt":{"rendered":"<p>1811., \u2020\u00a0Nagyenyed, 1885. \u00e1pr. 23.: f\u0151isp\u00e1n, k\u00f6vet. \u2013 Testv\u00e9rei: Z. Johanna Zeyk Mikl\u00f3sn\u00e9; Z. Mikl\u00f3s; Z. Kata Borb\u00e9ly J\u00f3zsefn\u00e9; Feles\u00e9ge: magyargyer\u0151monostori br. Kem\u00e9ny Judit. Gyermekeik: Z. Linka \u2013 br. Kem\u00e9ny Gyul\u00e1n\u00e9; Z. K\u00e1roly; Z. D\u00e1niel; Z. K\u00e1lm\u00e1n. \u2013 El\u0151bb a mv.-i \u00edt\u00e9l\u0151t\u00e1bl\u00e1n k\u00e9s\u0151bb B\u00e9csben az ad\u00f3kancell\u00e1ri\u00e1n\u00e1l fogalmaz\u00f3. T\u00f6bb \u00edzben az erd\u00e9lyi ogy.-en k\u00f6vet (1837\u2013). A [&hellip;]<\/p>\n","protected":false},"featured_media":0,"comment_status":"open","ping_status":"closed","template":"","meta":[],"product_brand":[],"product_cat":[137],"product_tag":[],"class_list":{"0":"post-25091","1":"product","2":"type-product","3":"status-publish","5":"product_cat-maros-megyei-eletrajzi-lexikon","7":"first","8":"instock","9":"shipping-taxable","10":"product-type-simple"},"_links":{"self":[{"href":"https:\/\/uj.adatbank.ro\/lexikon\/wp-json\/wp\/v2\/product\/25091","targetHints":{"allow":["GET"]}}],"collection":[{"href":"https:\/\/uj.adatbank.ro\/lexikon\/wp-json\/wp\/v2\/product"}],"about":[{"href":"https:\/\/uj.adatbank.ro\/lexikon\/wp-json\/wp\/v2\/types\/product"}],"replies":[{"embeddable":true,"href":"https:\/\/uj.adatbank.ro\/lexikon\/wp-json\/wp\/v2\/comments?post=25091"}],"wp:attachment":[{"href":"https:\/\/uj.adatbank.ro\/lexikon\/wp-json\/wp\/v2\/media?parent=25091"}],"wp:term":[{"taxonomy":"product_brand","embeddable":true,"href":"https:\/\/uj.adatbank.ro\/lexikon\/wp-json\/wp\/v2\/product_brand?post=25091"},{"taxonomy":"product_cat","embeddable":true,"href":"https:\/\/uj.adatbank.ro\/lexikon\/wp-json\/wp\/v2\/product_cat?post=25091"},{"taxonomy":"product_tag","embeddable":true,"href":"https:\/\/uj.adatbank.ro\/lexikon\/wp-json\/wp\/v2\/product_tag?post=25091"}],"curies":[{"name":"wp","href":"https:\/\/api.w.org\/{rel}","templated":true}]}}

ZEYK Károly

<p>1811., † Nagyenyed, 1885. ápr. 23.: főispán, követ. – Testvérei: Z. Johanna Zeyk Miklósné; Z. Miklós; Z. Kata Borbély Józsefné; Felesége: magyargyerőmonostori br. Kemény Judit. Gyermekeik: Z. Linka – br. Kemény Gyuláné; Z. Károly; Z. Dániel; Z. Kálmán. – Előbb a mv.-i ítélőtáblán később Bécsben az adókancelláriánál fogalmazó. Több ízben az erdélyi ogy.-en követ (1837–). A forradalomban a m. kormány belügyi osztályfőnöke. A kiegyezés után Alsó-Fehér vm. főispánja volt (1875–85), őt követte Kemény Kálmán a főispáni székben. Az erdélyi ev. ref. egyházkerület államgondnoka, a nagyenyedi ref. Bethlen-főtanoda, a gyulafehérvári egyházmegye főgondnoka. <br /><strong>– Irod.:</strong> Gyászjelentő; Mo. főispánjai, Pálffy; Politikai Mo.</br></p>

<p>1811., † Nagyenyed, 1885. ápr. 23.: főispán, követ. – Testvérei: Z. Johanna Zeyk Miklósné; Z. Miklós; Z. Kata Borbély Józsefné; Felesége: magyargyerőmonostori br. Kemény Judit. Gyermekeik: Z. Linka – br. Kemény Gyuláné; Z. Károly; Z. Dániel; Z. Kálmán. – Előbb a mv.-i ítélőtáblán később Bécsben az adókancelláriánál fogalmazó. Több ízben az erdélyi ogy.-en követ (1837–). A [&hellip;]</p>
