{"id":25094,"date":"2025-08-01T18:32:49","date_gmt":"2025-08-01T16:32:49","guid":{"rendered":"https:\/\/uj.adatbank.ro\/lexikon\/termek\/zeyk-laszlo-zeykfalvi\/"},"modified":"2025-08-01T18:32:49","modified_gmt":"2025-08-01T16:32:49","slug":"zeyk-laszlo-zeykfalvi","status":"publish","type":"product","link":"https:\/\/uj.adatbank.ro\/lexikon\/termek\/zeyk-laszlo-zeykfalvi\/","title":{"rendered":"ZEYK L\u00e1szl\u00f3, zeykfalvi"},"content":{"rendered":"<p>1809? \u2020\u00a0Dics\u0151szentm\u00e1rton, 1892. jan. 23.: tisztvisel\u0151, honv\u00e9dsz\u00e1zados. \u2013 Feles\u00e9ge: kiss\u00e1rosi Sinai Karolina. Le\u00e1nya Z. Katalin szentkatolnai Elekes Mih\u00e1lyn\u00e9; Z. Ilka; Z. Lenke T\u00f6r\u00f6k Albertn\u00e9. \u2013 1848\u201349-ben honv\u00e9dsz\u00e1zados. \u2013  <strong>F. m..:<\/strong> Sz\u00edve ki\u00f6ml\u00e9se a\u2019 Maros V\u00e1s\u00e1rhelyi Ref. Koll\u00e9gyomb\u00e9li ifi\u00fas\u00e1g\u00e1nak egy kedves attya hal\u00e1l\u00e1n [Gr. Kem\u00e9ny Mikl\u00f3s]. (Mv., 1829). <br \/><strong>\u2013 Irod.:<\/strong> F\u00fcl\u00f6p\u2013Ferencz Kisk\u00fck\u00fcll\u0151 megye \u00e1rvasz\u00e9ki eln\u00f6ke. <br \/><strong>\u2013 Irod.:<\/strong> Erd\u00e9lyi unit. 1848\u201349; F\u00fcl\u00f6p\u2013Ferencz; Gy\u00e1szjelent\u0151.<\/br><\/p>\n","protected":false},"excerpt":{"rendered":"<p>1809? \u2020\u00a0Dics\u0151szentm\u00e1rton, 1892. jan. 23.: tisztvisel\u0151, honv\u00e9dsz\u00e1zados. \u2013 Feles\u00e9ge: kiss\u00e1rosi Sinai Karolina. Le\u00e1nya Z. Katalin szentkatolnai Elekes Mih\u00e1lyn\u00e9; Z. Ilka; Z. Lenke T\u00f6r\u00f6k Albertn\u00e9. \u2013 1848\u201349-ben honv\u00e9dsz\u00e1zados. \u2013 F. m..: Sz\u00edve ki\u00f6ml\u00e9se a\u2019 Maros V\u00e1s\u00e1rhelyi Ref. Koll\u00e9gyomb\u00e9li ifi\u00fas\u00e1g\u00e1nak egy kedves attya hal\u00e1l\u00e1n [Gr. Kem\u00e9ny Mikl\u00f3s]. (Mv., 1829). \u2013 Irod.: F\u00fcl\u00f6p\u2013Ferencz Kisk\u00fck\u00fcll\u0151 megye \u00e1rvasz\u00e9ki eln\u00f6ke. \u2013 [&hellip;]<\/p>\n","protected":false},"featured_media":0,"comment_status":"open","ping_status":"closed","template":"","meta":[],"product_brand":[],"product_cat":[137],"product_tag":[],"class_list":{"0":"post-25094","1":"product","2":"type-product","3":"status-publish","5":"product_cat-maros-megyei-eletrajzi-lexikon","7":"first","8":"instock","9":"shipping-taxable","10":"product-type-simple"},"_links":{"self":[{"href":"https:\/\/uj.adatbank.ro\/lexikon\/wp-json\/wp\/v2\/product\/25094","targetHints":{"allow":["GET"]}}],"collection":[{"href":"https:\/\/uj.adatbank.ro\/lexikon\/wp-json\/wp\/v2\/product"}],"about":[{"href":"https:\/\/uj.adatbank.ro\/lexikon\/wp-json\/wp\/v2\/types\/product"}],"replies":[{"embeddable":true,"href":"https:\/\/uj.adatbank.ro\/lexikon\/wp-json\/wp\/v2\/comments?post=25094"}],"wp:attachment":[{"href":"https:\/\/uj.adatbank.ro\/lexikon\/wp-json\/wp\/v2\/media?parent=25094"}],"wp:term":[{"taxonomy":"product_brand","embeddable":true,"href":"https:\/\/uj.adatbank.ro\/lexikon\/wp-json\/wp\/v2\/product_brand?post=25094"},{"taxonomy":"product_cat","embeddable":true,"href":"https:\/\/uj.adatbank.ro\/lexikon\/wp-json\/wp\/v2\/product_cat?post=25094"},{"taxonomy":"product_tag","embeddable":true,"href":"https:\/\/uj.adatbank.ro\/lexikon\/wp-json\/wp\/v2\/product_tag?post=25094"}],"curies":[{"name":"wp","href":"https:\/\/api.w.org\/{rel}","templated":true}]}}