{"id":25097,"date":"2025-08-01T18:32:56","date_gmt":"2025-08-01T16:32:56","guid":{"rendered":"https:\/\/uj.adatbank.ro\/lexikon\/termek\/zeyk-sandor-zejkfalvi\/"},"modified":"2025-08-01T18:32:56","modified_gmt":"2025-08-01T16:32:56","slug":"zeyk-sandor-zejkfalvi","status":"publish","type":"product","link":"https:\/\/uj.adatbank.ro\/lexikon\/termek\/zeyk-sandor-zejkfalvi\/","title":{"rendered":"ZEYK S\u00e1ndor, zejkfalvi"},"content":{"rendered":"<p>Mv., 1825. febr. 7., \u2020\u00a0?: erd\u0151szentgy\u00f6rgyi f\u00f6ldbirtokos. \u2013 Sz\u00fclei: Z. J\u00e1nos \u00e9s Teleki Krisztina. Gyermekei Z. J\u00e1nos \u00e9s Istv\u00e1n. \u2013 Tanult Marburgban term\u00e9szettudom\u00e1nyokat, majd Berlinben (1845). Hazat\u00e9rt (1846). Erd\u0151szentgy\u00f6rgy\u00f6n lakott. Az \u0151 k\u00fari\u00e1j\u00e1n aludt egy \u00e9jjel Pet\u0151fi, \u00e9s ott volt menek\u00fcl\u0151 helye sok bujdos\u00f3 lengyelnek. Nagy t\u00e1rsas\u00e1gi \u00e9letet \u00e9lt, sz\u00edvesen l\u00e1tta a k\u00f6rny\u00e9k f\u00f6ldesurait. <br \/><strong>\u2013 Irod.:<\/strong> P\u00e1lffy Gyula: R\u00e9gi id\u0151kb\u0151l (Mv., 1915), Szab\u00f3\u2013Sz\u00f6gi.<\/br><\/p>\n","protected":false},"excerpt":{"rendered":"<p>Mv., 1825. febr. 7., \u2020\u00a0?: erd\u0151szentgy\u00f6rgyi f\u00f6ldbirtokos. \u2013 Sz\u00fclei: Z. J\u00e1nos \u00e9s Teleki Krisztina. Gyermekei Z. J\u00e1nos \u00e9s Istv\u00e1n. \u2013 Tanult Marburgban term\u00e9szettudom\u00e1nyokat, majd Berlinben (1845). Hazat\u00e9rt (1846). Erd\u0151szentgy\u00f6rgy\u00f6n lakott. Az \u0151 k\u00fari\u00e1j\u00e1n aludt egy \u00e9jjel Pet\u0151fi, \u00e9s ott volt menek\u00fcl\u0151 helye sok bujdos\u00f3 lengyelnek. Nagy t\u00e1rsas\u00e1gi \u00e9letet \u00e9lt, sz\u00edvesen l\u00e1tta a k\u00f6rny\u00e9k f\u00f6ldesurait. \u2013 [&hellip;]<\/p>\n","protected":false},"featured_media":0,"comment_status":"open","ping_status":"closed","template":"","meta":[],"product_brand":[],"product_cat":[137],"product_tag":[],"class_list":{"0":"post-25097","1":"product","2":"type-product","3":"status-publish","5":"product_cat-maros-megyei-eletrajzi-lexikon","7":"first","8":"instock","9":"shipping-taxable","10":"product-type-simple"},"_links":{"self":[{"href":"https:\/\/uj.adatbank.ro\/lexikon\/wp-json\/wp\/v2\/product\/25097","targetHints":{"allow":["GET"]}}],"collection":[{"href":"https:\/\/uj.adatbank.ro\/lexikon\/wp-json\/wp\/v2\/product"}],"about":[{"href":"https:\/\/uj.adatbank.ro\/lexikon\/wp-json\/wp\/v2\/types\/product"}],"replies":[{"embeddable":true,"href":"https:\/\/uj.adatbank.ro\/lexikon\/wp-json\/wp\/v2\/comments?post=25097"}],"wp:attachment":[{"href":"https:\/\/uj.adatbank.ro\/lexikon\/wp-json\/wp\/v2\/media?parent=25097"}],"wp:term":[{"taxonomy":"product_brand","embeddable":true,"href":"https:\/\/uj.adatbank.ro\/lexikon\/wp-json\/wp\/v2\/product_brand?post=25097"},{"taxonomy":"product_cat","embeddable":true,"href":"https:\/\/uj.adatbank.ro\/lexikon\/wp-json\/wp\/v2\/product_cat?post=25097"},{"taxonomy":"product_tag","embeddable":true,"href":"https:\/\/uj.adatbank.ro\/lexikon\/wp-json\/wp\/v2\/product_tag?post=25097"}],"curies":[{"name":"wp","href":"https:\/\/api.w.org\/{rel}","templated":true}]}}