{"id":25098,"date":"2025-08-01T18:32:58","date_gmt":"2025-08-01T16:32:58","guid":{"rendered":"https:\/\/uj.adatbank.ro\/lexikon\/termek\/zeyk-sarolta-zeykfalvi-orban-gyorgyne\/"},"modified":"2025-08-01T18:32:58","modified_gmt":"2025-08-01T16:32:58","slug":"zeyk-sarolta-zeykfalvi-orban-gyorgyne","status":"publish","type":"product","link":"https:\/\/uj.adatbank.ro\/lexikon\/termek\/zeyk-sarolta-zeykfalvi-orban-gyorgyne\/","title":{"rendered":"ZEYK Sarolta, zeykfalvi, Orb\u00e1n Gy\u00f6rgyn\u00e9"},"content":{"rendered":"<p>Ny\u00e1r\u00e1dszentbenedek, 1864, \u2020 Mez\u0151madaras, 1924. \u2013 F\u00e9rje: Orb\u00e1n Gy\u00f6rgy. Fi\u00fak: K\u00e1roly (1888\u20131958). \u2013 Kor\u00e1n \u00e1rv\u00e1n maradt, nagyb\u00e1tyja, Zeyk J\u00f3zsef neveltette, aki Kossuthtal egy\u00fctt T\u00f6r\u00f6ko.-ba menek\u00fclt. Sarolta \u00edgy sok orsz\u00e1gban megfordult, h\u00e9t nyelven besz\u00e9lt, j\u00f3l \u00e9nekelt, zongor\u00e1zott \u00e9s sokf\u00e9le sportot \u0171z\u00f6tt. Nagyb\u00e1tyj\u00e1val egy\u00fctt tisztelg\u0151 l\u00e1togat\u00e1son vett r\u00e9szt Turinban\/Torin\u00f3ban Kossuth Lajosn\u00e1l (1884), aki t\u00f6bb egy\u00fcttl\u00e9t\u00fck alatt beleszeretett a l\u00e1nyba. Ett\u0151l kezdve Kossuth eszm\u00e9nyi levelez\u00e9st folytatott vele, ezek a levelek Kossuth utols\u00f3 \u00e9veinek napl\u00f3jak\u00e9nt \u00e9rt\u00e9kelhet\u0151k. A leveleket meg\u0151rizte \u00e9s a M. Nemzeti M\u00fazeumnak adta (1918). A neki c\u00edmzett Kossuth leveleket az Agg Kossuth \u00e9s Napsug\u00e1r c. k\u00f6tet k\u00f6zli (?). Visszat\u00e9rt Erd\u00e9lybe \u00e9s f\u00e9rjhez ment Orb\u00e1n Gy\u00f6rgyh\u00f6z, fiuk Orb\u00e1n K\u00e1roly, aki m\u00e1rt\u00edrhal\u00e1lt halt. Mez\u0151madarason, az egykori Bethlen-k\u00fari\u00e1ban \u00e9ltek. Balesetben halt meg. <br \/><strong>\u2013 Irod.:<\/strong> Keresztes Gyula: Kast\u00e9lyaink 13.: A mez\u0151madarasi k\u00faria (N\u00fa., 1992. j\u00fal. 4.); M\u00e1th\u00e9 \u00c9va: A szobor f\u00f6ls\u00edr \u2013 l\u00e1togat\u00f3ban Kossuth id\u0151skori szerelm\u00e9nek d\u00e9dunok\u00e1j\u00e1n\u00e1l (V\u00e1s\u00e1rhelyi H\u00edrlap, 2008. jan. 10.); Mez\u0151madaras; Sepsisz\u00e9ki.<\/br><\/p>\n","protected":false},"excerpt":{"rendered":"<p>Ny\u00e1r\u00e1dszentbenedek, 1864, \u2020 Mez\u0151madaras, 1924. \u2013 F\u00e9rje: Orb\u00e1n Gy\u00f6rgy. Fi\u00fak: K\u00e1roly (1888\u20131958). \u2013 Kor\u00e1n \u00e1rv\u00e1n maradt, nagyb\u00e1tyja, Zeyk J\u00f3zsef neveltette, aki Kossuthtal egy\u00fctt T\u00f6r\u00f6ko.-ba menek\u00fclt. Sarolta \u00edgy sok orsz\u00e1gban megfordult, h\u00e9t nyelven besz\u00e9lt, j\u00f3l \u00e9nekelt, zongor\u00e1zott \u00e9s sokf\u00e9le sportot \u0171z\u00f6tt. Nagyb\u00e1tyj\u00e1val egy\u00fctt tisztelg\u0151 l\u00e1togat\u00e1son vett r\u00e9szt Turinban\/Torin\u00f3ban Kossuth Lajosn\u00e1l (1884), aki t\u00f6bb egy\u00fcttl\u00e9t\u00fck alatt beleszeretett [&hellip;]<\/p>\n","protected":false},"featured_media":0,"comment_status":"open","ping_status":"closed","template":"","meta":[],"product_brand":[],"product_cat":[137],"product_tag":[],"class_list":{"0":"post-25098","1":"product","2":"type-product","3":"status-publish","5":"product_cat-maros-megyei-eletrajzi-lexikon","7":"first","8":"instock","9":"shipping-taxable","10":"product-type-simple"},"_links":{"self":[{"href":"https:\/\/uj.adatbank.ro\/lexikon\/wp-json\/wp\/v2\/product\/25098","targetHints":{"allow":["GET"]}}],"collection":[{"href":"https:\/\/uj.adatbank.ro\/lexikon\/wp-json\/wp\/v2\/product"}],"about":[{"href":"https:\/\/uj.adatbank.ro\/lexikon\/wp-json\/wp\/v2\/types\/product"}],"replies":[{"embeddable":true,"href":"https:\/\/uj.adatbank.ro\/lexikon\/wp-json\/wp\/v2\/comments?post=25098"}],"wp:attachment":[{"href":"https:\/\/uj.adatbank.ro\/lexikon\/wp-json\/wp\/v2\/media?parent=25098"}],"wp:term":[{"taxonomy":"product_brand","embeddable":true,"href":"https:\/\/uj.adatbank.ro\/lexikon\/wp-json\/wp\/v2\/product_brand?post=25098"},{"taxonomy":"product_cat","embeddable":true,"href":"https:\/\/uj.adatbank.ro\/lexikon\/wp-json\/wp\/v2\/product_cat?post=25098"},{"taxonomy":"product_tag","embeddable":true,"href":"https:\/\/uj.adatbank.ro\/lexikon\/wp-json\/wp\/v2\/product_tag?post=25098"}],"curies":[{"name":"wp","href":"https:\/\/api.w.org\/{rel}","templated":true}]}}

ZEYK Sarolta, zeykfalvi, Orbán Györgyné

<p>Nyárádszentbenedek, 1864, † Mezőmadaras, 1924. – Férje: Orbán György. Fiúk: Károly (1888–1958). – Korán árván maradt, nagybátyja, Zeyk József neveltette, aki Kossuthtal együtt Töröko.-ba menekült. Sarolta így sok országban megfordult, hét nyelven beszélt, jól énekelt, zongorázott és sokféle sportot űzött. Nagybátyjával együtt tisztelgő látogatáson vett részt Turinban/Torinóban Kossuth Lajosnál (1884), aki több együttlétük alatt beleszeretett a lányba. Ettől kezdve Kossuth eszményi levelezést folytatott vele, ezek a levelek Kossuth utolsó éveinek naplójaként értékelhetők. A leveleket megőrizte és a M. Nemzeti Múzeumnak adta (1918). A neki címzett Kossuth leveleket az Agg Kossuth és Napsugár c. kötet közli (?). Visszatért Erdélybe és férjhez ment Orbán Györgyhöz, fiuk Orbán Károly, aki mártírhalált halt. Mezőmadarason, az egykori Bethlen-kúriában éltek. Balesetben halt meg. <br /><strong>– Irod.:</strong> Keresztes Gyula: Kastélyaink 13.: A mezőmadarasi kúria (Nú., 1992. júl. 4.); Máthé Éva: A szobor fölsír – látogatóban Kossuth időskori szerelmének dédunokájánál (Vásárhelyi Hírlap, 2008. jan. 10.); Mezőmadaras; Sepsiszéki.</br></p>

<p>Nyárádszentbenedek, 1864, † Mezőmadaras, 1924. – Férje: Orbán György. Fiúk: Károly (1888–1958). – Korán árván maradt, nagybátyja, Zeyk József neveltette, aki Kossuthtal együtt Töröko.-ba menekült. Sarolta így sok országban megfordult, hét nyelven beszélt, jól énekelt, zongorázott és sokféle sportot űzött. Nagybátyjával együtt tisztelgő látogatáson vett részt Turinban/Torinóban Kossuth Lajosnál (1884), aki több együttlétük alatt beleszeretett [&hellip;]</p>
